CREATE TABLE `tabela_atividade` (
  `id` int(11) NOT NULL AUTO_INCREMENT,
  `descricao` varchar(50) NOT NULL,
  `ativo` int(11) NOT NULL,
  PRIMARY KEY (`id`)
) ENGINE=InnoDB AUTO_INCREMENT=5 DEFAULT CHARSET=utf8mb4;

 INSERT INTO tabela_atividade VALUES('1','Listar','1');

 INSERT INTO tabela_atividade VALUES('2','Cadastrar','1');

 INSERT INTO tabela_atividade VALUES('3','Editar','1');

 INSERT INTO tabela_atividade VALUES('4','Excluir','1');

CREATE TABLE `tabela_autorizado` (
  `id` int(11) NOT NULL AUTO_INCREMENT,
  `cliente` int(11) NOT NULL,
  `nome` varchar(100) NOT NULL,
  `cpf` varchar(14) NOT NULL,
  `rg` varchar(12) NOT NULL,
  `dataNascimento` date NOT NULL,
  `telefone` text NOT NULL,
  `autorizadoExcepcional` tinyint(4) NOT NULL,
  `observacoes` text NOT NULL,
  `ativo` tinyint(4) NOT NULL,
  PRIMARY KEY (`id`)
) ENGINE=InnoDB AUTO_INCREMENT=145 DEFAULT CHARSET=utf8mb4;

 INSERT INTO tabela_autorizado VALUES('1','1','LAÍDE GAMA ','','','0000-00-00','2542-1556','0','','1');

 INSERT INTO tabela_autorizado VALUES('2','1','VERA LUCIA GAMA MAYER','','','0000-00-00','(22) 99263-1002','0','','1');

 INSERT INTO tabela_autorizado VALUES('3','2','CECILIA CLAUDIA FROSSARD','','','0000-00-00','22 998829399','0','','1');

 INSERT INTO tabela_autorizado VALUES('4','3','MARIA DE LURDES BUSSINGER DA SILVEIRA','','','0000-00-00','','0','','1');

 INSERT INTO tabela_autorizado VALUES('5','3','CARLOS ALBERTO ','','','0000-00-00','(22) 99816-4146','0','','1');

 INSERT INTO tabela_autorizado VALUES('6','4','MATHEUS CONSTANTINO','','','0000-00-00','22 9998-74919','0','','1');

 INSERT INTO tabela_autorizado VALUES('7','6','LUIZ GONZAGA SANA ','','','0000-00-00','(22) 99860-9622','0','','1');

 INSERT INTO tabela_autorizado VALUES('8','8','CARLOS MAGNO (MAGUINHO FUNCIONÁRIO) ','','','0000-00-00','(22)998027546','0','FILHO','1');

 INSERT INTO tabela_autorizado VALUES('9','7','MARGARETH BARROS MINEIRO','','','0000-00-00','(21) 98997-8436','0','','1');

 INSERT INTO tabela_autorizado VALUES('10','9','SELMA MELLO','','','0000-00-00','(22) 25232026','0','','1');

 INSERT INTO tabela_autorizado VALUES('11','10','JILCILEIA DAS GRAÇAS MAYER ','','','0000-00-00','','0','','1');

 INSERT INTO tabela_autorizado VALUES('12','10','CLARA MARGARETH MAYER ','','','0000-00-00','','0','','1');

 INSERT INTO tabela_autorizado VALUES('13','11','CARLOS ALBERTO KNUPP','','','0000-00-00','(22) 996013094','0','','1');

 INSERT INTO tabela_autorizado VALUES('14','12','WANDO DO REGO CABRAL ','','','0000-00-00','(22) 99882-3737','0','','1');

 INSERT INTO tabela_autorizado VALUES('15','13','SILVIO RODRIGUES','','','0000-00-00','(22) 99962-7817','0','','1');

 INSERT INTO tabela_autorizado VALUES('16','14','JOSÉ OSMAIR BUSSINGER ','','','0000-00-00','(22) 99269-6995','0','','1');

 INSERT INTO tabela_autorizado VALUES('17','15','CARLOS SCHUMACKER MAFORT ','','','0000-00-00','(22) 99816-2338
2528-1246','0','','1');

 INSERT INTO tabela_autorizado VALUES('18','15','ARLETE SCHUMACKER MAFORT ','','','0000-00-00','(22) 99843-7620 ','0','','1');

 INSERT INTO tabela_autorizado VALUES('19','15','GILMAR SCHUMACKER MAFORT ','','','0000-00-00','(22) 96497-7119','0','','1');

 INSERT INTO tabela_autorizado VALUES('20','15','MARCOS SCHUMACKER MAFORT (','','','0000-00-00','(22) 98157-8591','0','','1');

 INSERT INTO tabela_autorizado VALUES('21','16','MARIA CACILDA SCHIMIDT VEIGA','','','0000-00-00','(22) 99903-8833/25269502','0','','1');

 INSERT INTO tabela_autorizado VALUES('22','17','DORVALINO BERNARDO DA SILVEIRA','','','0000-00-00','(22) 99709-7808','0','','1');

 INSERT INTO tabela_autorizado VALUES('23','18','MARIA LUCIA CABRAL ','015.893.567-56','04.233.661-0','1953-09-25','(22) 2542-1105','0','','1');

 INSERT INTO tabela_autorizado VALUES('24','20','JESSICA FAGUNDES DA SILVA','','','0000-00-00','','0','','1');

 INSERT INTO tabela_autorizado VALUES('25','19','JEFFERSOM ALVES GRIPP ','','','0000-00-00','(22) 98115-3883','0','','1');

 INSERT INTO tabela_autorizado VALUES('26','19','LEONARDO ALVES GRIPP ','','','0000-00-00','(22) 99832-7634','0','','1');

 INSERT INTO tabela_autorizado VALUES('27','19','MARLEVE ALVES GRIPP','','','0000-00-00','(22) 99887-4445','0','','1');

 INSERT INTO tabela_autorizado VALUES('28','22','ANA LUIZA DE CASTRO BRANCO ','','','0000-00-00','(22) 99928-3492','0','','1');

 INSERT INTO tabela_autorizado VALUES('29','23','MARIA IRANI KLEN','','','0000-00-00','','0','','1');

 INSERT INTO tabela_autorizado VALUES('30','24','JOSIANE SILVEIRA TARDEM','086.842.457-92','','0000-00-00','(22) 99231-5747','0','','1');

 INSERT INTO tabela_autorizado VALUES('31','25','MARGARIDA GRIPP LOPES','','','0000-00-00','(22) 2521-4969 / (22) 2521-7892','0','','1');

 INSERT INTO tabela_autorizado VALUES('32','26','WALLACE BOM JUNIOR ','','','0000-00-00','(22) 99962-2933','0','','1');

 INSERT INTO tabela_autorizado VALUES('33','27','ANA PATRICIA DE JESUS TOBIAS','','','0000-00-00','(22) 99957-8486','0','','1');

 INSERT INTO tabela_autorizado VALUES('34','27','ALESSANDRA PERIRA DOS SANTOS','','','0000-00-00','(22) 99901-8181','0','','1');

 INSERT INTO tabela_autorizado VALUES('35','27','ANGELICA PEREIRA DOS SANTOS','','','0000-00-00','(22) 99257-7375','0','','1');

 INSERT INTO tabela_autorizado VALUES('36','28','VALTER OUVERNEY ','','','0000-00-00','(22) 99861-2770 ','0','','1');

 INSERT INTO tabela_autorizado VALUES('37','29','CLEITON BRUST','','','0000-00-00','(22) 992684157','0','','1');

 INSERT INTO tabela_autorizado VALUES('38','30','WILIAN SAMPAIO MAYER','','','0000-00-00','(22) 98134-1308','0','','1');

 INSERT INTO tabela_autorizado VALUES('39','31','KATIA GRIPP VASCONCELLOS BATISTA ','','','0000-00-00','(22) 99616-8055
(22) 2523-8569 ','0','','1');

 INSERT INTO tabela_autorizado VALUES('40','31','IZABEL CRISTINA GRIPP DE VASCONCELLOS ','','','0000-00-00','(22) 99976-4048','0','','1');

 INSERT INTO tabela_autorizado VALUES('41','31','AUGUSTO PINTO DE VASCONCELLOS FILHO ','','','0000-00-00','','0','','1');

 INSERT INTO tabela_autorizado VALUES('42','32','RAFAELA FERMANO MARCHON','','','0000-00-00','(22) 99291-2654','0','','1');

 INSERT INTO tabela_autorizado VALUES('43','33','CAROLINE MARCHON ','','','0000-00-00','(22) 99221-9681 ','0','','1');

 INSERT INTO tabela_autorizado VALUES('44','33','ALICE MARCHON NUNES ','','','0000-00-00','(22) 99286-2665','0','','1');

 INSERT INTO tabela_autorizado VALUES('45','34','LUAN GUERREIRO DOS SANTOS','','','0000-00-00','(22) 99721-3705','0','','1');

 INSERT INTO tabela_autorizado VALUES('46','36','RENATO ANTÔNIO BUSSINGER','','','0000-00-00','(22) 99888-5177','0','','1');

 INSERT INTO tabela_autorizado VALUES('47','2','MAURO JORGE FROSSARD','038.846.457-73','10.444.363-5','0000-00-00','(22) 998904401','1','FILHO','1');

 INSERT INTO tabela_autorizado VALUES('48','35','CLAUDINEI BRUST','','','0000-00-00','(22) 99225-1033','0','','1');

 INSERT INTO tabela_autorizado VALUES('49','37','WANDERLEY DA SILVA','','','0000-00-00','(22) 9880-16603 / 98816-5769','0','','1');

 INSERT INTO tabela_autorizado VALUES('50','38','MARIA LUCIA CABRAL','','','0000-00-00','(22) 2542-1105 / 2542-2139','0','','1');

 INSERT INTO tabela_autorizado VALUES('51','39','PIERRE KNUPP','','','0000-00-00','(22) 99202-8909','0','','1');

 INSERT INTO tabela_autorizado VALUES('52','41','MARCIO ERNANDE GRIPP','','','0000-00-00','(22) 99957-1198','0','','1');

 INSERT INTO tabela_autorizado VALUES('53','42','NILDA CÂNDIDA HORST KLEIN','','','0000-00-00','(22) 99812-4161','0','','1');

 INSERT INTO tabela_autorizado VALUES('54','42','EBSON PABLO HORSTH KLEIN ','','','0000-00-00','(22) 99821-8052 / (22) 99214-4308','0','','1');

 INSERT INTO tabela_autorizado VALUES('55','43','EDNEIA DE LURDES RODRIGUES MENDONÇA','','','0000-00-00','(22) 998292-6888','0','','1');

 INSERT INTO tabela_autorizado VALUES('56','44','DAVID BARROSO BOHER','','','1992-03-17','(22) 99728-6488','0','','1');

 INSERT INTO tabela_autorizado VALUES('57','45','SILVIA  HELENA CONSTATINO DE OLIVEIRA ','','','0000-00-00','(22) 2542-9801 / 99613-4971','0','','1');

 INSERT INTO tabela_autorizado VALUES('58','46','ANGELO','','','0000-00-00','(22) 99772-2025','0','','1');

 INSERT INTO tabela_autorizado VALUES('59','46','CELINA FREIMAN','','','0000-00-00','','0','','1');

 INSERT INTO tabela_autorizado VALUES('60','47','SANDRA DOS SANTOS RAMOS','','','0000-00-00','(22) 99239-2675','0','','1');

 INSERT INTO tabela_autorizado VALUES('61','48','PATRICIA BRANCO','','','0000-00-00','','0','','1');

 INSERT INTO tabela_autorizado VALUES('62','48','JAILSOM BERNARDO DA SILVEIRA','','','0000-00-00','','0','','1');

 INSERT INTO tabela_autorizado VALUES('63','49','MARIA HELENA DORNELLAS DE SOUZA','','','0000-00-00','(22) 2519-3546 / 99912-4174','0','','1');

 INSERT INTO tabela_autorizado VALUES('64','20','WAGNER MENDONÇA DA SILVA','096.431.777-00','','0000-00-00','(22) 99255-6728','1','IRMÃO DO FINADO','1');

 INSERT INTO tabela_autorizado VALUES('65','45','DANIELA APARECIDA THER OUVERNEY','057.197.687-50','12.484.037-2','0000-00-00','(22) 99817-7260','1','','1');

 INSERT INTO tabela_autorizado VALUES('66','34','ALLAN GUERREIRO DOS SANTOS','123.447.067-55','21.980.158-6','0000-00-00','(22) 981485890','1','','1');

 INSERT INTO tabela_autorizado VALUES('67','50','MARIA CLAUDETE TEODORO RODRIGUES','','','0000-00-00','(22) 99905-7699','0','','1');

 INSERT INTO tabela_autorizado VALUES('68','51','LEA RAQUEL AZEVEDO','','','0000-00-00','(22) 2526-4101','0','','1');

 INSERT INTO tabela_autorizado VALUES('69','52','TANIA GONÇALVES DOS SANTOS LEAL','','','0000-00-00','(22) 99290-5694','0','','1');

 INSERT INTO tabela_autorizado VALUES('70','53','ELISABETE PACHECO DA SILVA','','','0000-00-00','(22) 2542-2308 / 99904-9241','0','','1');

 INSERT INTO tabela_autorizado VALUES('71','53','TATIANE PACHECO','','','0000-00-00','(22) 98823-2232','0','','1');

 INSERT INTO tabela_autorizado VALUES('72','53','ELISIANE PACHECO','','','0000-00-00','(22) 98124-6080','0','','1');

 INSERT INTO tabela_autorizado VALUES('73','53','AUGUSTA DAS GRAÇAS','','','0000-00-00','(22) 981088505 (Mãe)
','0','','1');

 INSERT INTO tabela_autorizado VALUES('74','54','GILBERTO MANOEL MAYER MIRANDA','','','0000-00-00','(22) 99729-9350','0','','1');

 INSERT INTO tabela_autorizado VALUES('75','55','ESTELA SILVANA BAZZICHI','','','0000-00-00','(22) 99857-9135','0','','1');

 INSERT INTO tabela_autorizado VALUES('76','56','MARLENE DEOLIVEIRA SANTOS','','','0000-00-00','(22) 99246-8355','0','','1');

 INSERT INTO tabela_autorizado VALUES('77','57','VANUSA PEREIRA DOS SANTOS','','','0000-00-00','(22) 99786-8761','0','','1');

 INSERT INTO tabela_autorizado VALUES('78','58','MARIA TEREZINHA SARDINHA MOAES','','','0000-00-00','(22) 2519-4254','0','','1');

 INSERT INTO tabela_autorizado VALUES('79','59','WILIAN CLAUDIO PINTO','','','0000-00-00','(22) 997476898','0','','1');

 INSERT INTO tabela_autorizado VALUES('80','60','PEDRO INACIO','','','0000-00-00','(22) 2519-4368','0','','1');

 INSERT INTO tabela_autorizado VALUES('81','60','RICARDO MARTINS','','','0000-00-00','','0','','1');

 INSERT INTO tabela_autorizado VALUES('82','61','JOSÉ CARLOS PEREIRA DOS SANTOS','','','0000-00-00','(22) 2519-4156 / 98842-7594','0','','1');

 INSERT INTO tabela_autorizado VALUES('83','62','LAIS MOREIRA CAVALCANTE','','','0000-00-00','(22) 99921-8852','0','','1');

 INSERT INTO tabela_autorizado VALUES('84','63','MARIA SIMONE BUSSINGER','029.626.437-79','','0000-00-00','2299758-1470','0','','1');

 INSERT INTO tabela_autorizado VALUES('85','64','JACIRA GONÇALVES DOS SANTOS','','','0000-00-00','(22) 99101-0732','0','','1');

 INSERT INTO tabela_autorizado VALUES('86','65','THEREZINHA DA SILVEIRA TARDEM','','','0000-00-00','(22) 2519-4325','0','','1');

 INSERT INTO tabela_autorizado VALUES('87','66','PAULO CEZAR GRIPP','','','0000-00-00','(22) 2542-2665','0','','1');

 INSERT INTO tabela_autorizado VALUES('88','67','TANIA ROBERTA MIZERET','','','0000-00-00','(22) 99618-5705','0','','1');

 INSERT INTO tabela_autorizado VALUES('89','67','MARIA CLARA VITÓRIA SILVEIRA DOS SANTOS','','','0000-00-00','(22) 99832-3666','0','','1');

 INSERT INTO tabela_autorizado VALUES('90','68','CIRLENE DE MORAES','','','0000-00-00','(22) 99268-7384','0','','1');

 INSERT INTO tabela_autorizado VALUES('91','69','TANEA NAZARE MIZERET','','','0000-00-00','(22) 2519-5770 / 99716-4756','0','','1');

 INSERT INTO tabela_autorizado VALUES('92','70','RITA DE CASSIA BOM','','','0000-00-00','(22) 2527-1886','0','','1');

 INSERT INTO tabela_autorizado VALUES('93','70','SONIA MARIA BOM','','','0000-00-00','(22) 9952-0861','0','','1');

 INSERT INTO tabela_autorizado VALUES('94','70','PAULO HENRIQUE BOM','','','0000-00-00','(22) 99998-6776','0','','1');

 INSERT INTO tabela_autorizado VALUES('95','70','LUIZ HENRIQUE BOM','','','0000-00-00','(22) 99609-3509','0','','1');

 INSERT INTO tabela_autorizado VALUES('96','71','MARIA ROSANGELA KLEIN','','','0000-00-00','(22) 2542-1255','0','','1');

 INSERT INTO tabela_autorizado VALUES('97','72','EDUARDO DE MENDONÇA RAMOS JUNIOR','','','0000-00-00','(22) 99225-0021','0','','1');

 INSERT INTO tabela_autorizado VALUES('98','73','PATRICIA DE PAULA VIANA LOPES','','','0000-00-00','(22) 99868-7707','0','','1');

 INSERT INTO tabela_autorizado VALUES('99','73','VAGNER LUIZ REIS ','','','0000-00-00','(22) 99817-5125','0','','1');

 INSERT INTO tabela_autorizado VALUES('100','74','RONALDO PEEIRA DOS SANTOS','','','0000-00-00','','0','','1');

 INSERT INTO tabela_autorizado VALUES('101','74','VALDIR PEREIRA DOS SANTOS','','','0000-00-00','','0','','1');

 INSERT INTO tabela_autorizado VALUES('102','74','PAULO PEREIRA DOS SANTOS','','','0000-00-00','','0','','1');

 INSERT INTO tabela_autorizado VALUES('103','75','VERA LUCIA LACK DA SILVA','','','0000-00-00','','0','','1');

 INSERT INTO tabela_autorizado VALUES('104','76','MARIA THEREZINHA SARDINHA MORAES','038.840.227-09','','0000-00-00','','0','ESPOSA','1');

 INSERT INTO tabela_autorizado VALUES('105','77','GILSON PEREIRA DOS SANTOS','','','0000-00-00','(22) 99243-7313','0','','0');

 INSERT INTO tabela_autorizado VALUES('106','77','GELSIMAR PEREIRA DOS SANTOS','','','0000-00-00','(22) 99895-6143','0','','1');

 INSERT INTO tabela_autorizado VALUES('107','78','JOSÉ LUIZ GRIPP','','','0000-00-00','(22) 99880-8668','0','','1');

 INSERT INTO tabela_autorizado VALUES('108','78','ANTÔNIO CARLOS GRIPP','','','0000-00-00','(22) 2519-4028','0','','1');

 INSERT INTO tabela_autorizado VALUES('109','78','CEDIR GRIPP','','','0000-00-00','(22)99816-0746 (filha do Cedir)','0','','1');

 INSERT INTO tabela_autorizado VALUES('110','79','LEONCIO OUVERNEY','','','0000-00-00','(22) 121343','0','','1');

 INSERT INTO tabela_autorizado VALUES('111','79','SILVANI ','','','0000-00-00','(22) 99712-9602','0','','1');

 INSERT INTO tabela_autorizado VALUES('112','93','MARCOS','','','0000-00-00','(22) 99257-0402','0','','1');

 INSERT INTO tabela_autorizado VALUES('113','99','JAQUELINE GONÇALVES DA ROZA FROSSARD','','','0000-00-00','(22) 98168-8183','0','','1');

 INSERT INTO tabela_autorizado VALUES('114','100','EDUARDO LUIZ TELES CORDEIRO / LEILA','','','0000-00-00','(22) 9880-1937','0','','1');

 INSERT INTO tabela_autorizado VALUES('115','13','NOEL PEREIRA DA SILVA','304.907.157-53','','0000-00-00','','1','','1');

 INSERT INTO tabela_autorizado VALUES('116','96','ALEX MENDES FERNANDES','079.892.917-03','11.390.522-8','0000-00-00','','1','','1');

 INSERT INTO tabela_autorizado VALUES('117','52','JUVANIL DE OLIVEIRA LEAL','075.142.277-09','09.823.627-6','0000-00-00','(22) 99262-8770','1','','1');

 INSERT INTO tabela_autorizado VALUES('118','33','THAIS MARCHON HERINGER ','182.204.517-77','23.392.607-0','1999-06-27','(22) 99257-9461 / (22) 2519-0700','1','','1');

 INSERT INTO tabela_autorizado VALUES('119','56','RUI DE OLIVEIRA','005.658.547-04','08.467.006-6','1970-09-12','(22) 99754-9466','1','','1');

 INSERT INTO tabela_autorizado VALUES('120','68','CLEDIR ','041.056.097-93','09.154.191-2','1969-07-17','(22) 99275-3503','1','','1');

 INSERT INTO tabela_autorizado VALUES('121','61','JORGE PEREIRA DOS SANTOS','516.246.647-68','','0000-00-00','','1','','1');

 INSERT INTO tabela_autorizado VALUES('122','103','FERNANDO DE OLIVEIRA AZEVEDO','812.182.147-91','05.519.525-9','1961-06-11','(22) 99982-2141','0','','1');

 INSERT INTO tabela_autorizado VALUES('123','55','IZADORA BAZZICHI KNUPP','189.181.067-77','33.647.983-7','2003-03-06','(22) 998020303','0','','1');

 INSERT INTO tabela_autorizado VALUES('124','106','RAYANE HERDY CORREA MACHADO','','','0000-00-00','229959887','0','','1');

 INSERT INTO tabela_autorizado VALUES('125','25','SELMA FATIMA DE MELLO OLIVEIRA','642.016.867-87','28.244.562-6','1958-01-07','22998889491','1','','1');

 INSERT INTO tabela_autorizado VALUES('126','107','LUCIANA ','00.000.000-00','0.000.000-0','1980-01-06','2299995698','0','','1');

 INSERT INTO tabela_autorizado VALUES('127','17','LUCIA DE FATIMA G. BERNADO DA SILVEIRA ','019.129.877-83','09.321.988-9','1970-09-24','22981561686','1','','1');

 INSERT INTO tabela_autorizado VALUES('128','44','SUELY BARROSO BOHER','','','1963-09-25','(22) 999710110','0','','1');

 INSERT INTO tabela_autorizado VALUES('129','105','VIVIANE APARECIDA KLEN DOS SANTOS','104.107.937-01','20.866.100-9','2007-09-14','(22) 997807539','0','sepultura de aluguel','1');

 INSERT INTO tabela_autorizado VALUES('130','99','SONIA DAS GRAÇAS FROSSARD ','019.135.237-30','08.092.653-8','1971-08-06','(22) 997304335','0','','1');

 INSERT INTO tabela_autorizado VALUES('131','9','ROSSINE DE OLIVEIRA','790.922.847-34','05.705.978-4','1961-09-20','22 998889494','0','','1');

 INSERT INTO tabela_autorizado VALUES('132','25','FELIPE OUVERNEY','114.497.227-25','20.434.873-4','1984-09-01','(22) 997991892','1','','1');

 INSERT INTO tabela_autorizado VALUES('133','71','BEATRIZ DA PENHA KLEIN','','','0000-00-00','(','0','','1');

 INSERT INTO tabela_autorizado VALUES('134','26','ADRIANA BOM (TIA)','','','0000-00-00','','0','','1');

 INSERT INTO tabela_autorizado VALUES('135','22','ATADAMES BRANCO PEREIRA','036.762.147-90','28.153-9','1972-03-03','(11) 95667-5860','0','','1');

 INSERT INTO tabela_autorizado VALUES('136','80','MARSANTANA MIZERET','','','0000-00-00','(22)  998270218','0','','1');

 INSERT INTO tabela_autorizado VALUES('137','80','FATIMA APARECIDA DAUDT MIZERET','','','0000-00-00','(22) 999364532','0','','1');

 INSERT INTO tabela_autorizado VALUES('138','59','LUCAS KNUPP PINTO','','','0000-00-00','(22) 992249105','0','','1');

 INSERT INTO tabela_autorizado VALUES('139','114','ADRIANA PEREIRA CORREIA','','','0000-00-00','22988541057','0','esposa','1');

 INSERT INTO tabela_autorizado VALUES('140','114','MARCELE CORREA CONSTANTINO','','','0000-00-00','22988120238','0','filha','1');

 INSERT INTO tabela_autorizado VALUES('141','25','HELENA GRIPP OUVERNEY','503.284.177-34','112.348-9','1951-02-19','(22) 99219-4548','0','','1');

 INSERT INTO tabela_autorizado VALUES('142','60','JULIANA MARTINS RODRIGUES','160.400.887-37','23.413.294-2','1989-12-03','22 9977889559','0','','1');

 INSERT INTO tabela_autorizado VALUES('143','60','ARIANA MARTINS RODRIGUES ','135.255.127-67','24.704.769-9','1988-08-20','(22) 992573478','0','','1');

 INSERT INTO tabela_autorizado VALUES('144','47','CELSO DOS SANTOS RAMOS','937.254.187-72','07.116.363-8','1963-05-13','(22) 996177167','0','','1');

CREATE TABLE `tabela_backup` (
  `id` int(11) NOT NULL AUTO_INCREMENT,
  `local` varchar(255) COLLATE utf8_unicode_ci NOT NULL,
  `data` varchar(100) COLLATE utf8_unicode_ci NOT NULL,
  `ativo` tinyint(4) NOT NULL,
  PRIMARY KEY (`id`)
) ENGINE=InnoDB AUTO_INCREMENT=15 DEFAULT CHARSET=utf8 COLLATE=utf8_unicode_ci;

 INSERT INTO tabela_backup VALUES('1','https://cemiteriostucky.com.br/backup/backup_db_06_03_2023.sql','2023-03-06 14:17:07','1');

 INSERT INTO tabela_backup VALUES('2','https://cemiteriostucky.com.br/backup/backup_db_07_03_2023.sql','2023-03-07 09:25:33','1');

 INSERT INTO tabela_backup VALUES('3','https://cemiteriostucky.com.br/backup/backup_db_08_03_2023.sql','2023-03-08 09:28:30','1');

 INSERT INTO tabela_backup VALUES('4','https://cemiteriostucky.com.br/backup/backup_db_18_03_2023.sql','2023-03-18 08:13:42','1');

 INSERT INTO tabela_backup VALUES('5','https://cemiteriostucky.com.br/backup/backup_db_18_05_2023.sql','2023-05-18 08:52:25','1');

 INSERT INTO tabela_backup VALUES('6','https://cemiteriostucky.com.br/backup/backup_db_24_05_2023.sql','2023-05-24 08:34:07','1');

 INSERT INTO tabela_backup VALUES('7','https://cemiteriostucky.com.br/backup/backup_db_19_06_2023.sql','2023-06-19 09:28:15','1');

 INSERT INTO tabela_backup VALUES('8','https://cemiteriostucky.com.br/backup/backup_db_03_08_2023.sql','2023-08-03 11:58:34','1');

 INSERT INTO tabela_backup VALUES('9','https://cemiteriostucky.com.br/backup/backup_db_15_09_2023.sql','2023-09-15 14:45:39','1');

 INSERT INTO tabela_backup VALUES('10','https://cemiteriostucky.com.br/backup/backup_db_30_10_2023.sql','2023-10-30 14:47:03','1');

 INSERT INTO tabela_backup VALUES('11','https://cemiteriostucky.com.br/backup/backup_db_22_11_2023.sql','2023-11-22 15:22:36','1');

 INSERT INTO tabela_backup VALUES('12','https://cemiteriostucky.com.br/backup/backup_db_27_11_2023.sql','2023-11-27 14:18:47','1');

 INSERT INTO tabela_backup VALUES('13','https://cemiteriostucky.com.br/backup/backup_db_29_11_2023.sql','2023-11-29 12:22:41','1');

 INSERT INTO tabela_backup VALUES('14','https://cemiteriostucky.com.br/backup/backup_db_19_02_2024.sql','2024-02-19 08:21:15','1');

CREATE TABLE `tabela_cliente` (
  `id` int(11) NOT NULL AUTO_INCREMENT,
  `codigo` varchar(20) NOT NULL,
  `nome` varchar(100) NOT NULL,
  `cpf` varchar(14) NOT NULL,
  `rg` varchar(12) NOT NULL,
  `dataNascimento` date NOT NULL,
  `sexo` varchar(50) NOT NULL,
  `naturalidade` varchar(50) NOT NULL,
  `nacionalidade` varchar(50) NOT NULL,
  `cor` varchar(50) NOT NULL,
  `profissao` varchar(50) NOT NULL,
  `nomePai` varchar(100) NOT NULL,
  `nomeMae` varchar(100) NOT NULL,
  `clienteNovo` tinyint(4) NOT NULL,
  `ativo` tinyint(4) NOT NULL,
  PRIMARY KEY (`id`)
) ENGINE=InnoDB AUTO_INCREMENT=118 DEFAULT CHARSET=utf8mb4;

 INSERT INTO tabela_cliente VALUES('1','0001','MARIA ZILDA GAMA MAYER ','422.937.157-87','04.233.649-5','1949-06-25','FEMININO','NOVA FRIBURGO ','BRASILEIRO ','','','','','0','1');

 INSERT INTO tabela_cliente VALUES('2','0002','ANTÔNIO FROSSARD','518.602.797-91','3.980.574-2','1949-03-26','MASCULINO','NOVA FRIBURGO','BRASILEIRO','','','MANOEL FOSSARD','LAUDELINA SILVA FROSSARD','0','1');

 INSERT INTO tabela_cliente VALUES('3','0003','LUCIA DE FÁTIMA GONÇALVES BERNARDO DA SILVEIRA ','019.129.877-83','09.321.988-9','1970-09-24','FEMININO','NOVA FRIBURGO ','BRASILEIRO ','BRANCO','','MANOEL GONÇALVES ','OTHELINA DA SILVEIRA GONÇALVES ','0','1');

 INSERT INTO tabela_cliente VALUES('4','0004','ANTÔNIO CONSTANTINO','503.256.637-34','50.325.663-7','1953-07-12','MASCULINO','NOVA FRIBURGO ','BRASILEIRO ','','','AUGUSTO CONSTANTINO','AUGUSTA RIMES','0','1');

 INSERT INTO tabela_cliente VALUES('5','0005','MARCIO DA SILVA BRANCO ','768.697.257-72','06.490.400-6','1963-09-25','MASCULINO','NOVA FRIBURGO ','BRASILEIRO ','','','ADALBERTO DA SILVA BRANCO ','ANTONIA GONÇALVES DA SILVA BRANCO ','0','0');

 INSERT INTO tabela_cliente VALUES('6','0006','JOÃO BATISTA SANA','999.140.857-68','08.034.790-9','1963-06-11','MASCULINO','NOVA FRIBURGO ','BRASILEIRO ','','','TOLENTINO SANA','SEBASTIANA GONÇALVES DA ROSA SANA ','0','1');

 INSERT INTO tabela_cliente VALUES('7','0007','PAULO ROBERTO MINEIRO','697.666.227-87','05.956.152-2','1962-08-04','MASCULINO','NOVA FRIBURGO ','BRASILEIRO ','','','NELSON MANOEL MINEIRO','ALTAMIRA CABRAL MINEIRO','0','1');

 INSERT INTO tabela_cliente VALUES('8','0008','JOSÉ WENDEROSCHY (ZÉ ANDRÉ)','301.803.687-53','81.353.738-8','1950-05-07','MASCULINO','NOVA FRIBURGO ','BRASILEIRO ','','','SEBASTIÃO WENDEROSCHY ','EVANGELINA KLEIN ','0','1');

 INSERT INTO tabela_cliente VALUES('9','0009','SELMA FATIMA DE MELLO OLIVEIRA','642.016.867-87','28.244.562-6','1958-01-07','FEMININO','NOVA FRIBURGO ','BRASILEIRA','BRANCO','','SEDIONEL JOAQUIM DE MELLO','OSVALDINA GRIPP DE MELLO','0','1');

 INSERT INTO tabela_cliente VALUES('10','0010','MARIA NAZARETH MAYER CARDINOT ','019.131.507-98','12.922.330-1','1963-08-21','MASCULINO','NOVA FRIBURGO ','BRASILEIRO ','','','JOÃO FRANCISCO MAYER','CLARA NELY KLEM MAYER ','0','1');

 INSERT INTO tabela_cliente VALUES('11','0011','JOÃO MANOEL KNUPP','008.480.407-67','08.151.861-5','1965-10-01','MASCULINO','NOVA FRIBURGO ','BRASILEIRO','','','MANOEL ANTÔNIO KNUPP','MARIA IRACEMA WANDEROSKY','0','1');

 INSERT INTO tabela_cliente VALUES('12','0012','MARCONDE DO REGO CABRAL ','637.291.807-20','08.034.871-7','1953-10-01','MASCULINO','NOVA FRIBURGO ','BRASILEIRO ','','','HONORIO DO REGO CABRAL ','IZOLINA TARDIN CABRAL ','0','1');

 INSERT INTO tabela_cliente VALUES('13','0013','TANIA NAZAETH RODRIGUES','914.515.667-00','08.151.821-9','1963-09-11','FEMININO','NOVA FRIBURGO ','BRASILEIRA','','','ATHAIDE MANOEL RODRIGUES','GRACI OUVERNEY','0','1');

 INSERT INTO tabela_cliente VALUES('14','0014','MARIA JACIRA KLEIN BUSSINGER','712.089.507-97','114.214-8','1947-09-16','FEMININO','NOVA FRIBURGO ','BRASILEIRA','','','THEODORO ALFREDO KLEIN ','MARIA JULIA PERRUD ','0','1');

 INSERT INTO tabela_cliente VALUES('15','0015','ADRIANO SCHUMACKER MAFORT ','968.203.817-00','07.650.492-7','1967-05-02','MASCULINO','NOVA FRIBURGO ','BRASILEIRO','','','OREST MAFORT ','GLORIA FRANCISCA S MAFORT ','0','1');

 INSERT INTO tabela_cliente VALUES('16','0016','MARIA LUCIA CABRAL ','015.893.567-56','0.423.361-0','1953-09-25','FEMININO','NOVA FRIBURGO ','BRASILEIRA','','','WALDIR LUCIA CABRAL ','CONCEIÇÃO BUSSINGER CABRAL ','0','1');

 INSERT INTO tabela_cliente VALUES('17','0017','CARLOS ALBERTO BERNARDO DA SILVEIRA ','010.274.307-08','08.262.203-6','1970-06-30','MASCULINO','NOVA FRIBURGO ','BRASILEIRA','','','DORVALINO BERNARDO DA SILVEIRA ','MAIA DE LOURDES BERNARDO DA SILVEIRA','0','1');

 INSERT INTO tabela_cliente VALUES('18','0018','WANDERLEY CABRAL ','096.584.907-43','12.992.420-0','0001-01-01','MASCULINO','NOVA FRIBURGO ','BRASILEIRO ','','','','','0','0');

 INSERT INTO tabela_cliente VALUES('19','0019','JAIR GRIPP ','358.539.217-20','727.601-0','1940-04-27','MASCULINO','NOVA FRIBURGO ','BRASILEIRO ','','','ANTONIO GRIPP','JOVELINA CABRAL GRIPP','0','1');

 INSERT INTO tabela_cliente VALUES('20','0020','ELZA CANTO DA ROSA DA SILVA','019.120.517-61','21.461.356-4','1967-11-24','FEMININO','NOVA FRIBURGO ','BRASILEIRA','','','LUIZ TEIXEIRA DA ROSA FILHO','ALICE TEIXEIRA DO CANTO','0','1');

 INSERT INTO tabela_cliente VALUES('21','0021','SILVANA DOS SANTOS AZAVEDO','079.550.277-01','12.072.016-8','1978-01-02','FEMININO','NOVA FRIBURGO ','BRASILEIRA','','','SIRLEY CAPITULINO AZEVEDO','FLORIZA ROSA DOS SANTOS','0','1');

 INSERT INTO tabela_cliente VALUES('22','0022','JEFFERSON DE CASTRO BRANCO ','748.449.707-04','06.087.265-2','1962-08-26','MASCULINO','NOVA FRIBURGO ','BRASILEIRO ','','','ALIPIO ALCHIMEDES BRANCO ','ORIDIA DE CASTRO BRANCO ','0','1');

 INSERT INTO tabela_cliente VALUES('23','0023','IVANILDO DE OLIVEIRA SANTOS','105.665.267-51','02.038.235-0','1970-05-14','MASCULINO','NOVA FRIBURGO ','BRASILEIRO','','','JOAQUIM EULALIO DOS SANTOS','ANOREMA DE OLIVEIRA','0','1');

 INSERT INTO tabela_cliente VALUES('24','0024','MANUEL WALDENIR TARDEM','637.337.497-15','06.490.365-1','1949-10-20','MASCULINO','NOVA FRIBURGO ','BRASILEIRO','','','JOVENIRO JOSE TARDEM ','GUILHERMINA TARDEM ','0','1');

 INSERT INTO tabela_cliente VALUES('25','0025','MARGARIDA GRIPP LOPES ','072.006.207-18','10.990.192-6','1942-11-28','FEMININO','NOVA FRIBURGO ','BRASILEIRA','','','ANTONIO EUCLIDES GRIPP','JOVELINA CABRAL GRIPP','0','1');

 INSERT INTO tabela_cliente VALUES('26','0026','WALACE BOM JUNIOR','088.810.767-64','11.723.473-2','1980-10-07','MASCULINO','NOVA FRIBURGO ','BRASILEIRO ','','','WALACE BOM','MARIA EUGENIA DE OLIVEIRA BOM','0','1');

 INSERT INTO tabela_cliente VALUES('27','0027','MARIA LUCIA DE JESUS SANTOS','989.654.687-87','08.034.613-3','1951-11-29','FEMININO','NOVA FRIBURGO ','BRASILEIRA','','','JONAS DE JESUS','MARIA REGINA','0','1');

 INSERT INTO tabela_cliente VALUES('28','0028','LUZILETE OUVERNEY ','842.353.497-91','09.277.475-1','1958-08-31','FEMININO','NOVA FRIBURGO ','BRASILEIRO ','','','LUCAS RUFINO OUVERNEY ','IRENE DE ABREU OUVERNEY ','0','1');

 INSERT INTO tabela_cliente VALUES('29','0029','MARILDA BRUST','079.062.037-55','10.990.671-9','1978-09-09','FEMININO','NOVA FRIBURGO ','BRASILEIRA','','','EDOSINO AOVALCIR BRUST','EDITH PAVÃO BRUST','0','1');

 INSERT INTO tabela_cliente VALUES('30','0030','MANOEL CELSO MAYER','390.354.177-04','1.000.553-1','1956-02-24','MASCULINO','NOVA FRIBURGO ','BRASILEIRO ','','','MAOEL TOLENTINO MAYER','ELIZA GONÇALVES MAYER','0','1');

 INSERT INTO tabela_cliente VALUES('31','0031','DENAIR GRIPP DE VASCONCELLOS ','112.930.697-60','21.463.479-2','1943-12-29','FEMININO','NOVA FRIBURGO ','BRASILEIRA','','','ANTONIO EUCLIDES GRIPP ','JOVELINA CABRAL GRIPP','0','1');

 INSERT INTO tabela_cliente VALUES('32','0032','MARCIO ANTÔNIO DUARTE MARCHON','986.837.057-49','07.231.381-0','1964-05-21','MASCULINO','NOVA FRIBURGO ','BRASILEIRO ','','','ANTÔNIO ELOY MARCHON','CLEMETINA DUARTE MARCHON','0','1');

 INSERT INTO tabela_cliente VALUES('33','0033','MARIA JOSÉ MARCHON ','833.420.797-20','06.730.950-0','1957-10-17','FEMININO','NOVA FRIBURGO ','BRASILEIRA','','','IRINEU AMERICO MARCHON ','MARIA BALBINA KLEIN ','0','1');

 INSERT INTO tabela_cliente VALUES('34','0034','AUREA GUERREIRO DOS SANTOS DE JESUS','445.974.527-53','381.213-0','1958-04-21','FEMININO','NOVA FRIBURGO ','BRASILEIRA','','','AURERNANDO GUERREIRO','URSOLINA DOS SANTOS GUERREIRO','0','1');

 INSERT INTO tabela_cliente VALUES('35','0035','SANDRA HELENA BRUST DA SILVA ','052.448.337-07','10.862.408-1','1979-06-11','FEMININO','NOVA FRIBURGO ','BRASILEIRA','','','ALVANIR IDAIR BRUST','HELENA WENDERROSCKY BRUST ','0','1');

 INSERT INTO tabela_cliente VALUES('36','0036','ELIZETE DA CONCEIÇÃO BUSSINGER','676.339.277-04','08.718.063-4','1964-12-08','FEMININO','NOVA FRIBURGO ','BRASILEIRA','','','ANTÔNIO BUSSINGER','ZILDA DA CONCEIÇÃO BUSSINGER','0','1');

 INSERT INTO tabela_cliente VALUES('37','0037','MARGARIDA CONÇEIÇÃO DA SILVA OLIVEIRA LIMA','019.136.237-93','09.823.516-1','1973-01-14','FEMININO','NOVA FRIBURGO ','BRASILEIRA','','','CEDIMIRO DE OLIVEIRA','MARIA DOMINGOS BENTO DA SILVA','0','1');

 INSERT INTO tabela_cliente VALUES('38','0038','WANDERLEY CABRAL ','096.584.907-43','12.922.420-0','1947-06-02','MASCULINO','NOVA FRIBURGO ','BRASILEIRO ','','','WALDIR CABRAL','CONCEIÇÃO BUSSINGER CABRAL','0','1');

 INSERT INTO tabela_cliente VALUES('39','0039','MARIA NIUZA GONÇAÇVES QUENUP','926.479.877-34','07.650.320-0','1963-03-26','FEMININO','NOVA FRIBURGO ','BRASILEIRA','','','EUCLIDES JOSÉ  GONÇALVES','MARIA BERNARDA DA S. GONÇALVES','0','1');

 INSERT INTO tabela_cliente VALUES('40','0040','EGIDIO GONÇALVES GAMA','856.949.087-91','05.977.418-2','1962-07-26','MASCULINO','NOVA FRIBURGO ','BRASILEIRO ','','','ELPIDIO GONÇALVES GAMA','MARIA  CONCEIÇÃO TOBIAS GAMA','0','1');

 INSERT INTO tabela_cliente VALUES('41','0041','LAUZIRO GRIPP','517.917.227-68','06.490.514-4','1946-12-26','MASCULINO','NOVA FRIBURGO ','BRASILEIRO ','','','JOÃO MERICO GRIPP','MARIA ALMERINDA GRIPP','0','1');

 INSERT INTO tabela_cliente VALUES('42','0042','MANOEL EDSON KLEIN','254.259.947-53','21.392.710-6','1952-10-10','MASCULINO','NOVA FRIBURGO ','BRASILEIRO ','','','MANOEL ALFREDO KLEIN','LAURIDES DA SILVEIRA KLEIN','0','1');

 INSERT INTO tabela_cliente VALUES('43','0043','ALTAIR RODRIGUES MENDONÇA','77.920.037-53','06.287.128-0','1963-01-13','MASCULINO','NOVA FRIBURGO ','BRASILEIRO ','','','MARIO MENDONÇA','MARIA IRACEMA RODRIGUES MENDONÇA','0','1');

 INSERT INTO tabela_cliente VALUES('44','0044','FRANCIELLY BARROSO BOHER','130.618.807-55','23.081.271-1','1995-12-14','FEMININO','NOVA FRIBURGO ','BRASILEIRA','BRANCO','','VALTER OROTIDES BOHER','SUELY BARROSO BOHER','0','1');

 INSERT INTO tabela_cliente VALUES('45','0045','ANA PAULA DA SILVA THER','165.231.597-79','24.228.286-1','1990-04-10','FEMININO','NOVA FRIBURGO ','BRASILEIRA','','','PEDRO PAULO THER','SONIA BENTO DA SILVA','0','1');

 INSERT INTO tabela_cliente VALUES('46','0046','SILVIA DA CONCEIÇÃO BUSSINGER','026.323.487-81','08.582.957-0','1971-12-08','FEMININO','NOVA FRIBURGO ','BRASILEIRA','','','JORGE BUSSINGER','CELINA FREIMAN BUSSINGER','0','1');

 INSERT INTO tabela_cliente VALUES('47','0047','OSVALDO OLIVEIRA RAMOS','358.541.547-49','59.212-5','1939-06-10','MASCULINO','NOVA FRIBURGO ','BRASILEIRO ','','','FELIMILHO DE OLIVEIRA RAMOS','FLORÊNCIA RIMES DE OLIVEIRA RAMOS','0','1');

 INSERT INTO tabela_cliente VALUES('48','0048','DENAIR BUSSINGER DA SILVEIRA','029.658.147-01','08.151.624-7','1950-09-22','FEMININO','NOVA FRIBURGO ','BRASILEIRA','','','ALCIDIMIRO BUSSINGER','CARMELITA TARDIN','0','1');

 INSERT INTO tabela_cliente VALUES('49','0049','JOSÉ AUGUSTO RIMA','068.659.887-36','10.715.124-3','1973-10-03','MASCULINO','NOVA FRIBURGO ','BRASILEIRO ','','','MANOEL OLINDO RIMA','MARIA AUGUSTA RIMA','0','1');

 INSERT INTO tabela_cliente VALUES('50','0050','ALDA REDUSINA RODRIGUES','639.028.937-53','05.334.437-0','1957-11-24','FEMININO','NOVA FRIBURGO ','BRASILEIRA','','','JOSE RODRIGUES','REDUSINA MARIA HERDY RODRIGUES','0','1');

 INSERT INTO tabela_cliente VALUES('51','0051','DOMINGOS PASCOAL BALMANT','518.584.607-00','05.334.430-5','1954-04-18','MASCULINO','NOVA FRIBURGO ','BRASILEIRO ','','','MARIO ANTÔNIO PASCHOAL BALMANT','MARIA CABRAL BALMANT','0','1');

 INSERT INTO tabela_cliente VALUES('52','0052','ROSIMERI GONÇALVES DOS SANTOS HERINGER','125.344.167-74','22.856.461-3','1975-08-28','FEMININO','NOVA FRIBURGO ','BRASILEIRA','','','JOÃO PEREIRA DOS SANTOS','MARLENE DAS GRAÇASGONÇALVES','0','1');

 INSERT INTO tabela_cliente VALUES('53','0053','BRUNO PACHECO DA SILVA','117.921.747-05','21.502.102-3','1988-01-12','MASCULINO','NOVA FRIBURGO ','BRASILEIRO ','','','JOSÉ ALVES DA SILVA','AUGUSTA DASGRAÇAS PACHECO SILVA','0','1');

 INSERT INTO tabela_cliente VALUES('54','0054','JOSÉ ANTÔNIO MAYER MIRANDA','001.399.167-17','06.580.982-4','1963-11-11','MASCULINO','NOVA FRIBURGO ','BRASILEIRO','','','ANTÔNIO ALBINO MIRANDA','AUGUSTA LAURINDA MAYER','0','1');

 INSERT INTO tabela_cliente VALUES('55','0055','STELLA SILVANA BAZZICHI','028.894.017-23','10.265.602-2','1968-02-01','FEMININO','NOVA FRIBURGO ','BRASILEIRO ','','','JOSE AMERICO BAZZICHI','ESMERALDA RAMOS BAZZICHI','0','1');

 INSERT INTO tabela_cliente VALUES('56','0056','MARGARIDA SOLANGE OLIVEIRA','001.388.077-28','06.730.346-1','1962-04-30','FEMININO','NOVA FRIBURGO ','BRASILEIRA','','','MANOEL DE OLIVEIRA','HORANDINA VITORINO P DE OLIVEIRA','0','1');

 INSERT INTO tabela_cliente VALUES('57','0057','MARIA JURACI RODRIGUES DOS SANTOS','005.675.537-60','08.034.792-5','1939-12-05','FEMININO','NOVA FRIBURGO ','BRASILEIRA','','','GUILHERME DA COSTA RODRIGUES','MARIA NATALINA MOSER RODRIGUES','0','1');

 INSERT INTO tabela_cliente VALUES('58','0058','JORGE MIRA SARDINHA','790.330.247-72','05.977.449-7','1959-11-05','FEMININO','NOVA FRIBURGO ','BRASILEIRO','','','','MARIA AUGUSTA MIRA','0','1');

 INSERT INTO tabela_cliente VALUES('59','0059','JOSÉ CLAUDIO PINTO (CACAI)','571.604.737-87','04.721.077-8','1957-10-26','MASCULINO','NOVA FRIBURGO ','BRASILEIRO ','','','MANOEL PINTO','MARIA CARMEM GONÇALVES PINTO','0','1');

 INSERT INTO tabela_cliente VALUES('60','0060','MARIA VILMA MARTINS','029.747.967-96','33.206.670-3','1957-11-10','FEMININO','NOVA FRIBURGO ','BRASILEIRA','','','WALDIR MARTINS','ARACI MARTINS','0','1');

 INSERT INTO tabela_cliente VALUES('61','0061','CRISTINA PEREIRA DOS SANTOS OLIVEIRA','089.519.547-06','13.129.358-1','1981-04-29','FEMININO','NOVA FRIBURGO ','BRASILEIRA','BRANCO','','LUIZ PEREIRA DOS SANTOS','MARIA ZELINA OUVERNEY','0','1');

 INSERT INTO tabela_cliente VALUES('62','0062','NEIDE NAR MOREIRA MOTA','886.753.007-00','07.555.902-1','1966-04-27','FEMININO','MINAS GERAIS','BRASILEIRA','','','CARLINDO FRANCISCO MOREIRA','ZILDA RIBEIRO MOREIRA','0','1');

 INSERT INTO tabela_cliente VALUES('63','0063','THEREZINHA DA SILVEIRA TARDEM','019.138.797-55','06.490.364-4','1952-11-01','FEMININO','NOVA FRIBURGO ','BRASILEIRA','BRANCO','','ERNESTO BERNARDO DA SILVEIRA','MARIA DE OLIVEIRA ABREU','0','1');

 INSERT INTO tabela_cliente VALUES('64','0064','NIULDA DOS SANTOS MARCHON','999.074.717-59','08.307.617-4','1956-09-03','FEMININO','NOVA FRIBURGO ','BRASILEIRA','','','DEMETRIO PEREIRA DOS SANTOS','JULIA  GONÇALVES GAMA','0','1');

 INSERT INTO tabela_cliente VALUES('65','0065','MANUEL VALDENIR TARDEN (ESPOSO DA TEREZINHA)','637.337.497-15','06.490.365-1','1949-10-20','MASCULINO','NOVA FRIBURGO ','BRASILEIRO ','','','JOVENIRO JOSE TARDEM ','GUILHERMINA TARDEM ','0','1');

 INSERT INTO tabela_cliente VALUES('66','0066','REINALDO GRIPP (NADIM DO CAMPO)','890.287.247-53','05.941.345-0','1959-03-06','MASCULINO','NOVA FRIBURGO ','BRASILEIRO ','','','MANOEL THOMÉ  GRIPP','MARIA JOANA GONÇALVES','0','1');

 INSERT INTO tabela_cliente VALUES('67','0067','WALDICEIA MIZERET DA SILVEIA','010.266.007-74','81.142.256-5','1946-11-29','FEMININO','NOVA FRIBURGO','BRASILEIRA','','','PLACIDO MARCELO MIZERET','MARIA VIRGILINA GOMES','0','1');

 INSERT INTO tabela_cliente VALUES('68','0068','ALSAIR MORAES (NICO)','879.836.727-72','07.231.462-8','1965-08-28','MASCULINO','NOVA FRIBURGO','BRASILEIRO ','','','ALMERINO FARIA DE MORAES','NEVALDINA PETROMILLA K DE MORAES','0','1');

 INSERT INTO tabela_cliente VALUES('69','0069','ANTÔNIO CEZAR QUENUPP','503.215.367-20','04.199.106-8','1956-12-10','MASCULINO','NOVA FRIBURGO ','BRASILEIRO ','','','ANTÔNIO AMÉRICO QUENUPP','ORACY BUSSINGER QUENUPP','0','1');

 INSERT INTO tabela_cliente VALUES('70','0070','JOSÉ ISMAEL BOY','186.360.987-34','81.355.971-3','1944-02-04','MASCULINO','','','','','JOSE PAULINO BOY','EDILANDE SOFIA CORREA BOY','0','1');

 INSERT INTO tabela_cliente VALUES('71','0071','MARIA APARECIDA KLEIN','939.926.297-91','06.876.600-5','1958-04-30','FEMININO','NOVA FRIBURGO','BRASILEIRA','','','JOSÉ ARTHULINO KLEIN','MARIA DA GLÓRIA SILVA','0','1');

 INSERT INTO tabela_cliente VALUES('72','0072','LUIZ CLAUDIO PINHO RAMOS','026.315.097-65','05.539.323-5','1969-09-04','MASCULINO','NOVA FRIBURGO','BRASILEIRO ','','','EDUARDO DE MENDONÇA RAMOS','SCHIRLEY DE PINHO RAMOS','0','1');

 INSERT INTO tabela_cliente VALUES('73','0073','ROGÉRIO DA SILVA REIS','015.893.057-60','08.953.356-3','1969-09-17','MASCULINO','NOVA FRIBURGO','BRASILEIRO ','','','ELY REIS','MARIA EVANGELIA REIS','0','1');

 INSERT INTO tabela_cliente VALUES('74','0074','JOSÉ CARLOS PEREIRA DOS SANTOS','015.741.497-33','08.262.277-0','1964-09-18','MASCULINO','NOVA FRIBURGO ','BRASILEIRO','','','JOSÉ PEREIRA DOS SANTOS','RENI DE PAULA SANTOS','0','1');

 INSERT INTO tabela_cliente VALUES('75','0075','NATANAEL QUENUP DA SILVA','026.301.057-09','07.942.686-2','1974-04-30','MASCULINO','NOVA FRIBURGO ','BRASILEIRO ','','','NOEL PEREIRA DA SILVA','MARIA DAS GRAÇAS QUENUPP DA SILVA','0','1');

 INSERT INTO tabela_cliente VALUES('76','0076','ADEMÁRIO MORAES','639.054.937-72','04.425.672-7','0000-00-00','MASCULINO','','','','','','','0','1');

 INSERT INTO tabela_cliente VALUES('77','0077','GILSON PEREIRA DOS SANTOS','088.289.014-48','12.988.103-3','1981-04-20','MASCULINO','NOVA FRIBURGO ','BRASILEIRO ','PRETO','','ANTONIO PEREIRA DOS SANTOS','MARIA DA CONCEIÇÃO F DOS SANTOS','0','1');

 INSERT INTO tabela_cliente VALUES('78','0078','ELIANE APARECIDA GRIPP GOMES','076.836.577-51','11.599.972-4','1977-10-03','FEMININO','NOVA FRIBURGO ','BRASILEIRA','','','','','0','1');

 INSERT INTO tabela_cliente VALUES('79','0079','SANTA MARIA OUVERNEY','834.185.477-53','05.505.039-7','1961-07-29','FEMININO','NOVA FRIBURGO','BRASILEIRA','','','JOÃO OUVERNEY','DOLORES DORVALINA DE MACEDO','0','1');

 INSERT INTO tabela_cliente VALUES('80','0080','VAGUINER MIZERETH','090.875.807-38','12.025.881-9','1980-04-25','MASCULINO','NOVA FRIBURGO ','BRASILEIRO ','','','WALDETAR MIZERETH','CACILDA DAUTH MIZERETH','0','1');

 INSERT INTO tabela_cliente VALUES('81','0081','GREICE DE OLIVEIRA FERREIRA GUILLAND','000.000.000-00','00.000.000-0','0000-00-00','FEMININO','','','','','','','0','1');

 INSERT INTO tabela_cliente VALUES('82','0082','MARILDA WENDERROSCKY','000.000.000-00','00.000.000-0','0000-00-00','FEMININO','NOVA FRIBURGO ','BRASILEIRA','','','','','0','1');

 INSERT INTO tabela_cliente VALUES('83','0083','MARLENE GUILLAND','000.000.000-00','00.000.000-0','0000-00-00','FEMININO','NOVA FRIBURGO ','BRASILEIRA','','','','','0','1');

 INSERT INTO tabela_cliente VALUES('84','0084','RODRIGO DOS SANTOS MARQUES','000.000.000-00','00.000.000-0','0000-00-00','MASCULINO','','','','','','','0','1');

 INSERT INTO tabela_cliente VALUES('85','0085','AUGUSTO RHIMES FILHO','422.952.037-91','04.425.947-1','0000-00-00','MASCULINO','NOVA FRIBURGO ','BRASILEIRO ','','','','','0','1');

 INSERT INTO tabela_cliente VALUES('86','0086','RONY SCHUENKEL','000.000.000-00','00.000.000-0','0000-00-00','MASCULINO','NOVA FRIBURGO ','BRASILEIRO ','','','','','0','1');

 INSERT INTO tabela_cliente VALUES('87','0087','MARIA MATILDE PEREIRA DOS SANTOS','077.245.587-28','07.231.013-9','1961-04-10','MASCULINO','NOVA FRIBURGO','BRASILEIRA','','','SEBASTIÃO PEREIRA DOS SANTOS','LAURINDA MICHAELA DE S DOS SANTOS','0','1');

 INSERT INTO tabela_cliente VALUES('88','0088','MANOEL WENDERROSCKY','000.000.000-00','00.000.000-0','0000-00-00','MASCULINO','NOVA FRIBURGO ','BRASILEIRO ','','','','','0','1');

 INSERT INTO tabela_cliente VALUES('89','0089','CARLO THIAGO BAZICHK','000.000.000-00','00.000.000-0','0000-00-00','MASCULINO','NOVA FRIBURGO ','BRASILEIRO ','','','','','0','1');

 INSERT INTO tabela_cliente VALUES('90','0090','ZENITA MARIA REGLY','000.000.000-00','00.000.000-0','0000-00-00','FEMININO','NOVA FRIBURGO ','BRASILEIRA','','','','','0','1');

 INSERT INTO tabela_cliente VALUES('91','0091','JOSÉ MARCHON FILHO','000.000.000-00','00.000.000-0','0000-00-00','MASCULINO','NOVA FRIBURGO ','BRASILEIRO ','','','','','0','1');

 INSERT INTO tabela_cliente VALUES('92','0092','MARCELO DE SOUZA FERREIRA / APARECIDA','000.000.000-00','00.000.000-0','0000-00-00','MASCULINO','NOVA FRIBURGO ','BRASILEIRO ','','','','','0','1');

 INSERT INTO tabela_cliente VALUES('93','0093','MARCIO RODRIGO FALTZ','000.000.000-00','00.000.000-0','0000-00-00','MASCULINO','NOVA FRIBURGO ','BRASILEIRO ','','','','','0','1');

 INSERT INTO tabela_cliente VALUES('94','0094','SILVANI OTAVIO TEIXEIRA','000.000.000-00','00.000.000-0','0000-00-00','FEMININO','NOVA FRIBURGO ','BRASILEIRA','','','','','0','1');

 INSERT INTO tabela_cliente VALUES('95','0095','CINEZIO FRANCISCO DE AZEVEDO','225.997.547-04','80.585.697-8','0000-00-00','MASCULINO','NOVA FRIBURGO ','BRASILEIRO ','','','','','0','1');

 INSERT INTO tabela_cliente VALUES('96','0096','HAMILTON GOMES DA SILVA (MITA)','000.000.000-00','00.000.000-0','0000-00-00','MASCULINO','NOVA FRIBURGO ','BRASILEIRO ','','','','','0','1');

 INSERT INTO tabela_cliente VALUES('97','0097','MARCIO DA SILVA BRANCO ','768.697.257-72','06.490.400-6','1963-09-25','MASCULINO','NOVA FRIBURGO ','BRASILEIRA','','','ADALBERTO DA SILVA BRANCO ','ANTONIA GONÇALVES DA SILVA BRANCO ','0','1');

 INSERT INTO tabela_cliente VALUES('98','0098','MANOEL AILTON BRANCO','000.000.000-00','00.000.000-0','0000-00-00','MASCULINO','','','','','','','0','1');

 INSERT INTO tabela_cliente VALUES('99','0099','MAURO JORGE FROSSARD','038.846.457-73','10.444.363-5','1976-08-20','MASCULINO','NOVA FRIBURGO ','BRASILEIRO ','','','MANOEL JORGE FROSSARD','LOURDES WENDEROSCHY FROSSARD','0','1');

 INSERT INTO tabela_cliente VALUES('100','0100','MARIA DAS GRASSAS DIAS DA SILVA','712.087.047-57','127.694-4','1952-03-13','FEMININO','NOVA FRIBURGO ','BRASILEIRA','','','FRANCISCO CARDOSO DIAS','MORALINA SIQUEIRA CARDOSO','0','1');

 INSERT INTO tabela_cliente VALUES('101','0101','ELIANA LIBORIO E SILVA','624.469.677-87','04.701.660-5','0000-00-00','FEMININO','','BRASILEIRA','','','','','0','1');

 INSERT INTO tabela_cliente VALUES('102','0102','VAGUINER MIZERETH','090.877.580-73','00.000.000-0','0000-00-00','MASCULINO','NOVA FRIBURGO','BRASILEIRO','BRANCO','SUPERVISOR','WALDETAR MIZERETH','CACILDA DAUDT','0','0');

 INSERT INTO tabela_cliente VALUES('103','0103','FABIANI DE OLIVEIRA MACARIO','076.296.097-36','11.600.040-7','1977-04-14','FEMININO','NOVA FRIBURGO','BRASILEIRA','BRANCO','','ASSIS RODRIGUES MACARIO','NELLY DE OLIVEIRA MACARIO','0','1');

 INSERT INTO tabela_cliente VALUES('104','0104','JOAO BATISTA GRIPP','366.553.767-34','65.570-7','1936-03-10','MASCULINO','NOVA FRIBURGO','BRASILEIRO','BRANCO','APOSENTADO','ANTONIO EUCLIDES GRIPP','JOVELINA CABRAL','1','1');

 INSERT INTO tabela_cliente VALUES('105','0105','IZOLINA INACIO','000.000.000-00','00.000.000-0','1965-11-19','FEMININO','','','BRANCO','','','','0','1');

 INSERT INTO tabela_cliente VALUES('106','0106','ALEXANDRE','000.000.000-00','0.000.000-0','0000-00-00','MASCULINO','','','','','','','0','0');

 INSERT INTO tabela_cliente VALUES('107','0107','CAROL','203.171.127-08','0.000.000-0','2000-12-29','FEMININO','NOVA FRIBURGO ','NOVA FRIBURGO ','BRANCO','AUXILIAR ADMINISTRATIVO ','ALEX ','LUCIANA ','0','0');

 INSERT INTO tabela_cliente VALUES('108','0108','ALEX ANTONIO BORGES SCHIMIDT','081.089.477-35','11.498.105-3','1979-08-26','MASCULINO','NOVA FRIBURGO','BRASILEIRO','BRANCO','','','','1','1');

 INSERT INTO tabela_cliente VALUES('109','0109','IZAMARA DA SILVA CARDOZO','162.199.147-40','2.655.118-6','1997-02-01','FEMININO','NOVA FRIBURGO','BRASILEIRA','BRANCO','','JOSÉ GILMAR CARDOZO','ROSELITA MARIA DA SILVA CARDOZO','0','1');

 INSERT INTO tabela_cliente VALUES('110','0110','MANOEL AUGUSTO DE MACEDO','278.667.007-10','08.718.558-3','1942-03-21','MASCULINO','NOVA FRIBURGO','BRASILEIRO','BRANCO','APOSENTADO','MANOEL JUVENAL MACEDO','DOLORES OUVERNEY','0','1');

 INSERT INTO tabela_cliente VALUES('111','0111','TESTE','000.000.000-00','00.000.000-0','0000-00-00','MASCULINO','','','','','','','1','0');

 INSERT INTO tabela_cliente VALUES('112','0112','MARIA IRANI KLEIN','026.316.257-57','07.943.773-7','1968-04-18','FEMININO','RIO DE JANEIRO','BRASILEIRA','BRANCO','','','','0','1');

 INSERT INTO tabela_cliente VALUES('113','0113','VIVIANE APARECIDA KLEN','104.107.937-01','20.866.100-9','0000-00-00','FEMININO','RIO DE JANEIRO','BRASILEIRA','BRANCO','','','','0','1');

 INSERT INTO tabela_cliente VALUES('114','0114','MARCELO SCHOTT CONSTANTINO','075.539.967-69','11.439.305-1','0000-00-00','MASCULINO','NOVA FRIBURGO','BRASILEIRO','BRANCO','','','','0','1');

 INSERT INTO tabela_cliente VALUES('115','0115','CARLOS ALEXANDRE PAULA GONÇALVES','799.926.097-53','04.478.397-5','1962-11-14','MASCULINO','RIO DE JANEIRO','BRASILEIRO','BRANCO','','CARLOS ANTONIO GONÇALVES','ILSE PAULA GONÇALVES','1','1');

 INSERT INTO tabela_cliente VALUES('116','0116','ARINDA DOS SANTOS','122.947.897-33','22.454.115-1','1987-08-12','FEMININO','NOVA FRIBURGO','BRASILEIRA','BRANCO','','FARNCISCO PEREIRA DOS SANTOS','MARIA DA CONCEIÇÃO SANTOS','0','1');

 INSERT INTO tabela_cliente VALUES('117','0117','ELOISA BEATRIZ MOURA WOLOSKER','316.240.227-15','23.673-7','1951-01-29','FEMININO','RIO DE JANEIRO','BRASILEIRO','BRANCO','APOSENTADA','CARLOS ARTHUR DA SILVA MOURA','ILKA NOBREGA DA SILVA MOURA','0','1');

CREATE TABLE `tabela_columbario` (
  `id` int(11) NOT NULL AUTO_INCREMENT,
  `numero` varchar(100) COLLATE utf8_unicode_ci NOT NULL,
  `cliente` int(11) NOT NULL,
  `ativo` tinyint(4) NOT NULL,
  PRIMARY KEY (`id`)
) ENGINE=InnoDB AUTO_INCREMENT=2 DEFAULT CHARSET=utf8 COLLATE=utf8_unicode_ci;

 INSERT INTO tabela_columbario VALUES('1','03','0','1');

CREATE TABLE `tabela_contasrecebercontrato` (
  `id` int(11) NOT NULL AUTO_INCREMENT,
  `codigo` varchar(20) COLLATE utf8_unicode_ci NOT NULL,
  `contrato` int(11) NOT NULL,
  `cliente` int(11) NOT NULL,
  `titulo` varchar(255) COLLATE utf8_unicode_ci NOT NULL,
  `dataVencimento` date NOT NULL,
  `valor` float NOT NULL,
  `desconto` float NOT NULL,
  `valorPago` float NOT NULL,
  `statusPagamento` varchar(100) COLLATE utf8_unicode_ci NOT NULL,
  `dataPagamento` date NOT NULL,
  `tipoPagamento` int(11) NOT NULL,
  `formaPagamento` int(11) NOT NULL,
  `ativo` tinyint(4) NOT NULL,
  PRIMARY KEY (`id`)
) ENGINE=InnoDB DEFAULT CHARSET=utf8 COLLATE=utf8_unicode_ci;

CREATE TABLE `tabela_contrato` (
  `id` int(11) NOT NULL AUTO_INCREMENT,
  `codigo` varchar(20) COLLATE utf8_unicode_ci NOT NULL,
  `tipoContrato` varchar(100) COLLATE utf8_unicode_ci NOT NULL,
  `titulo` varchar(255) COLLATE utf8_unicode_ci NOT NULL,
  `cliente` int(11) NOT NULL,
  `produto` int(11) NOT NULL,
  `periodoContrato` int(11) NOT NULL,
  `valor` float NOT NULL,
  `desconto` float NOT NULL,
  `valorPago` float NOT NULL,
  `dataVencimento` date NOT NULL,
  `observacoes` text COLLATE utf8_unicode_ci NOT NULL,
  `statusPagamento` varchar(100) COLLATE utf8_unicode_ci NOT NULL,
  `tipoPagamento` int(11) NOT NULL,
  `formaPagamento` int(11) NOT NULL,
  `dataPagamento` date NOT NULL,
  `contratoCancelado` tinyint(4) NOT NULL,
  `ativo` tinyint(4) NOT NULL,
  PRIMARY KEY (`id`)
) ENGINE=InnoDB DEFAULT CHARSET=utf8 COLLATE=utf8_unicode_ci;

CREATE TABLE `tabela_documento` (
  `id` int(11) NOT NULL AUTO_INCREMENT,
  `cliente` int(11) NOT NULL,
  `titulo` varchar(100) NOT NULL,
  `descricao` varchar(255) NOT NULL,
  `local` varchar(100) NOT NULL,
  `ativo` tinyint(4) NOT NULL,
  PRIMARY KEY (`id`)
) ENGINE=InnoDB AUTO_INCREMENT=100 DEFAULT CHARSET=utf8mb4;

 INSERT INTO tabela_documento VALUES('1','1','TESTE','RG, CPF, COMPR RES','documentos/documento-1.pdf','0');

 INSERT INTO tabela_documento VALUES('2','106','TESTE','TESTE','documentos/documento-2.pdf','0');

 INSERT INTO tabela_documento VALUES('3','107','','','documentos/documento-3.pdf','0');

 INSERT INTO tabela_documento VALUES('4','31','ANUIDADE 2025','CONTRATO 31 PGTO DO VALOR DE R$ 240,00 EM 13/01/2025 (RECEBIDO POR NATALIA HERDY NA MSB)','documentos/documento-4.pdf','1');

 INSERT INTO tabela_documento VALUES('5','16','ANUIDADE 2025','CONTRATO 16 PGTO DO VALOR DE R$ 240,00 EM 15/01/2025 (RECEBIDO POR NATALIA HERDY NA MSB)','documentos/documento-5.pdf','1');

 INSERT INTO tabela_documento VALUES('6','12','ANUIDADE 2025','CONTRATO 12 PGTO DO VALOR DE R$ 240,00 EM 22/01/2025 (RECEBIDO COMPROVANTE PIX)','documentos/documento-6.pdf','1');

 INSERT INTO tabela_documento VALUES('7','33','ANUIDADE 2025','CONTRATO 33 PGTO DO VALOR DE R$ 240,00 EM 20/01/2025 (RECEBIDO POR NATALIA HERDY NA MSB)','documentos/documento-7.pdf','1');

 INSERT INTO tabela_documento VALUES('8','64','ANUIDADE 2025','CONTRATO 64 PGTO DO VALOR DE R$ 240,00 EM 20/01/2025 (RECEBIDO POR NATALIA HERDY NA MSB)','documentos/documento-8.pdf','1');

 INSERT INTO tabela_documento VALUES('9','79','ANUIDADE 2025','CONTRATO 79 PGTO DO VALOR DE R$ 240,00 EM 23/01/2025 (RECEBIDO POR NATALIA HERDY NA MSB)','documentos/documento-9.pdf','1');

 INSERT INTO tabela_documento VALUES('10','30','ANUIDADE 2025','CONTRATO 30 PGTO DO VALOR DE R$ 240,00 EM 23/01/2025 (RECEBIDO POR NATALIA HERDY NA MSB)','documentos/documento-10.pdf','1');

 INSERT INTO tabela_documento VALUES('11','22','ANUIDADE 2025','CONTRATO 22 PGTO DO VALOR DE R$ 240,00 EM 23/01/2025 (RECEBIDO POR NATALIA HERDY NA MSB)','documentos/documento-11.pdf','1');

 INSERT INTO tabela_documento VALUES('12','19','ANUIDADE 2025','CONTRATO 19 PGTO DO VALOR DE R$ 240,00 EM 24/01/2025 (RECEBIDO POR NATALIA HERDY NA MSB)','documentos/documento-12.pdf','1');

 INSERT INTO tabela_documento VALUES('13','61','ANUIDADE 2025','CONTRATO 61 PGTO DO VALOR DE R$ 240,00 EM 24/01/2025 (RECEBIDO POR NATALIA HERDY NA MSB)','documentos/documento-13.pdf','0');

 INSERT INTO tabela_documento VALUES('14','61','ANUIDADE 2025','CONTRATO 61 PGTO DO VALOR DE R$ 240,00 EM 24/01/2025 (RECEBIDO POR NATALIA HERDY NA MSB)','documentos/documento-14.pdf','1');

 INSERT INTO tabela_documento VALUES('15','61','ANUIDADE 2025','CONTRATO 61 PGTO DO VALOR DE R$ 240,00 EM 24/01/2025 (RECEBIDO POR NATALIA HERDY NA MSB)','documentos/documento-15.pdf','0');

 INSERT INTO tabela_documento VALUES('16','69','ANUIDADE 2025','CONTRATO 69 PGTO DO VALOR DE R$ 240,00 EM 23/01/2025 (RECEBIDO POR NATALIA HERDY NA MSB)','documentos/documento-16.pdf','1');

 INSERT INTO tabela_documento VALUES('17','27','ANUIDADE 2025','CONTRATO 27 PGTO DO VALOR DE R$ 240,00 EM 24/01/2025 (RECEBIDO POR NATALIA HERDY NA MSB)','documentos/documento-17.pdf','1');

 INSERT INTO tabela_documento VALUES('18','2','ANUIDADE 2025','CONTRATO 02 PGTO DO VALOR DE R$ 240,00 EM 22/01/2025 (RECEBIDO POR NATALIA HERDY NA MSB)','documentos/documento-18.pdf','1');

 INSERT INTO tabela_documento VALUES('19','55','ANUIDADE 2025','CONTRATO 55 PGTO DO VALOR DE R$ 240,00 EM 24/01/2025 (RECEBIDO POR NATALIA HERDY NA MSB)','documentos/documento-19.pdf','1');

 INSERT INTO tabela_documento VALUES('20','32','ANUIDADE 2025','CONTRATO 32 PGTO DO VALOR DE R$ 240,00 EM 24/01/2025 (RECEBIDO POR NATALIA HERDY NA MSB)','documentos/documento-20.pdf','1');

 INSERT INTO tabela_documento VALUES('21','74','ANUIDADE 2025','CONTRATO 74 PGTO DO VALOR DE R$ 240,00 EM 27/01/2025 (RECEBIDO POR NATALIA HERDY NA MSB)','documentos/documento-21.pdf','1');

 INSERT INTO tabela_documento VALUES('22','75','ANUIDADE 2025','CONTRATO 75 PGTO DO VALOR DE R$ 240,00 EM 28/01/2025 (RECEBIDO POR NATALIA HERDY NA MSB)','documentos/documento-22.pdf','1');

 INSERT INTO tabela_documento VALUES('23','78','ANUIDADE 2025','CONTRATO 78 PGTO DO VALOR DE R$ 240,00 EM 29/01/2025 (RECEBIDO POR NATALIA HERDY NA MSB)','documentos/documento-23.pdf','1');

 INSERT INTO tabela_documento VALUES('24','41','ANUIDADE 2025','CONTRATO 41 PGTO DO VALOR DE R$ 240,00 EM 29/01/2025 (RECEBIDO POR NATALIA HERDY NA MSB)','documentos/documento-24.pdf','1');

 INSERT INTO tabela_documento VALUES('25','54','ANUIDADE 2025','CONTRATO 54 PGTO DO VALOR DE R$ 240,00 EM 30/01/2025 (RECEBIDO POR CAROL NA MSB)','documentos/documento-25.pdf','1');

 INSERT INTO tabela_documento VALUES('26','57','ANUIDADE 2025','CONTRATO 57 PGTO DO VALOR DE R$ 240,00 EM 30/01/2025 (RECEBIDO POR NATALIA HERDY NA MSB)','documentos/documento-26.pdf','1');

 INSERT INTO tabela_documento VALUES('27','11','ANUIDADE 2025','CONTRATO 11 PGTO DO VALOR DE R$ 240,00 EM 30/01/2025 (RECEBIDO POR CAROL NA MSB)','documentos/documento-27.pdf','1');

 INSERT INTO tabela_documento VALUES('28','10','ANUIDADE 2025','CONTRATO 10 PGTO DO VALOR DE R$ 240,00 EM 30/01/2025 (RECEBIDO POR CAROL NA MSB)','documentos/documento-28.pdf','1');

 INSERT INTO tabela_documento VALUES('29','100','ANUIDADE 2025','CONTRATO 100 PGTO DO VALOR DE R$ 240,00 EM 03/02/2025 (RECEBIDO POR NATALIA HERDY NA MSB)','documentos/documento-29.pdf','1');

 INSERT INTO tabela_documento VALUES('30','40','ANUIDADE 2025','CONTRATO 40 PGTO DO VALOR DE R$ 240,00 EM 04/02/2025 (RECEBIDO POR NATALIA HERDY NA MSB)','documentos/documento-30.pdf','1');

 INSERT INTO tabela_documento VALUES('31','4','ANUIDADE 2025','CONTRATO 04 PGTO DO VALOR DE R$ 240,00 EM 03/02/2025 (RECEBIDO POR NATALIA HERDY NA MSB)','documentos/documento-31.pdf','1');

 INSERT INTO tabela_documento VALUES('32','0','ANUIDADE 2025','CONTRATO 114 PGTO DO VALOR DE R$ 240,00 EM 03/02/2025 (RECEBIDO POR NATALIA HERDY NA MSB)','documentos/documento-32.pdf','1');

 INSERT INTO tabela_documento VALUES('33','109','ANUIDADE 2025','CONTRATO 109 PGTO DO VALOR DE R$ 240,00 EM 31/01/2025 (RECEBIDO VIA PIX )','documentos/documento-33.pdf','1');

 INSERT INTO tabela_documento VALUES('34','1','ANUIDADE 2025','CONTRATO 01 JAZIGO I.9 PGTO DO VALOR DE R$ 240,00 EM 05/02/2025 (RECEBIDO POR NATALIA HERDY NA MSB)','documentos/documento-34.pdf','1');

 INSERT INTO tabela_documento VALUES('35','68','ANUIDADE 2025','CONTRATO 68 PGTO DO VALOR DE R$ 240,00 EM 05/02/2025 (RECEBIDO POR NATALIA HERDY NA MSB)','documentos/documento-35.pdf','1');

 INSERT INTO tabela_documento VALUES('36','110','ANUIDADE 2025','CONTRATO 110 PGTO DO VALOR DE R$ 240,00 EM 05/02/2025 (RECEBIDO POR CAROL NA MSB)','documentos/documento-36.pdf','1');

 INSERT INTO tabela_documento VALUES('37','8','ANUIDADE 2025','CONTRATO 08 PGTO DO VALOR DE R$ 240,00 EM 05/02/2025 (RECEBIDO VIA PIX )','documentos/documento-37.pdf','1');

 INSERT INTO tabela_documento VALUES('38','44','ANUIDADE 2025','CONTRATO 44 PGTO DO VALOR DE R$ 240,00 EM 07/02/2025 (RECEBIDO POR PIX)','documentos/documento-38.pdf','1');

 INSERT INTO tabela_documento VALUES('39','49','ANUIDADE 2025','CONTRATO 49 PGTO DO VALOR DE R$ 240,00 EM 07/02/2025 (RECEBIDO POR NATALIA HERDY NA MSB)','documentos/documento-39.pdf','1');

 INSERT INTO tabela_documento VALUES('40','23','ANUIDADE 2025','CONTRATO 23 PGTO DO VALOR DE R$ 240,00 EM 06/02/2025 (RECEBIDO POR CAROL NA MSB)','documentos/documento-40.pdf','1');

 INSERT INTO tabela_documento VALUES('41','1','ANUIDADE 2025','CONTRATO 01 JAZIGO A.3 PGTO DO VALOR DE R$ 240,00 EM 06/02/2025 (RECEBIDO POR THALYA NA MSB)','documentos/documento-41.pdf','1');

 INSERT INTO tabela_documento VALUES('42','13','ANUIDADE 2025','CONTRATO 13 PGTO DO VALOR DE R$ 240,00 EM 06/02/2025 (RECEBIDO POR NATALIA HERDY NA MSB)','documentos/documento-42.pdf','1');

 INSERT INTO tabela_documento VALUES('43','52','ANUIDADE 2025','CONTRATO 52 PGTO DO VALOR DE R$ 240,00 EM 07/02/2025 (RECEBIDO POR CAROL NA MSB)','documentos/documento-43.pdf','1');

 INSERT INTO tabela_documento VALUES('44','25','ANUIDADE 2025','CONTRATO 25 PGTO DO VALOR DE R$ 240,00 EM 08/02/2025 (RECEBIDO POR PIX)','documentos/documento-44.pdf','1');

 INSERT INTO tabela_documento VALUES('45','46','ANUIDADE 2025','CONTRATO 46 PGTO DO VALOR DE R$ 240,00 EM 10/02/2025 (RECEBIDO POR PIX)','documentos/documento-45.pdf','1');

 INSERT INTO tabela_documento VALUES('46','11','','','documentos/documento-46.pdf','0');

 INSERT INTO tabela_documento VALUES('47','3','ANUIDADE 2025','CONTRATO 03 PGTO DO VALOR DE R$ 240,00 EM 09/02/2025 (RECEBIDO POR PIX)','documentos/documento-47.pdf','1');

 INSERT INTO tabela_documento VALUES('48','17','ANUIDADE 2025','CONTRATO 17 PGTO DO VALOR DE R$ 720,00 EM 09/02/2025 (RECEBIDO POR PIX REF. 3 JAZIGOS)','documentos/documento-48.pdf','1');

 INSERT INTO tabela_documento VALUES('49','28','ANUIDADE 2025','CONTRATO 28 PGTO DO VALOR DE R$ 240,00 EM 10/02/2025 (RECEBIDO POR NATALIA HERDY NA MSB)','documentos/documento-49.pdf','1');

 INSERT INTO tabela_documento VALUES('50','47','ANUIDADE 2025','CONTRATO 47 PGTO DO VALOR DE R$ 240,00 EM 11/02/2025 (RECEBIDO POR NATALIA HERDY NA MSB)','documentos/documento-50.pdf','1');

 INSERT INTO tabela_documento VALUES('51','42','ANUIDADE 2025','CONTRATO 42 PGTO DO VALOR DE R$ 240,00 EM 10/02/2025 (RECEBIDO POR NATALIA HERDY NA MSB)','documentos/documento-51.pdf','1');

 INSERT INTO tabela_documento VALUES('52','99','ANUIDADE 2025','CONTRATO 99 PGTO DO VALOR DE R$ 240,00 EM 10/02/2025 (RECEBIDO POR PIX)','documentos/documento-52.pdf','1');

 INSERT INTO tabela_documento VALUES('53','29','ANUIDADE 2025','CONTRATO 29 PGTO DO VALOR DE R$ 240,00 EM 11/02/2025 (RECEBIDO POR NATALIA HERDY NA MSB)','documentos/documento-53.pdf','1');

 INSERT INTO tabela_documento VALUES('54','37','ANUIDADE 2025','CONTRATO 37 PGTO DO VALOR DE R$ 240,00 EM 11/02/2025 (RECEBIDO POR PIX)','documentos/documento-54.pdf','1');

 INSERT INTO tabela_documento VALUES('55','76','ANUIDADE 2025','CONTRATO 76 PGTO DO VALOR DE R$ 240,00 EM 11/02/2025 (RECEBIDO POR NATALIA HERDY NA MSB)','documentos/documento-55.pdf','1');

 INSERT INTO tabela_documento VALUES('56','45','ANUIDADE 2025','CONTRATO 45 PGTO DO VALOR DE R$ 240,00 EM 12/02/2025 (RECEBIDO POR PIX)','documentos/documento-56.pdf','1');

 INSERT INTO tabela_documento VALUES('57','77','ANUIDADE 2025','CONTRATO 77 PGTO DO VALOR DE R$ 240,00 EM 12/01/2025 (RECEBIDO POR PIX)','documentos/documento-57.pdf','1');

 INSERT INTO tabela_documento VALUES('58','80','ANUIDADE 2025','CONTRATO 80 PGTO DO VALOR DE R$ 240,00 EM 11/02/2025 (RECEBIDO POR PIX)','documentos/documento-58.pdf','1');

 INSERT INTO tabela_documento VALUES('59','21','ANUIDADE 2025','PRORROGADO O PRAZO DE VENC. PARA 10/05/2025 AUTORIZADO POR CLAUDIA (CLIENTE PERDEU CASA EM INCÊNDIO)','documentos/documento-59.pdf','1');

 INSERT INTO tabela_documento VALUES('60','66','ANUIDADE 2025','CONTRATO 66 PGTO DO VALOR DE R$ 240,00 EM 13/02/2025 (RECEBIDO POR THALYA MA MSB)','documentos/documento-60.pdf','1');

 INSERT INTO tabela_documento VALUES('61','9','ANUIDADE 2025','CONTRATO 09 PGTO DO VALOR DE R$ 240,00 EM 13/02/2025 (RECEBIDO POR PIX)','documentos/documento-61.pdf','1');

 INSERT INTO tabela_documento VALUES('62','35','ANUIDADE 2025','CONTRATO 35 PGTO DO VALOR DE R$ 240,00 EM 14/02/2025 (RECEBIDO POR PIX)','documentos/documento-62.pdf','1');

 INSERT INTO tabela_documento VALUES('63','104','ANUIDADE 2025','CONTRATO 104 PGTO DO VALOR DE R$ 240,00 EM 17/02/2025 (RECEBIDO POR PIX)','documentos/documento-63.pdf','1');

 INSERT INTO tabela_documento VALUES('64','65','ANUIDADE 2025','CONTRATO 65 PGTO DO VALOR DE R$ 240,00 EM 14/02/2025 (RECEBIDO POR NATALIA HERDY NA MSB)','documentos/documento-64.pdf','1');

 INSERT INTO tabela_documento VALUES('65','63','ANUIDADE 2025','CONTRATO 63 PGTO DO VALOR DE R$ 240,00 EM 14/02/2025 (RECEBIDO POR NATALIA HERDY NA MSB)','documentos/documento-65.pdf','1');

 INSERT INTO tabela_documento VALUES('66','56','ANUIDADE 2025','CONTRATO 56 PGTO DO VALOR DE R$ 240,00 EM 14/02/2025 (RECEBIDO POR NATALIA HERDY NA MSB)','documentos/documento-66.pdf','1');

 INSERT INTO tabela_documento VALUES('67','53','ANUIDADE 2025','CONTRATO 53 PGTO DO VALOR DE R$ 240,00 EM 13/02/2025 (RECEBIDO POR PIX)','documentos/documento-67.pdf','1');

 INSERT INTO tabela_documento VALUES('68','7','ANUIDADE 2025','CONTRATO 07 PGTO DO VALOR DE R$ 240,00 EM 13/02/2025 (RECEBIDO POR PIX)','documentos/documento-68.pdf','1');

 INSERT INTO tabela_documento VALUES('69','71','ANUIDADE 2025','CONTRATO 71 PGTO DO VALOR DE R$ 240,00 EM 05/02/2025 (RECEBIDO POR PIX)','documentos/documento-69.pdf','1');

 INSERT INTO tabela_documento VALUES('70','14','ANUIDADE 2025','CONTRATO 14 PGTO DO VALOR DE R$ 240,00 EM 13/02/2025 (RECEBIDO POR NATALIA HERDY NA MSB)','documentos/documento-70.pdf','1');

 INSERT INTO tabela_documento VALUES('71','36','ANUIDADE 2025','CONTRATO 36 PGTO DO VALOR DE R$ 240,00 EM 10/02/2025 (RECEBIDO POR NATALIA HERDY NA MSB)','documentos/documento-71.pdf','1');

 INSERT INTO tabela_documento VALUES('72','24','ANUIDADE 2025','CONTRATO 24 JAZIGO I.10  PGTO R$ 240,00 EM 18/02/2025 (RECEBIDO POR NATALIA HERDY NA MSB)','documentos/documento-72.pdf','1');

 INSERT INTO tabela_documento VALUES('73','50','ANUIDADE 2025','CONTRATO 50 J.2 PGTO DO VALOR DE R$ 240,00 EM 19/02/2025 (RECEBIDO POR NATALIA HERDY NA MSB)','documentos/documento-73.pdf','1');

 INSERT INTO tabela_documento VALUES('74','50','ANUIDADE 2025','CONTRATO 50 F.12 PGTO DO VALOR DE R$ 240,00 EM 19/02/2025 (RECEBIDO POR NATALIA HERDY NA MSB)','documentos/documento-74.pdf','1');

 INSERT INTO tabela_documento VALUES('75','20','ANUIDADE 2025','CONTRATO 20 PGTO DO VALOR DE R$ 240,00 EM 19/02/2025 (RECEBIDO POR NATALIA HERDY NA MSB)','documentos/documento-75.pdf','1');

 INSERT INTO tabela_documento VALUES('76','15','ANUIDADE 2025','CONTRATO 15 PGTO DO VALOR DE R$ 240,00 EM 25/02/2025 (RECEBIDO POR NATALIA HERDY NA MSB)','documentos/documento-76.pdf','1');

 INSERT INTO tabela_documento VALUES('77','34','ANUIDADE 2025','CONTRATO 34 PGTO DO VALOR DE R$ 240,00 EM 24/02/2025 (RECEBIDO POR PIX)','documentos/documento-77.pdf','1');

 INSERT INTO tabela_documento VALUES('78','6','ANUIDADE 2025','CONTRATO 06 PGTO DO VALOR DE R$ 240,00 EM 10/02/2025 (RECEBIDO POR PIX)','documentos/documento-78.pdf','1');

 INSERT INTO tabela_documento VALUES('79','60','ANUIDADE 2025','CONTRATO 60 PGTO DO VALOR DE R$ 240,00 EM 28/02/2025 (RECEBIDO POR PIX)','documentos/documento-79.pdf','1');

 INSERT INTO tabela_documento VALUES('80','0','','','documentos/documento-80.pdf','0');

 INSERT INTO tabela_documento VALUES('81','70','ANUIDADE 2025','CONTRATO 70 PGTO DO VALOR DE R$ 240,00 EM 24/03/2025 (RECEBIDO POR NATALIA NA MSB)','documentos/documento-81.pdf','1');

 INSERT INTO tabela_documento VALUES('82','112','ANUIDADE 2025','CONTRATO 112 PGTO DO VALOR DE R$ 240,00 EM 25/02/2025 (RECEBIDO POR NATALIA HERDY NA MSB)','documentos/documento-82.pdf','1');

 INSERT INTO tabela_documento VALUES('83','51','ANUIDADE 2025','CONTRATO 51 PGTO DO VALOR DE R$ 240,00 EM 12/03/2025 (RECEBIDO POR NATALIA HERDY NA MSB)','documentos/documento-83.pdf','1');

 INSERT INTO tabela_documento VALUES('84','103','ANUIDADE 2025','CONTRATO 103 PGTO DO VALOR DE R$ 240,00 EM 10/03/2025 (RECEBIDO POR PIX)','documentos/documento-84.pdf','1');

 INSERT INTO tabela_documento VALUES('85','58','ANUIDADE 2025','CONTRATO 58 PGTO DO VALOR DE R$ 240,00 EM 25/02/2025 (RECEBIDO POR PIX)','documentos/documento-85.pdf','1');

 INSERT INTO tabela_documento VALUES('86','62','ANUIDADE 2025','CONTRATO 62 PGTO DO VALOR DE R$ 240,00 EM 24/02/2025 (RECEBIDO POR PIX)','documentos/documento-86.pdf','1');

 INSERT INTO tabela_documento VALUES('87','72','ANUIDADE 2025','CONTRATO 72 PGTO DO VALOR DE R$ 240,00 EM 25/02/2025 (RECEBIDO POR PIX)','documentos/documento-87.pdf','1');

 INSERT INTO tabela_documento VALUES('88','26','ANUIDADE 2025','CONTRATO 26 PGTO DO VALOR DE R$ 240,00 EM 25/02/2025 (RECEBIDO POR PIX)','documentos/documento-88.pdf','1');

 INSERT INTO tabela_documento VALUES('89','39','ANUIDADE 2025','CONTRATO 33 PGTO DO VALOR DE R$ 240,00 EM 02/04/2025 (RECEBIDO POR PIX)','documentos/documento-89.pdf','1');

 INSERT INTO tabela_documento VALUES('90','43','ANUIDADE 2025','CONTRATO 43 PGTO DO VALOR DE R$ 240,00 EM 31/03/2025 (RECEBIDO POR NATALIA HERDY NA MSB)','documentos/documento-90.pdf','1');

 INSERT INTO tabela_documento VALUES('91','73','ANUIDADE 2025','CONTRATO 73 PGTO DO VALOR DE R$ 240,00 EM 08/04/2025 (RECEBIDO POR NATALIA HERDY NA MSB)','documentos/documento-91.pdf','1');

 INSERT INTO tabela_documento VALUES('92','73','CARNÊ DE COMPRA DO JAZIGO','PAGTO DA ULTIMA PARCELA 08/04/2025 RECEBIDO POR NATALIA HERDY NA MSB','documentos/documento-92.pdf','1');

 INSERT INTO tabela_documento VALUES('93','77','RG E CPF','CÓPIA DO DOCUMENTO GILSON PEREIRA DOS SANTOS','documentos/documento-93.pdf','1');

 INSERT INTO tabela_documento VALUES('94','77','COMPRO. RESIDENCIA','CÓPIA DO DOCUMENTO GILSON PEREIRA DOS SANTOS','documentos/documento-94.pdf','1');

 INSERT INTO tabela_documento VALUES('95','77','COMPRO. RESIDENCIA','CÓPIA DO DOCUMENTO GILSON PEREIRA DOS SANTOS','documentos/documento-95.pdf','0');

 INSERT INTO tabela_documento VALUES('96','24','ANUIDADE 2025','CONTRATO 24 JAZIGO C-04 PGTO DO VALOR DE R$ 240,00 EM 24/04/2025 (RECEBIDO POR NATALIA HERDY NA MSB)','documentos/documento-96.pdf','1');

 INSERT INTO tabela_documento VALUES('97','67','ANUIDADE 2025','CONTRATO 67 PGTO DO VALOR DE R$ 240,00 EM 25/04/2025 (RECEBIDO POR PIX)','documentos/documento-97.pdf','1');

 INSERT INTO tabela_documento VALUES('98','108','ANUIDADE 2025','CONTRATO 108 PGTO DO VALOR DE R$ 240,00 EM 08/04/2025 (RECEBIDO POR NATALIA HERDY NA MSB)','documentos/documento-98.pdf','1');

 INSERT INTO tabela_documento VALUES('99','59','ANUIDADE 2025','CONTRATO 59 PGTO DO VALOR DE R$ 240,00 EM 30/04/2025 (RECEBIDO POR PIX)','documentos/documento-99.pdf','1');

CREATE TABLE `tabela_endereco` (
  `id` int(11) NOT NULL AUTO_INCREMENT,
  `cliente` int(11) NOT NULL,
  `endereco` varchar(255) NOT NULL,
  `numero` varchar(20) NOT NULL,
  `bairro` varchar(100) NOT NULL,
  `cidade` varchar(100) NOT NULL,
  `complemento` varchar(255) NOT NULL,
  `observacao` text NOT NULL,
  `ativo` tinyint(4) NOT NULL,
  PRIMARY KEY (`id`)
) ENGINE=InnoDB AUTO_INCREMENT=104 DEFAULT CHARSET=utf8mb4;

 INSERT INTO tabela_endereco VALUES('1','1','VALE DO CEDRO ','','STUCKY ','NOVA FRIBURGO ','','APOS O BAR DO PREXEDES, A ESQUERDA. ','1');

 INSERT INTO tabela_endereco VALUES('2','2','RUA MAURILIO MENDES SILVA ','428','GRANJA SPNELI','NOVA FRIBURGO','SOBRADO','','1');

 INSERT INTO tabela_endereco VALUES('3','3','','','STUCKY ','NOVA FRIBURGO ','','','1');

 INSERT INTO tabela_endereco VALUES('4','4','ESTRADA VEREADOR EUGÊNIO GUILHERME SPTIZ','4027','LUMIAR','NOVA FRIBURGO RJ','FUNDOS','','1');

 INSERT INTO tabela_endereco VALUES('5','5','ESTRADA DO STUCKY ','','STUCKY ','NOVA FRIBURGO ','','','1');

 INSERT INTO tabela_endereco VALUES('6','6','SITIO BEIRA MAR ','','STUCKY ','NOVA FRIBURGO ','','','1');

 INSERT INTO tabela_endereco VALUES('7','8','SITIO VERDE VIDA ','','STUCKY ','NOVA FRIBURGO ','','DEPOIS DO CAMPO STUCKY ','1');

 INSERT INTO tabela_endereco VALUES('8','7','RUA CORINTHO LUIZ FURTADO','417','BELFORD ROXO','RIO DE JANEIRO RJ','VIA SEABA','','1');

 INSERT INTO tabela_endereco VALUES('9','9','AVENIDA CONSELHEIRO JULIUS ARP','521','OLARIA','NOVA FRIBURGO RJ','FUNDOS','','1');

 INSERT INTO tabela_endereco VALUES('10','10','COLINIAL 61 ','','COLONIAL 61 ','NOVA FRIBURGO ','','FINAL DA RUA DA IGREJA CATÓLICA.  ','1');

 INSERT INTO tabela_endereco VALUES('11','12','ESTRADA DO CAMPO ','','STUCKY ','NOVA FRIBURGO ','','','1');

 INSERT INTO tabela_endereco VALUES('12','13','ESTRADA LUMIAR','KM 7,5','STUCKY ','NOVA FRIBURGO RJ','KM 7,5 ','TANIA DO MEL','1');

 INSERT INTO tabela_endereco VALUES('13','14','ESTRADA  ALCIDIMIRO BUSSINGER ','','STUCKY ','NOVA FRIBURGO ','','','1');

 INSERT INTO tabela_endereco VALUES('14','15','ROMÃO AGUILERA CAMPOS ','410 ','OLARIA ','NOVA FRIBURGO ','','','1');

 INSERT INTO tabela_endereco VALUES('15','16','RUA TOMÉ ','1','MURY ','NOVA FRIBURGO ','CASA ','','1');

 INSERT INTO tabela_endereco VALUES('16','17','ESTRADA DO STUCKY ','S/Nº','STUCKY ','NOVA FRIBURGO RJ','DORVALINO','','1');

 INSERT INTO tabela_endereco VALUES('17','18','ESTRADA DO STUCKY ','','STUCKY ','','','PASSANDO A CASA DA TEREZINHA, PRIMEIRA DIREITA. ','1');

 INSERT INTO tabela_endereco VALUES('18','19','RUA EMILIA FALCHETO ','109 ','CORDOEIRA ','NOVA FRIBURGO ','','','1');

 INSERT INTO tabela_endereco VALUES('19','19','RUA EMILIA FALCHETO ','109 ','CORDOEIRA ','NOVA FRIBURGO ','','','0');

 INSERT INTO tabela_endereco VALUES('20','20','ESTRADA TRES CACHOEIRAS ','S/Nº','CONQUISTA','NOVA FRIBURGO RJ','SITIO ROSA DE SARON','','1');

 INSERT INTO tabela_endereco VALUES('21','21','PREXEDES','S/Nº','STUCKY ','NOVA FRIBURGO RJ','','','1');

 INSERT INTO tabela_endereco VALUES('22','22','AV. ALBERTO BRAUNE ','175 APT 702','CENTRO ','NOVA FRIBURGO ','','','1');

 INSERT INTO tabela_endereco VALUES('23','23','ESTRADA DO STUCKY ','S/Nº','STUCKY ','NOVA FRIBURGO RJ','','NOLHO','1');

 INSERT INTO tabela_endereco VALUES('24','24','ESTRADA DO CAMPO SITIO VAI QUEM QUER ','','STUCKY ','NOVA FRIBURGO ','','','1');

 INSERT INTO tabela_endereco VALUES('25','25','RUA ALAGOAS ','09','BELA VISTA OLARIA','NOVA FRIBURGO RJ','','','1');

 INSERT INTO tabela_endereco VALUES('26','26','RUA CARLOS LUIZ JACOB ','137','RAIRRO SUIÇO','NOVA FRIBURGO ','','','1');

 INSERT INTO tabela_endereco VALUES('27','27','PREXEDES','S/Nº','STUCKY ','NOVA FRIBURGO RJ','','PONTO FINAL SUBIR A ESQUERDA 1ª DIREITA RUA DE CONCRETO','1');

 INSERT INTO tabela_endereco VALUES('28','28','NA DESCIDA DA ASSEMBLEIA DE DEUS. ','','STUCKY ','NOVA FRIBURGO ','CASA ','CASA AZUL, MURO VERDE, NA DESCIDA DA ASSEMBLEIA DE DEUS. ','1');

 INSERT INTO tabela_endereco VALUES('29','29','ESTRADA DO STUCKY ','S/Nº','STUCKY ','NOVA FRIBURGO RJ','IRMÃ EDMAR','','1');

 INSERT INTO tabela_endereco VALUES('30','30','RUA AUGUSTO SPNELLI','78 ','CENTRO ','NOVA FRIBURGO RJ','APT. 502','','1');

 INSERT INTO tabela_endereco VALUES('31','31','RUA PREFEITO AMANCIO MARIO DE AZEVEDO ','246','CORDOEIRA ','NOVA FRIBURGO ','','','1');

 INSERT INTO tabela_endereco VALUES('32','32','ALTO DOS 50','S/Nº','ALTO DOS 50','NOVA FRIBURGO RJ','','','1');

 INSERT INTO tabela_endereco VALUES('33','33','SITIO DO PEDRO ','S/Nº','STUCKY ','NOVA FRIBURGO RJ','','','1');

 INSERT INTO tabela_endereco VALUES('34','34','ALAMEDA DAS PEDRAS NEGRAS ','290','PARQUE DON JOÃO VI','NOVA FRIBURGO RJ','','','1');

 INSERT INTO tabela_endereco VALUES('35','35','RUA BRUNO WEISMANN ','141 ','MURY ','RIO DE JANEIRO RJ','','','1');

 INSERT INTO tabela_endereco VALUES('36','36','RUA  DALGIO LUIZ CARESTIATO','420','MURY ','NOVA FRIBURGO RJ','','','1');

 INSERT INTO tabela_endereco VALUES('37','37','RUA TERESÓPOLIS','78','VILA AMÉLIA','NOVA FRIBURGO RJ','BLOCO 03 APT. 401','','1');

 INSERT INTO tabela_endereco VALUES('38','38','ESTRADA DO STUCKY ','S/Nº','STUCKY ','RIO DE JANEIRO RJ','','PERTO DA TEREZINHA, BAMBU GIGANTE','1');

 INSERT INTO tabela_endereco VALUES('39','39','ESTRADA DO STUCKY','S/Nº','STUCKY ','NOVA FRIBURGO RJ','','DEPOIS DO ZÉ ITALIANO PONTE DE MADEIRA , A ESQUERDA','1');

 INSERT INTO tabela_endereco VALUES('40','40','ESTRADA DO STUCKY ','S/Nº','STUCKY ','NOVA FRIBURGO RJ','','DESCENDO O CALÇAMENTO EM FRENTE A IGREJA ASSEMBLÉIA DE DEUS','1');

 INSERT INTO tabela_endereco VALUES('41','41','ESTRADA LUMIAR','S/Nº','MURY ','NOVA FRIBURGO RJ','','SITIO MORRO ALTO, SUBIDA DE LAJOTA','1');

 INSERT INTO tabela_endereco VALUES('42','42','RUA AMERICO CASTRO PIMENTEL','102','OLARIA','NOVA FRIBURGO RJ','APT. 301','','1');

 INSERT INTO tabela_endereco VALUES('43','43','TRAVESSA JULIO BRAGA CORDEIRO','08','CATARCIONE','NOVA FRIBURGO RJ','','','1');

 INSERT INTO tabela_endereco VALUES('44','44','RUA PALMIRA RIBEIRO DE SOUZA','166 BECO 743','NOVA ALIANÇA','RIO DAS OSTRAS - RJ','','','1');

 INSERT INTO tabela_endereco VALUES('45','45','ESTRADA LUMIAR','KM 16','LUMIAR','NOVA FRIBURGO RJ','SANTIAGO','BAR NO SANTIAGO','1');

 INSERT INTO tabela_endereco VALUES('46','46','AVENIDA GALDINO DO VALLE FILHO','61','CENTRO ','NOVA FRIBURGO RJ','APT 507','','1');

 INSERT INTO tabela_endereco VALUES('47','47','RUA THOMÉ','207','MURY ','NOVA FRIBURGO RJ','','','1');

 INSERT INTO tabela_endereco VALUES('48','48','ESTRADA DO STUCKY ','S/Nº','STUCKY ','','','','1');

 INSERT INTO tabela_endereco VALUES('49','49','ESTRADA DO STUCKY ','S/Nº','STUCKY ','NOVA FRIBURGO RJ','','','1');

 INSERT INTO tabela_endereco VALUES('50','50','RUA MARFISA ROSA SILVA','75','JARDIM CALIFORNIA','NOVA FRIBURGO RJ','Nº 75 BLOCO 15 APT 308','','1');

 INSERT INTO tabela_endereco VALUES('51','51','ESTRADA LUMIAR','S/Nº','MURY ','NOVA FRIBURGO RJ','KM 2,5','','1');

 INSERT INTO tabela_endereco VALUES('52','52','RUA THOMÉ','298','MURY ','NOVA FRIBURGO RJ','','','1');

 INSERT INTO tabela_endereco VALUES('53','53','RUA TERESÓPOLIS','225','VILA AMÉLIA','NOVA FRIBURGO RJ','BLOCO 03 APT 102','','1');

 INSERT INTO tabela_endereco VALUES('54','54','RUA EUGÊNIO THURLER','10','CENTRO','NOVA FRIBURGO RJ','LOJA 04','','1');

 INSERT INTO tabela_endereco VALUES('55','55','ESTRADA DO STUCKY ','S/Nº','STUCKY ','NOVA FRIBURGO RJ','ZÉ ITALIANO','','1');

 INSERT INTO tabela_endereco VALUES('56','56','RUA NELIO ABEU','S/Nº','STUCKY ','NOVA FRIBURGO RJ','SITIO ANA BELA','','1');

 INSERT INTO tabela_endereco VALUES('57','57','PREXEDES','S/Nº','STUCKY ','NOVA FRIBURGO RJ','','PONTO FINAL DESCE A RUA DE CONCRETO, NO FINAL DA SUBIDA A ESQUERDA','1');

 INSERT INTO tabela_endereco VALUES('58','58','ALTO DOS 50','S/Nº','ALTO DOS 50','NOVA FRIBURGO RJ','','','1');

 INSERT INTO tabela_endereco VALUES('59','59','ESTRADA DO STUCKY ','S/Nº','STUCKY ','NOVA FRIBURGO RJ','','SITIO DAS FLORES, CAMINHO DE COLONIAL 61, PERTO DA CASA DO TICHA','1');

 INSERT INTO tabela_endereco VALUES('60','60','VALE DO CEDRO ','S/Nº','STUCKY ','NOVA FRIBURGO RJ','','PONTO FINAL A ESQUERDA, ULTIMA CASA','1');

 INSERT INTO tabela_endereco VALUES('61','61','VALE DO CEDRO ','S/Nº','STUCKY ','NOVA FRIBURGO RJ','','BAR DA CRISTINA','1');

 INSERT INTO tabela_endereco VALUES('62','62','RUA DOM PEDRO II','631','PARQUE IMPERIAL','NOVA FRIBURGO RJ','','','1');

 INSERT INTO tabela_endereco VALUES('63','63','ESTRADA DO STUCKY ','S/Nº','STUCKY ','NOVA FRIBURGO RJ','','SITIO TARDEM II, DESCER NA SAGON','1');

 INSERT INTO tabela_endereco VALUES('64','64','VALE DO CEDRO ','S/Nº','STUCKY ','NOVA FRIBURGO RJ','ZÉ MARCHOM','PRÓXIMO A MATILDE, DEPOIS DO GALPÃO','1');

 INSERT INTO tabela_endereco VALUES('65','65','ESTRADA DO STUCKY ','S/Nº','STUCKY ','NOVA FRIBURGO RJ','','SITIO TARDEM II, DESCE NO SAGON','1');

 INSERT INTO tabela_endereco VALUES('66','67','RUA JULIO PERISSÊ','7','PERISSÊ','NOVA FRIBURGO RJ','','','1');

 INSERT INTO tabela_endereco VALUES('67','68','ESTRADA LUMIAR','S/Nº','STUCKY ','NOVA FRIBURGO RJ','','KM,6, HORTO, CASA LADO DIREITO ANTES DE DESCER O CALÇAMENTO','1');

 INSERT INTO tabela_endereco VALUES('68','69','ESTRADA DO STUCKY ','S/Nº','STUCKY ','NOVA FRIBURGO RJ','','CASA A VENDA','1');

 INSERT INTO tabela_endereco VALUES('69','70','RUA BENJAMIN CONSTANT ','1205','PRADO','NOVA FRIBURGO RJ','APT. 201','','1');

 INSERT INTO tabela_endereco VALUES('70','71','RUA VIRGINIA RIBEIRO','1279','MURY/LUMIAR','NOVA FRIBURGO RJ','','PASSANDO O PARGOS CLUB 1ª DIREIRA','1');

 INSERT INTO tabela_endereco VALUES('71','72','ESTRADA DO BELÓRIO','179','MURY/LUMIAR','NOVA FRIBURGO RJ','','LOJA MATERIAL DE CONSTRUÇÃO','1');

 INSERT INTO tabela_endereco VALUES('72','73','RUA MARIA BATISTA MOLIARI','52','VARGINHA','NOVA FRIBURGO RJ','','','1');

 INSERT INTO tabela_endereco VALUES('73','74','VALE DO CEDRO ','S/Nº','STUCKY ','NOVA FRIBURGO RJ','','BAR DOS PREXEDES','1');

 INSERT INTO tabela_endereco VALUES('74','75','RUA RIO TOCANTINS ','561','TINGLY','NOVA FRIBURGO RJ','','','1');

 INSERT INTO tabela_endereco VALUES('75','76','ALTO DOS 50','S/Nº','ALTO DOS 50','NOVA FRIBURGO RJ','','','1');

 INSERT INTO tabela_endereco VALUES('76','77','VALE DO CEDRO ','S/Nº','STUCKY ','NOVA FRIBURGO RJ','','','1');

 INSERT INTO tabela_endereco VALUES('77','78','CIDADE DAS PIRÂMIDES','','ESTRADA LUMIAR','NOVA FRIBURGO RJ','','','1');

 INSERT INTO tabela_endereco VALUES('78','79','ESTRADA DO STUCKY ','S/Nº','STUCKY ','NOVA FRIBURGO RJ','','PRÓXIM A A CASA DA SANDRA IRMÃ DO EDMAR','1');

 INSERT INTO tabela_endereco VALUES('79','80','ESTRADA DO STUCKY ','S/Nº','STUCKY ','','','','1');

 INSERT INTO tabela_endereco VALUES('80','81','PREXEDES','S/Nº','STUCKY ','NOVA FRIBURGO RJ','','DEPOIS DA LIXEIRA','1');

 INSERT INTO tabela_endereco VALUES('81','87','VALE DO CEDRO ','S/Nº','STUCKY ','NOVA FRIBURGO RJ','','SITIO SÃO JORGE','1');

 INSERT INTO tabela_endereco VALUES('82','95','RUA CLEMENTINO FRAGA','230','PONTE DA SAUDADE','NOVA FRIBURGO RJ','','','1');

 INSERT INTO tabela_endereco VALUES('83','97','ESTRADA DO STUCKY ','S/Nº','STUCKY ','NOVA FRIBURGO RJ','','SITIO BOMFIM','1');

 INSERT INTO tabela_endereco VALUES('84','99','RUA MANOEL ALEXANDRE DE MOURA','81','VARGINHA','NOVA FRIBURGO RJ','','','1');

 INSERT INTO tabela_endereco VALUES('85','100','RUA MARANHÃO','115','BELA VISTA','NOVA FRIBURGO RJ','','','1');

 INSERT INTO tabela_endereco VALUES('86','101','ESTRADA DO STUCKY ','108','STUCKY ','NOVA FRIBURGO RJ','SR. MOTA','','0');

 INSERT INTO tabela_endereco VALUES('87','101','ESTRADA DO STUCKY ','108','STUCKY ','NOVA FRIBURGO RJ','SR. MOTA','','0');

 INSERT INTO tabela_endereco VALUES('88','101','ESTRADA DO STUCKY ','108','STUCKY ','NOVA FRIBURGO RJ','SR. MOTA','','0');

 INSERT INTO tabela_endereco VALUES('89','101','ESTRADA DO STUCKY ','108','STUCKY ','NOVA FRIBURGO RJ','SR. MOTA','','1');

 INSERT INTO tabela_endereco VALUES('90','103','ESTRADA MURY LUMIAR ','KM 08','LUMIAR','NOVA FRIBURGO - RJ','','','1');

 INSERT INTO tabela_endereco VALUES('91','104','RUA EUGENIO ROSA ','93','AMPARO','NOVA FRIBURGO/RJ','','','1');

 INSERT INTO tabela_endereco VALUES('92','105','ESTRADA MURY LUMIAR KM 06','','STUCKY','NOVA FRIBURGO/RIO DE JANEIRO','','','1');

 INSERT INTO tabela_endereco VALUES('93','106','MODESTO DE MELO','25','CENTRO','','','','1');

 INSERT INTO tabela_endereco VALUES('94','107','RUA FROSSARS','13','BRAUNES ','NF RJ','FIM DA RUA ','','1');

 INSERT INTO tabela_endereco VALUES('95','110','ESTRADA MACAÉ DE CIMA  SITIO SEM PONTE','S/Nº','MACAÉ DE CIMA','NOVA FRIBURGO - RIO DE JANEIRO','','','1');

 INSERT INTO tabela_endereco VALUES('96','111','IUTR','58','KK','','','','1');

 INSERT INTO tabela_endereco VALUES('97','112','ESTRADA DO STUCKY','S/Nº','STUCKY','NOVA FRIBURGO RJ','','','1');

 INSERT INTO tabela_endereco VALUES('98','108','RUA EDITH PINHEIRO DE FARIA ','13','BRAUNES ','NOVA FRIBURGO - RJ','','PAI DA CAROL FUNCIONÁRIA MSB','1');

 INSERT INTO tabela_endereco VALUES('99','109','RUA SETE DE SETEMBRO ','S/N°','LUMIAR ','NOVA FRIBURGO - RJ','','','1');

 INSERT INTO tabela_endereco VALUES('100','114','ALMICAR CARPENTER FERREZ','87','VARGINHA','NOVA FRIBURGO RJ','','','1');

 INSERT INTO tabela_endereco VALUES('101','115','RUA ALFREDO VOLPI APT. 504','50','RECREIO','RIO DE JANEIRO - RJ','','','1');

 INSERT INTO tabela_endereco VALUES('102','116','CONDOMIO DO STUCKY VALE DO CEDRO','','STUCKY','NOVA FRIBURGO -RJ','','PRÓXIMO AO BAR DA CRISTINA','1');

 INSERT INTO tabela_endereco VALUES('103','117','RUA YPE ROXO  BLOCO 04 APT.302','129','MURY','NOVA FRIBURGO-RJ','','','1');

CREATE TABLE `tabela_formapagamento` (
  `id` int(11) NOT NULL AUTO_INCREMENT,
  `formaPagamento` varchar(100) NOT NULL,
  `tipoPagamento` int(11) NOT NULL,
  `ativo` tinyint(4) NOT NULL,
  PRIMARY KEY (`id`)
) ENGINE=InnoDB AUTO_INCREMENT=3 DEFAULT CHARSET=utf8mb4;

 INSERT INTO tabela_formapagamento VALUES('1','DINHEIRO','1','1');

 INSERT INTO tabela_formapagamento VALUES('2','PIX','2','1');

CREATE TABLE `tabela_log` (
  `id` int(11) NOT NULL AUTO_INCREMENT,
  `tipo` varchar(100) NOT NULL,
  `modulo` varchar(100) NOT NULL,
  `descricao` text NOT NULL,
  `motivo` varchar(255) NOT NULL,
  `usuario` int(11) NOT NULL,
  `data` varchar(100) NOT NULL,
  `ip` varchar(100) NOT NULL,
  PRIMARY KEY (`id`)
) ENGINE=InnoDB AUTO_INCREMENT=854 DEFAULT CHARSET=utf8mb4;

 INSERT INTO tabela_log VALUES('1','DELETAR','CLIENTE','DELETOU O CLIENTE DO ID: 5','REPETIDA','3','2022-12-02 11:15:20','177.82.129.245');

 INSERT INTO tabela_log VALUES('2','DELETAR','ENDEREÇO','DELETOU O ENDEREÇO DO ID: 86','REPETIDO','3','2022-12-05 14:34:46','179.106.57.28');

 INSERT INTO tabela_log VALUES('3','DELETAR','ENDEREÇO','DELETOU O ENDEREÇO DO ID: 87','REPETIDO','3','2022-12-05 14:35:00','179.106.57.28');

 INSERT INTO tabela_log VALUES('4','DELETAR','ENDEREÇO','DELETOU O ENDEREÇO DO ID: 88','REPETIDO','3','2022-12-05 14:35:13','179.106.57.28');

 INSERT INTO tabela_log VALUES('5','DELETAR','SEPULTURA','DELETOU A SEPULTURA DO ID: 23','DUPLICIDADE','3','2022-12-26 14:45:14','179.106.57.31');

 INSERT INTO tabela_log VALUES('6','CADASTRAR','SEPULTAMENTO','CADASTROU O SEPULTAMENTO DO ID: 164','','3','2023-01-03 09:07:26','179.106.57.31');

 INSERT INTO tabela_log VALUES('7','CADASTRAR','SEPULTAMENTO','CADASTROU O SEPULTAMENTO DO ID: 165','','3','2023-01-03 09:10:22','179.106.57.31');

 INSERT INTO tabela_log VALUES('8','CADASTRAR','SEPULTAMENTO','CADASTROU O SEPULTAMENTO DO ID: 166','','3','2023-01-03 09:12:18','179.106.57.31');

 INSERT INTO tabela_log VALUES('9','CADASTRAR','SEPULTAMENTO','CADASTROU O SEPULTAMENTO DO ID: 167','','3','2023-01-03 09:15:06','179.106.57.31');

 INSERT INTO tabela_log VALUES('10','ALTERAR','CLIENTE','ALTEROU O CLIENTE DO ID: 102 // NOME - ANTES: VAGUINER MIZERETH - AGORA: VAGUINER MIZERETHS / DATANASCIMENTO - ANTES: 0000-00-00 - AGORA:  / ','','1','2023-01-03 10:28:31','45.226.117.100');

 INSERT INTO tabela_log VALUES('11','ALTERAR','CLIENTE','ALTEROU O CLIENTE DO ID: 102 // NOME - ANTES: VAGUINER MIZERETHS - AGORA: VAGUINER MIZERETH / DATANASCIMENTO - ANTES: 0000-00-00 - AGORA:  / ','','1','2023-01-03 10:28:38','45.226.117.100');

 INSERT INTO tabela_log VALUES('12','CADASTRAR','SEPULTAMENTO','CADASTROU O SEPULTAMENTO DO ID: 168','','3','2023-01-03 14:09:39','179.106.57.31');

 INSERT INTO tabela_log VALUES('13','CADASTRAR','SEPULTAMENTO','CADASTROU O SEPULTAMENTO DO ID: 169','','3','2023-01-03 14:11:58','179.106.57.31');

 INSERT INTO tabela_log VALUES('14','CADASTRAR','SEPULTAMENTO','CADASTROU O SEPULTAMENTO DO ID: 170','','3','2023-01-03 14:14:45','179.106.57.31');

 INSERT INTO tabela_log VALUES('15','CADASTRAR','SEPULTAMENTO','CADASTROU O SEPULTAMENTO DO ID: 171','','3','2023-01-03 14:16:39','179.106.57.31');

 INSERT INTO tabela_log VALUES('16','CADASTRAR','SEPULTAMENTO','CADASTROU O SEPULTAMENTO DO ID: 172','','3','2023-01-03 14:18:46','179.106.57.31');

 INSERT INTO tabela_log VALUES('17','CADASTRAR','SEPULTAMENTO','CADASTROU O SEPULTAMENTO DO ID: 173','','3','2023-01-03 14:20:47','179.106.57.31');

 INSERT INTO tabela_log VALUES('18','CADASTRAR','SEPULTAMENTO','CADASTROU O SEPULTAMENTO DO ID: 174','','3','2023-01-03 14:22:41','179.106.57.31');

 INSERT INTO tabela_log VALUES('19','CADASTRAR','SEPULTAMENTO','CADASTROU O SEPULTAMENTO DO ID: 175','','3','2023-01-03 14:24:43','179.106.57.31');

 INSERT INTO tabela_log VALUES('20','CADASTRAR','SEPULTAMENTO','CADASTROU O SEPULTAMENTO DO ID: 176','','3','2023-01-03 14:26:52','179.106.57.31');

 INSERT INTO tabela_log VALUES('21','CADASTRAR','SEPULTAMENTO','CADASTROU O SEPULTAMENTO DO ID: 177','','3','2023-01-03 14:28:26','179.106.57.31');

 INSERT INTO tabela_log VALUES('22','CADASTRAR','SEPULTAMENTO','CADASTROU O SEPULTAMENTO DO ID: 178','','3','2023-01-03 14:30:44','179.106.57.31');

 INSERT INTO tabela_log VALUES('23','CADASTRAR','SEPULTAMENTO','CADASTROU O SEPULTAMENTO DO ID: 179','','3','2023-01-03 14:32:21','179.106.57.31');

 INSERT INTO tabela_log VALUES('24','CADASTRAR','SEPULTAMENTO','CADASTROU O SEPULTAMENTO DO ID: 180','','3','2023-01-03 14:34:31','179.106.57.31');

 INSERT INTO tabela_log VALUES('25','CADASTRAR','SEPULTAMENTO','CADASTROU O SEPULTAMENTO DO ID: 181','','3','2023-01-03 14:38:39','179.106.57.31');

 INSERT INTO tabela_log VALUES('26','CADASTRAR','SEPULTAMENTO','CADASTROU O SEPULTAMENTO DO ID: 182','','3','2023-01-03 14:40:49','179.106.57.31');

 INSERT INTO tabela_log VALUES('27','CADASTRAR','SEPULTAMENTO','CADASTROU O SEPULTAMENTO DO ID: 183','','3','2023-01-03 14:42:32','179.106.57.31');

 INSERT INTO tabela_log VALUES('28','CADASTRAR','SEPULTAMENTO','CADASTROU O SEPULTAMENTO DO ID: 184','','3','2023-01-03 14:44:22','179.106.57.31');

 INSERT INTO tabela_log VALUES('29','CADASTRAR','SEPULTAMENTO','CADASTROU O SEPULTAMENTO DO ID: 185','','3','2023-01-03 14:45:46','179.106.57.31');

 INSERT INTO tabela_log VALUES('30','CADASTRAR','SEPULTAMENTO','CADASTROU O SEPULTAMENTO DO ID: 186','','3','2023-01-03 14:47:28','179.106.57.31');

 INSERT INTO tabela_log VALUES('31','CADASTRAR','SEPULTAMENTO','CADASTROU O SEPULTAMENTO DO ID: 187','','3','2023-01-03 14:49:26','179.106.57.31');

 INSERT INTO tabela_log VALUES('32','CADASTRAR','SEPULTAMENTO','CADASTROU O SEPULTAMENTO DO ID: 188','','3','2023-01-03 14:51:36','179.106.57.31');

 INSERT INTO tabela_log VALUES('33','CADASTRAR','SEPULTAMENTO','CADASTROU O SEPULTAMENTO DO ID: 189','','3','2023-01-03 14:53:56','179.106.57.31');

 INSERT INTO tabela_log VALUES('34','CADASTRAR','SEPULTAMENTO','CADASTROU O SEPULTAMENTO DO ID: 190','','3','2023-01-03 14:55:56','179.106.57.31');

 INSERT INTO tabela_log VALUES('35','CADASTRAR','SEPULTAMENTO','CADASTROU O SEPULTAMENTO DO ID: 191','','3','2023-01-03 14:58:30','179.106.57.31');

 INSERT INTO tabela_log VALUES('36','ALTERAR','SEPULTAMENTO','ALTEROU O SEPULTAMENTO DO ID: 191 // DATANASCIMENTO - ANTES: 0000-00-00 - AGORA:  / OBSERVACOES - ANTES:  - AGORA: TRANSLADADO PARA O NICHO 12 / ','','3','2023-01-03 14:59:07','179.106.57.31');

 INSERT INTO tabela_log VALUES('37','ALTERAR','SEPULTAMENTO','ALTEROU O SEPULTAMENTO DO ID: 191 // DATANASCIMENTO - ANTES: 0000-00-00 - AGORA:  / ','','3','2023-01-03 14:59:07','179.106.57.31');

 INSERT INTO tabela_log VALUES('38','CADASTRAR','SEPULTAMENTO','CADASTROU O SEPULTAMENTO DO ID: 192','','3','2023-01-03 15:01:19','179.106.57.31');

 INSERT INTO tabela_log VALUES('39','CADASTRAR','SEPULTAMENTO','CADASTROU O SEPULTAMENTO DO ID: 193','','3','2023-01-03 15:03:42','179.106.57.31');

 INSERT INTO tabela_log VALUES('40','CADASTRAR','SEPULTAMENTO','CADASTROU O SEPULTAMENTO DO ID: 194','','3','2023-01-03 15:08:47','179.106.57.31');

 INSERT INTO tabela_log VALUES('41','CADASTRAR','SEPULTAMENTO','CADASTROU O SEPULTAMENTO DO ID: 195','','3','2023-01-03 15:10:48','179.106.57.31');

 INSERT INTO tabela_log VALUES('42','CADASTRAR','SEPULTAMENTO','CADASTROU O SEPULTAMENTO DO ID: 196','','3','2023-01-03 15:14:31','179.106.57.31');

 INSERT INTO tabela_log VALUES('43','CADASTRAR','SEPULTAMENTO','CADASTROU O SEPULTAMENTO DO ID: 197','','3','2023-01-03 15:16:49','179.106.57.31');

 INSERT INTO tabela_log VALUES('44','CADASTRAR','SEPULTAMENTO','CADASTROU O SEPULTAMENTO DO ID: 198','','3','2023-01-03 15:18:25','179.106.57.31');

 INSERT INTO tabela_log VALUES('45','CADASTRAR','SEPULTAMENTO','CADASTROU O SEPULTAMENTO DO ID: 199','','3','2023-01-03 15:21:03','179.106.57.31');

 INSERT INTO tabela_log VALUES('46','CADASTRAR','SEPULTAMENTO','CADASTROU O SEPULTAMENTO DO ID: 200','','3','2023-01-03 15:23:56','179.106.57.31');

 INSERT INTO tabela_log VALUES('47','CADASTRAR','SEPULTAMENTO','CADASTROU O SEPULTAMENTO DO ID: 201','','3','2023-01-03 15:26:03','179.106.57.31');

 INSERT INTO tabela_log VALUES('48','CADASTRAR','SEPULTAMENTO','CADASTROU O SEPULTAMENTO DO ID: 202','','3','2023-01-03 15:28:19','179.106.57.31');

 INSERT INTO tabela_log VALUES('49','CADASTRAR','SEPULTAMENTO','CADASTROU O SEPULTAMENTO DO ID: 203','','3','2023-01-03 15:30:30','179.106.57.31');

 INSERT INTO tabela_log VALUES('50','DELETAR','SEPULTAMENTO','DELETOU A SEPULTAMENTO DO ID: 203','DUPLICIDADE','3','2023-01-03 15:30:56','179.106.57.31');

 INSERT INTO tabela_log VALUES('51','CADASTRAR','SEPULTAMENTO','CADASTROU O SEPULTAMENTO DO ID: 204','','3','2023-01-03 15:33:30','179.106.57.31');

 INSERT INTO tabela_log VALUES('52','CADASTRAR','SEPULTAMENTO','CADASTROU O SEPULTAMENTO DO ID: 205','','3','2023-01-03 15:36:06','179.106.57.31');

 INSERT INTO tabela_log VALUES('53','CADASTRAR','SEPULTAMENTO','CADASTROU O SEPULTAMENTO DO ID: 206','','3','2023-01-03 15:38:08','179.106.57.31');

 INSERT INTO tabela_log VALUES('54','CADASTRAR','SEPULTAMENTO','CADASTROU O SEPULTAMENTO DO ID: 207','','3','2023-01-03 15:40:52','179.106.57.31');

 INSERT INTO tabela_log VALUES('55','CADASTRAR','SEPULTAMENTO','CADASTROU O SEPULTAMENTO DO ID: 208','','3','2023-01-03 15:42:56','179.106.57.31');

 INSERT INTO tabela_log VALUES('56','CADASTRAR','SEPULTAMENTO','CADASTROU O SEPULTAMENTO DO ID: 209','','3','2023-01-03 15:44:45','179.106.57.31');

 INSERT INTO tabela_log VALUES('57','CADASTRAR','SEPULTAMENTO','CADASTROU O SEPULTAMENTO DO ID: 210','','3','2023-01-04 08:43:39','179.106.57.31');

 INSERT INTO tabela_log VALUES('58','CADASTRAR','SEPULTAMENTO','CADASTROU O SEPULTAMENTO DO ID: 211','','3','2023-01-04 08:45:14','179.106.57.31');

 INSERT INTO tabela_log VALUES('59','CADASTRAR','SEPULTAMENTO','CADASTROU O SEPULTAMENTO DO ID: 212','','3','2023-01-04 08:47:10','179.106.57.31');

 INSERT INTO tabela_log VALUES('60','CADASTRAR','SEPULTAMENTO','CADASTROU O SEPULTAMENTO DO ID: 213','','3','2023-01-04 08:48:34','179.106.57.31');

 INSERT INTO tabela_log VALUES('61','CADASTRAR','SEPULTAMENTO','CADASTROU O SEPULTAMENTO DO ID: 214','','3','2023-01-04 08:52:56','179.106.57.31');

 INSERT INTO tabela_log VALUES('62','CADASTRAR','SEPULTAMENTO','CADASTROU O SEPULTAMENTO DO ID: 215','','3','2023-01-04 08:56:16','179.106.57.31');

 INSERT INTO tabela_log VALUES('63','CADASTRAR','SEPULTAMENTO','CADASTROU O SEPULTAMENTO DO ID: 216','','3','2023-01-04 08:59:58','179.106.57.31');

 INSERT INTO tabela_log VALUES('64','CADASTRAR','SEPULTAMENTO','CADASTROU O SEPULTAMENTO DO ID: 217','','3','2023-01-04 09:03:23','179.106.57.31');

 INSERT INTO tabela_log VALUES('65','CADASTRAR','SEPULTAMENTO','CADASTROU O SEPULTAMENTO DO ID: 218','','3','2023-01-04 09:05:30','179.106.57.31');

 INSERT INTO tabela_log VALUES('66','CADASTRAR','SEPULTAMENTO','CADASTROU O SEPULTAMENTO DO ID: 219','','3','2023-01-04 09:07:27','179.106.57.31');

 INSERT INTO tabela_log VALUES('67','CADASTRAR','SEPULTAMENTO','CADASTROU O SEPULTAMENTO DO ID: 220','','3','2023-01-04 09:09:16','179.106.57.31');

 INSERT INTO tabela_log VALUES('68','CADASTRAR','SEPULTAMENTO','CADASTROU O SEPULTAMENTO DO ID: 221','','3','2023-01-04 09:10:37','179.106.57.31');

 INSERT INTO tabela_log VALUES('69','CADASTRAR','SEPULTAMENTO','CADASTROU O SEPULTAMENTO DO ID: 222','','3','2023-01-04 09:12:17','179.106.57.31');

 INSERT INTO tabela_log VALUES('70','CADASTRAR','SEPULTAMENTO','CADASTROU O SEPULTAMENTO DO ID: 223','','3','2023-01-04 09:16:07','179.106.57.31');

 INSERT INTO tabela_log VALUES('71','CADASTRAR','SEPULTAMENTO','CADASTROU O SEPULTAMENTO DO ID: 224','','3','2023-01-04 09:17:54','179.106.57.31');

 INSERT INTO tabela_log VALUES('72','CADASTRAR','SEPULTAMENTO','CADASTROU O SEPULTAMENTO DO ID: 225','','3','2023-01-04 09:20:02','179.106.57.31');

 INSERT INTO tabela_log VALUES('73','CADASTRAR','SEPULTAMENTO','CADASTROU O SEPULTAMENTO DO ID: 226','','3','2023-01-04 09:21:51','179.106.57.31');

 INSERT INTO tabela_log VALUES('74','CADASTRAR','SEPULTAMENTO','CADASTROU O SEPULTAMENTO DO ID: 227','','3','2023-01-04 09:23:13','179.106.57.31');

 INSERT INTO tabela_log VALUES('75','CADASTRAR','SEPULTAMENTO','CADASTROU O SEPULTAMENTO DO ID: 228','','3','2023-01-04 09:24:50','179.106.57.31');

 INSERT INTO tabela_log VALUES('76','CADASTRAR','SEPULTAMENTO','CADASTROU O SEPULTAMENTO DO ID: 229','','3','2023-01-04 09:26:18','179.106.57.31');

 INSERT INTO tabela_log VALUES('77','CADASTRAR','SEPULTAMENTO','CADASTROU O SEPULTAMENTO DO ID: 230','','3','2023-01-04 09:27:34','179.106.57.31');

 INSERT INTO tabela_log VALUES('78','CADASTRAR','SEPULTAMENTO','CADASTROU O SEPULTAMENTO DO ID: 231','','3','2023-01-04 09:30:54','179.106.57.31');

 INSERT INTO tabela_log VALUES('79','CADASTRAR','SEPULTAMENTO','CADASTROU O SEPULTAMENTO DO ID: 232','','3','2023-01-04 09:32:37','179.106.57.31');

 INSERT INTO tabela_log VALUES('80','CADASTRAR','SEPULTAMENTO','CADASTROU O SEPULTAMENTO DO ID: 233','','3','2023-01-04 09:34:11','179.106.57.31');

 INSERT INTO tabela_log VALUES('81','CADASTRAR','SEPULTAMENTO','CADASTROU O SEPULTAMENTO DO ID: 234','','3','2023-01-04 09:35:48','179.106.57.31');

 INSERT INTO tabela_log VALUES('82','CADASTRAR','SEPULTAMENTO','CADASTROU O SEPULTAMENTO DO ID: 235','','3','2023-01-04 09:37:06','179.106.57.31');

 INSERT INTO tabela_log VALUES('83','CADASTRAR','SEPULTAMENTO','CADASTROU O SEPULTAMENTO DO ID: 236','','3','2023-01-04 09:39:11','179.106.57.31');

 INSERT INTO tabela_log VALUES('84','CADASTRAR','SEPULTAMENTO','CADASTROU O SEPULTAMENTO DO ID: 237','','3','2023-01-04 09:40:55','179.106.57.31');

 INSERT INTO tabela_log VALUES('85','CADASTRAR','SEPULTAMENTO','CADASTROU O SEPULTAMENTO DO ID: 238','','3','2023-01-05 08:29:09','179.106.63.254');

 INSERT INTO tabela_log VALUES('86','CADASTRAR','SEPULTAMENTO','CADASTROU O SEPULTAMENTO DO ID: 239','','3','2023-01-05 08:32:56','179.106.63.254');

 INSERT INTO tabela_log VALUES('87','CADASTRAR','SEPULTAMENTO','CADASTROU O SEPULTAMENTO DO ID: 240','','3','2023-01-05 08:34:57','179.106.63.254');

 INSERT INTO tabela_log VALUES('88','CADASTRAR','SEPULTAMENTO','CADASTROU O SEPULTAMENTO DO ID: 241','','3','2023-01-05 08:37:23','179.106.63.254');

 INSERT INTO tabela_log VALUES('89','CADASTRAR','SEPULTAMENTO','CADASTROU O SEPULTAMENTO DO ID: 242','','3','2023-01-05 08:41:36','179.106.63.254');

 INSERT INTO tabela_log VALUES('90','CADASTRAR','SEPULTAMENTO','CADASTROU O SEPULTAMENTO DO ID: 243','','3','2023-01-05 08:44:14','179.106.63.254');

 INSERT INTO tabela_log VALUES('91','CADASTRAR','SEPULTAMENTO','CADASTROU O SEPULTAMENTO DO ID: 244','','3','2023-01-05 08:46:43','179.106.63.254');

 INSERT INTO tabela_log VALUES('92','CADASTRAR','SEPULTAMENTO','CADASTROU O SEPULTAMENTO DO ID: 245','','3','2023-01-05 08:48:40','179.106.63.254');

 INSERT INTO tabela_log VALUES('93','CADASTRAR','SEPULTAMENTO','CADASTROU O SEPULTAMENTO DO ID: 246','','3','2023-01-05 08:50:23','179.106.63.254');

 INSERT INTO tabela_log VALUES('94','CADASTRAR','SEPULTAMENTO','CADASTROU O SEPULTAMENTO DO ID: 247','','3','2023-01-05 08:52:15','179.106.63.254');

 INSERT INTO tabela_log VALUES('95','CADASTRAR','SEPULTAMENTO','CADASTROU O SEPULTAMENTO DO ID: 248','','3','2023-01-05 08:53:47','179.106.63.254');

 INSERT INTO tabela_log VALUES('96','CADASTRAR','SEPULTAMENTO','CADASTROU O SEPULTAMENTO DO ID: 249','','3','2023-01-05 08:55:34','179.106.63.254');

 INSERT INTO tabela_log VALUES('97','CADASTRAR','SEPULTAMENTO','CADASTROU O SEPULTAMENTO DO ID: 250','','3','2023-01-05 08:58:14','179.106.63.254');

 INSERT INTO tabela_log VALUES('98','CADASTRAR','SEPULTAMENTO','CADASTROU O SEPULTAMENTO DO ID: 251','','3','2023-01-05 08:59:55','179.106.63.254');

 INSERT INTO tabela_log VALUES('99','CADASTRAR','SEPULTAMENTO','CADASTROU O SEPULTAMENTO DO ID: 252','','3','2023-01-05 09:01:32','179.106.63.254');

 INSERT INTO tabela_log VALUES('100','CADASTRAR','SEPULTAMENTO','CADASTROU O SEPULTAMENTO DO ID: 253','','3','2023-01-05 09:03:13','179.106.63.254');

 INSERT INTO tabela_log VALUES('101','CADASTRAR','SEPULTAMENTO','CADASTROU O SEPULTAMENTO DO ID: 254','','3','2023-01-05 09:05:06','179.106.63.254');

 INSERT INTO tabela_log VALUES('102','CADASTRAR','SEPULTAMENTO','CADASTROU O SEPULTAMENTO DO ID: 255','','3','2023-01-05 09:06:29','179.106.63.254');

 INSERT INTO tabela_log VALUES('103','CADASTRAR','SEPULTAMENTO','CADASTROU O SEPULTAMENTO DO ID: 256','','3','2023-01-05 09:08:17','179.106.63.254');

 INSERT INTO tabela_log VALUES('104','CADASTRAR','SEPULTAMENTO','CADASTROU O SEPULTAMENTO DO ID: 257','','3','2023-01-05 09:09:54','179.106.63.254');

 INSERT INTO tabela_log VALUES('105','CADASTRAR','SEPULTAMENTO','CADASTROU O SEPULTAMENTO DO ID: 258','','3','2023-01-05 09:11:37','179.106.63.254');

 INSERT INTO tabela_log VALUES('106','CADASTRAR','SEPULTAMENTO','CADASTROU O SEPULTAMENTO DO ID: 259','','3','2023-01-05 09:13:34','179.106.63.254');

 INSERT INTO tabela_log VALUES('107','CADASTRAR','SEPULTAMENTO','CADASTROU O SEPULTAMENTO DO ID: 260','','3','2023-01-05 09:16:39','179.106.63.254');

 INSERT INTO tabela_log VALUES('108','ALTERAR','SEPULTAMENTO','ALTEROU O SEPULTAMENTO DO ID: 260 // DATANASCIMENTO - ANTES: 0000-00-00 - AGORA:  / OBSERVACOES - ANTES:  - AGORA: EXUMADO PARA O NICHO 12 / ','','3','2023-01-05 09:16:55','179.106.63.254');

 INSERT INTO tabela_log VALUES('109','CADASTRAR','SEPULTAMENTO','CADASTROU O SEPULTAMENTO DO ID: 261','','3','2023-01-05 09:18:23','179.106.63.254');

 INSERT INTO tabela_log VALUES('110','CADASTRAR','SEPULTAMENTO','CADASTROU O SEPULTAMENTO DO ID: 262','','3','2023-01-05 09:19:58','179.106.63.254');

 INSERT INTO tabela_log VALUES('111','CADASTRAR','SEPULTAMENTO','CADASTROU O SEPULTAMENTO DO ID: 263','','3','2023-01-05 09:21:45','179.106.63.254');

 INSERT INTO tabela_log VALUES('112','CADASTRAR','SEPULTAMENTO','CADASTROU O SEPULTAMENTO DO ID: 264','','3','2023-01-05 09:23:54','179.106.63.254');

 INSERT INTO tabela_log VALUES('113','CADASTRAR','SEPULTAMENTO','CADASTROU O SEPULTAMENTO DO ID: 265','','3','2023-01-05 09:25:44','179.106.63.254');

 INSERT INTO tabela_log VALUES('114','CADASTRAR','SEPULTAMENTO','CADASTROU O SEPULTAMENTO DO ID: 266','','3','2023-01-05 09:27:06','179.106.63.254');

 INSERT INTO tabela_log VALUES('115','CADASTRAR','SEPULTAMENTO','CADASTROU O SEPULTAMENTO DO ID: 267','','3','2023-01-05 09:29:00','179.106.63.254');

 INSERT INTO tabela_log VALUES('116','CADASTRAR','SEPULTAMENTO','CADASTROU O SEPULTAMENTO DO ID: 268','','3','2023-01-05 09:31:13','179.106.63.254');

 INSERT INTO tabela_log VALUES('117','CADASTRAR','SEPULTAMENTO','CADASTROU O SEPULTAMENTO DO ID: 269','','3','2023-01-05 09:32:42','179.106.63.254');

 INSERT INTO tabela_log VALUES('118','CADASTRAR','SEPULTAMENTO','CADASTROU O SEPULTAMENTO DO ID: 270','','3','2023-01-05 09:34:48','179.106.63.254');

 INSERT INTO tabela_log VALUES('119','CADASTRAR','SEPULTAMENTO','CADASTROU O SEPULTAMENTO DO ID: 271','','3','2023-01-05 09:41:45','179.106.63.254');

 INSERT INTO tabela_log VALUES('120','CADASTRAR','SEPULTAMENTO','CADASTROU O SEPULTAMENTO DO ID: 272','','3','2023-01-05 09:43:36','179.106.63.254');

 INSERT INTO tabela_log VALUES('121','CADASTRAR','SEPULTAMENTO','CADASTROU O SEPULTAMENTO DO ID: 273','','3','2023-01-05 09:45:02','179.106.63.254');

 INSERT INTO tabela_log VALUES('122','CADASTRAR','SEPULTAMENTO','CADASTROU O SEPULTAMENTO DO ID: 274','','3','2023-01-05 09:47:30','179.106.63.254');

 INSERT INTO tabela_log VALUES('123','CADASTRAR','SEPULTAMENTO','CADASTROU O SEPULTAMENTO DO ID: 275','','3','2023-01-05 09:49:00','179.106.63.254');

 INSERT INTO tabela_log VALUES('124','CADASTRAR','SEPULTAMENTO','CADASTROU O SEPULTAMENTO DO ID: 276','','3','2023-01-05 09:51:07','179.106.63.254');

 INSERT INTO tabela_log VALUES('125','CADASTRAR','SEPULTAMENTO','CADASTROU O SEPULTAMENTO DO ID: 277','','3','2023-01-05 09:52:38','179.106.63.254');

 INSERT INTO tabela_log VALUES('126','CADASTRAR','SEPULTAMENTO','CADASTROU O SEPULTAMENTO DO ID: 278','','3','2023-01-05 09:54:04','179.106.63.254');

 INSERT INTO tabela_log VALUES('127','CADASTRAR','SEPULTAMENTO','CADASTROU O SEPULTAMENTO DO ID: 279','','3','2023-01-05 10:08:53','179.106.63.254');

 INSERT INTO tabela_log VALUES('128','CADASTRAR','SEPULTAMENTO','CADASTROU O SEPULTAMENTO DO ID: 280','','3','2023-01-05 10:12:07','179.106.63.254');

 INSERT INTO tabela_log VALUES('129','CADASTRAR','SEPULTAMENTO','CADASTROU O SEPULTAMENTO DO ID: 281','','3','2023-01-05 10:14:41','179.106.63.254');

 INSERT INTO tabela_log VALUES('130','CADASTRAR','SEPULTAMENTO','CADASTROU O SEPULTAMENTO DO ID: 282','','3','2023-01-09 09:36:56','179.106.63.254');

 INSERT INTO tabela_log VALUES('131','CADASTRAR','SEPULTAMENTO','CADASTROU O SEPULTAMENTO DO ID: 283','','3','2023-01-09 09:39:01','179.106.63.254');

 INSERT INTO tabela_log VALUES('132','CADASTRAR','SEPULTAMENTO','CADASTROU O SEPULTAMENTO DO ID: 284','','3','2023-01-09 09:41:28','179.106.63.254');

 INSERT INTO tabela_log VALUES('133','CADASTRAR','SEPULTAMENTO','CADASTROU O SEPULTAMENTO DO ID: 285','','3','2023-01-09 09:43:23','179.106.63.254');

 INSERT INTO tabela_log VALUES('134','CADASTRAR','SEPULTAMENTO','CADASTROU O SEPULTAMENTO DO ID: 286','','3','2023-01-09 09:47:55','179.106.63.254');

 INSERT INTO tabela_log VALUES('135','CADASTRAR','SEPULTAMENTO','CADASTROU O SEPULTAMENTO DO ID: 287','','3','2023-01-09 09:52:32','179.106.63.254');

 INSERT INTO tabela_log VALUES('136','CADASTRAR','SEPULTAMENTO','CADASTROU O SEPULTAMENTO DO ID: 288','','3','2023-01-09 09:54:17','179.106.63.254');

 INSERT INTO tabela_log VALUES('137','CADASTRAR','SEPULTAMENTO','CADASTROU O SEPULTAMENTO DO ID: 289','','3','2023-01-09 09:55:57','179.106.63.254');

 INSERT INTO tabela_log VALUES('138','CADASTRAR','SEPULTAMENTO','CADASTROU O SEPULTAMENTO DO ID: 290','','3','2023-01-09 09:57:58','179.106.63.254');

 INSERT INTO tabela_log VALUES('139','CADASTRAR','SEPULTAMENTO','CADASTROU O SEPULTAMENTO DO ID: 291','','3','2023-01-09 09:57:59','179.106.63.254');

 INSERT INTO tabela_log VALUES('140','DELETAR','SEPULTAMENTO','DELETOU A SEPULTAMENTO DO ID: 291','DUPLICIDADE','3','2023-01-09 09:58:18','179.106.63.254');

 INSERT INTO tabela_log VALUES('141','CADASTRAR','SEPULTAMENTO','CADASTROU O SEPULTAMENTO DO ID: 292','','3','2023-01-09 10:00:59','179.106.63.254');

 INSERT INTO tabela_log VALUES('142','ALTERAR','SEPULTAMENTO','ALTEROU O SEPULTAMENTO DO ID: 292 // DATANASCIMENTO - ANTES: 0000-00-00 - AGORA:  / ','','3','2023-01-09 10:01:39','179.106.63.254');

 INSERT INTO tabela_log VALUES('143','CADASTRAR','SEPULTAMENTO','CADASTROU O SEPULTAMENTO DO ID: 293','','3','2023-01-09 10:03:22','179.106.63.254');

 INSERT INTO tabela_log VALUES('144','CADASTRAR','SEPULTAMENTO','CADASTROU O SEPULTAMENTO DO ID: 294','','3','2023-01-12 08:03:19','179.106.63.216');

 INSERT INTO tabela_log VALUES('145','CADASTRAR','SEPULTAMENTO','CADASTROU O SEPULTAMENTO DO ID: 295','','3','2023-01-12 08:05:27','179.106.63.216');

 INSERT INTO tabela_log VALUES('146','CADASTRAR','SEPULTAMENTO','CADASTROU O SEPULTAMENTO DO ID: 296','','3','2023-01-12 08:06:59','179.106.63.216');

 INSERT INTO tabela_log VALUES('147','CADASTRAR','SEPULTAMENTO','CADASTROU O SEPULTAMENTO DO ID: 297','','3','2023-01-12 08:10:00','179.106.63.216');

 INSERT INTO tabela_log VALUES('148','CADASTRAR','SEPULTAMENTO','CADASTROU O SEPULTAMENTO DO ID: 298','','3','2023-01-12 08:13:41','179.106.63.216');

 INSERT INTO tabela_log VALUES('149','CADASTRAR','SEPULTAMENTO','CADASTROU O SEPULTAMENTO DO ID: 299','','3','2023-01-12 08:15:46','179.106.63.216');

 INSERT INTO tabela_log VALUES('150','CADASTRAR','SEPULTAMENTO','CADASTROU O SEPULTAMENTO DO ID: 300','','3','2023-01-12 08:17:39','179.106.63.216');

 INSERT INTO tabela_log VALUES('151','CADASTRAR','SEPULTAMENTO','CADASTROU O SEPULTAMENTO DO ID: 301','','3','2023-01-12 08:19:48','179.106.63.216');

 INSERT INTO tabela_log VALUES('152','CADASTRAR','SEPULTAMENTO','CADASTROU O SEPULTAMENTO DO ID: 302','','3','2023-01-12 08:23:07','179.106.63.216');

 INSERT INTO tabela_log VALUES('153','CADASTRAR','SEPULTAMENTO','CADASTROU O SEPULTAMENTO DO ID: 303','','3','2023-01-12 08:24:46','179.106.63.216');

 INSERT INTO tabela_log VALUES('154','CADASTRAR','SEPULTAMENTO','CADASTROU O SEPULTAMENTO DO ID: 304','','3','2023-01-12 08:27:08','179.106.63.216');

 INSERT INTO tabela_log VALUES('155','CADASTRAR','SEPULTAMENTO','CADASTROU O SEPULTAMENTO DO ID: 305','','3','2023-01-12 08:29:31','179.106.63.216');

 INSERT INTO tabela_log VALUES('156','CADASTRAR','SEPULTAMENTO','CADASTROU O SEPULTAMENTO DO ID: 306','','3','2023-01-12 08:31:14','179.106.63.216');

 INSERT INTO tabela_log VALUES('157','CADASTRAR','SEPULTAMENTO','CADASTROU O SEPULTAMENTO DO ID: 307','','3','2023-01-12 08:35:32','179.106.63.216');

 INSERT INTO tabela_log VALUES('158','CADASTRAR','SEPULTAMENTO','CADASTROU O SEPULTAMENTO DO ID: 308','','3','2023-01-12 08:37:56','179.106.63.216');

 INSERT INTO tabela_log VALUES('159','CADASTRAR','SEPULTAMENTO','CADASTROU O SEPULTAMENTO DO ID: 309','','3','2023-01-12 08:40:40','179.106.63.216');

 INSERT INTO tabela_log VALUES('160','CADASTRAR','SEPULTAMENTO','CADASTROU O SEPULTAMENTO DO ID: 310','','3','2023-01-12 08:43:10','179.106.63.216');

 INSERT INTO tabela_log VALUES('161','CADASTRAR','SEPULTAMENTO','CADASTROU O SEPULTAMENTO DO ID: 311','','3','2023-01-12 08:44:35','179.106.63.216');

 INSERT INTO tabela_log VALUES('162','CADASTRAR','SEPULTAMENTO','CADASTROU O SEPULTAMENTO DO ID: 312','','3','2023-01-12 08:48:30','179.106.63.216');

 INSERT INTO tabela_log VALUES('163','CADASTRAR','SEPULTAMENTO','CADASTROU O SEPULTAMENTO DO ID: 313','','3','2023-01-12 08:50:21','179.106.63.216');

 INSERT INTO tabela_log VALUES('164','CADASTRAR','SEPULTAMENTO','CADASTROU O SEPULTAMENTO DO ID: 314','','3','2023-01-12 08:51:54','179.106.63.216');

 INSERT INTO tabela_log VALUES('165','CADASTRAR','SEPULTAMENTO','CADASTROU O SEPULTAMENTO DO ID: 315','','3','2023-01-12 08:53:22','179.106.63.216');

 INSERT INTO tabela_log VALUES('166','CADASTRAR','SEPULTAMENTO','CADASTROU O SEPULTAMENTO DO ID: 316','','3','2023-01-12 08:54:41','179.106.63.216');

 INSERT INTO tabela_log VALUES('167','CADASTRAR','SEPULTAMENTO','CADASTROU O SEPULTAMENTO DO ID: 317','','3','2023-01-12 08:56:29','179.106.63.216');

 INSERT INTO tabela_log VALUES('168','CADASTRAR','SEPULTAMENTO','CADASTROU O SEPULTAMENTO DO ID: 318','','3','2023-01-12 08:57:56','179.106.63.216');

 INSERT INTO tabela_log VALUES('169','CADASTRAR','SEPULTAMENTO','CADASTROU O SEPULTAMENTO DO ID: 319','','3','2023-01-12 09:00:32','179.106.63.216');

 INSERT INTO tabela_log VALUES('170','CADASTRAR','SEPULTAMENTO','CADASTROU O SEPULTAMENTO DO ID: 320','','3','2023-01-12 09:01:51','179.106.63.216');

 INSERT INTO tabela_log VALUES('171','CADASTRAR','SEPULTAMENTO','CADASTROU O SEPULTAMENTO DO ID: 321','','3','2023-01-12 09:04:06','179.106.63.216');

 INSERT INTO tabela_log VALUES('172','CADASTRAR','SEPULTAMENTO','CADASTROU O SEPULTAMENTO DO ID: 322','','3','2023-01-12 09:07:11','179.106.63.216');

 INSERT INTO tabela_log VALUES('173','ALTERAR','SEPULTAMENTO','ALTEROU O SEPULTAMENTO DO ID: 302 // DATANASCIMENTO - ANTES: 0000-00-00 - AGORA:  / CARTORIO - ANTES:  - AGORA: 1º DISTRITO DE NOVA FRIBURGO / LIVRO - ANTES:  - AGORA: 8 / FOLHAS - ANTES:  - AGORA: 49 / NUMEROGUIASEPULTAMENTO - ANTES:  - AGORA: 5574 / ','','3','2023-01-13 07:50:04','179.106.63.216');

 INSERT INTO tabela_log VALUES('174','CADASTRAR','SEPULTAMENTO','CADASTROU O SEPULTAMENTO DO ID: 323','','3','2023-01-13 08:10:46','179.106.63.216');

 INSERT INTO tabela_log VALUES('175','CADASTRAR','SEPULTAMENTO','CADASTROU O SEPULTAMENTO DO ID: 324','','3','2023-01-13 08:15:01','179.106.63.216');

 INSERT INTO tabela_log VALUES('176','CADASTRAR','SEPULTAMENTO','CADASTROU O SEPULTAMENTO DO ID: 325','','3','2023-01-13 08:17:12','179.106.63.216');

 INSERT INTO tabela_log VALUES('177','CADASTRAR','SEPULTAMENTO','CADASTROU O SEPULTAMENTO DO ID: 326','','3','2023-01-13 08:18:25','179.106.63.216');

 INSERT INTO tabela_log VALUES('178','CADASTRAR','SEPULTAMENTO','CADASTROU O SEPULTAMENTO DO ID: 327','','3','2023-01-13 08:20:32','179.106.63.216');

 INSERT INTO tabela_log VALUES('179','CADASTRAR','SEPULTAMENTO','CADASTROU O SEPULTAMENTO DO ID: 328','','3','2023-01-13 08:32:38','179.106.63.216');

 INSERT INTO tabela_log VALUES('180','CADASTRAR','SEPULTAMENTO','CADASTROU O SEPULTAMENTO DO ID: 329','','3','2023-01-13 08:35:49','179.106.63.216');

 INSERT INTO tabela_log VALUES('181','CADASTRAR','SEPULTAMENTO','CADASTROU O SEPULTAMENTO DO ID: 330','','3','2023-01-13 08:38:07','179.106.63.216');

 INSERT INTO tabela_log VALUES('182','CADASTRAR','SEPULTAMENTO','CADASTROU O SEPULTAMENTO DO ID: 331','','3','2023-01-13 08:39:44','179.106.63.216');

 INSERT INTO tabela_log VALUES('183','CADASTRAR','SEPULTAMENTO','CADASTROU O SEPULTAMENTO DO ID: 332','','3','2023-01-13 08:41:50','179.106.63.216');

 INSERT INTO tabela_log VALUES('184','CADASTRAR','SEPULTAMENTO','CADASTROU O SEPULTAMENTO DO ID: 333','','3','2023-01-13 08:43:39','179.106.63.216');

 INSERT INTO tabela_log VALUES('185','CADASTRAR','SEPULTAMENTO','CADASTROU O SEPULTAMENTO DO ID: 334','','3','2023-01-13 08:45:06','179.106.63.216');

 INSERT INTO tabela_log VALUES('186','CADASTRAR','SEPULTAMENTO','CADASTROU O SEPULTAMENTO DO ID: 335','','3','2023-01-13 08:45:58','179.106.63.216');

 INSERT INTO tabela_log VALUES('187','CADASTRAR','SEPULTAMENTO','CADASTROU O SEPULTAMENTO DO ID: 336','','3','2023-01-13 08:48:08','179.106.63.216');

 INSERT INTO tabela_log VALUES('188','CADASTRAR','SEPULTAMENTO','CADASTROU O SEPULTAMENTO DO ID: 337','','3','2023-01-13 08:54:32','179.106.63.216');

 INSERT INTO tabela_log VALUES('189','CADASTRAR','SEPULTAMENTO','CADASTROU O SEPULTAMENTO DO ID: 338','','3','2023-01-13 08:56:17','179.106.63.216');

 INSERT INTO tabela_log VALUES('190','CADASTRAR','SEPULTAMENTO','CADASTROU O SEPULTAMENTO DO ID: 339','','3','2023-01-13 08:57:30','179.106.63.216');

 INSERT INTO tabela_log VALUES('191','CADASTRAR','SEPULTAMENTO','CADASTROU O SEPULTAMENTO DO ID: 340','','3','2023-01-13 08:58:58','179.106.63.216');

 INSERT INTO tabela_log VALUES('192','CADASTRAR','SEPULTAMENTO','CADASTROU O SEPULTAMENTO DO ID: 341','','3','2023-01-13 09:01:04','179.106.63.216');

 INSERT INTO tabela_log VALUES('193','CADASTRAR','SEPULTAMENTO','CADASTROU O SEPULTAMENTO DO ID: 342','','3','2023-01-13 09:03:26','179.106.63.216');

 INSERT INTO tabela_log VALUES('194','CADASTRAR','SEPULTAMENTO','CADASTROU O SEPULTAMENTO DO ID: 343','','3','2023-01-13 09:04:39','179.106.63.216');

 INSERT INTO tabela_log VALUES('195','CADASTRAR','SEPULTAMENTO','CADASTROU O SEPULTAMENTO DO ID: 344','','3','2023-01-13 09:06:08','179.106.63.216');

 INSERT INTO tabela_log VALUES('196','CADASTRAR','SEPULTAMENTO','CADASTROU O SEPULTAMENTO DO ID: 345','','3','2023-01-13 09:08:42','179.106.63.216');

 INSERT INTO tabela_log VALUES('197','CADASTRAR','SEPULTAMENTO','CADASTROU O SEPULTAMENTO DO ID: 346','','3','2023-01-13 09:10:08','179.106.63.216');

 INSERT INTO tabela_log VALUES('198','CADASTRAR','SEPULTAMENTO','CADASTROU O SEPULTAMENTO DO ID: 347','','3','2023-01-13 09:12:09','179.106.63.216');

 INSERT INTO tabela_log VALUES('199','CADASTRAR','SEPULTAMENTO','CADASTROU O SEPULTAMENTO DO ID: 348','','3','2023-01-13 09:13:54','179.106.63.216');

 INSERT INTO tabela_log VALUES('200','CADASTRAR','SEPULTAMENTO','CADASTROU O SEPULTAMENTO DO ID: 349','','3','2023-01-13 09:15:15','179.106.63.216');

 INSERT INTO tabela_log VALUES('201','CADASTRAR','SEPULTAMENTO','CADASTROU O SEPULTAMENTO DO ID: 350','','3','2023-01-13 09:16:54','179.106.63.216');

 INSERT INTO tabela_log VALUES('202','CADASTRAR','SEPULTAMENTO','CADASTROU O SEPULTAMENTO DO ID: 351','','3','2023-01-13 09:18:30','179.106.63.216');

 INSERT INTO tabela_log VALUES('203','CADASTRAR','SEPULTAMENTO','CADASTROU O SEPULTAMENTO DO ID: 352','','3','2023-01-13 09:20:33','179.106.63.216');

 INSERT INTO tabela_log VALUES('204','CADASTRAR','SEPULTAMENTO','CADASTROU O SEPULTAMENTO DO ID: 353','','3','2023-01-13 09:24:00','179.106.63.216');

 INSERT INTO tabela_log VALUES('205','ALTERAR','SEPULTAMENTO','ALTEROU O SEPULTAMENTO DO ID: 353 // DATANASCIMENTO - ANTES: 0000-00-00 - AGORA:  / ','','3','2023-01-13 09:24:33','179.106.63.216');

 INSERT INTO tabela_log VALUES('206','CADASTRAR','SEPULTAMENTO','CADASTROU O SEPULTAMENTO DO ID: 354','','3','2023-01-13 09:26:17','179.106.63.216');

 INSERT INTO tabela_log VALUES('207','CADASTRAR','SEPULTAMENTO','CADASTROU O SEPULTAMENTO DO ID: 355','','3','2023-01-13 09:27:55','179.106.63.216');

 INSERT INTO tabela_log VALUES('208','CADASTRAR','SEPULTAMENTO','CADASTROU O SEPULTAMENTO DO ID: 356','','3','2023-01-13 09:29:20','179.106.63.216');

 INSERT INTO tabela_log VALUES('209','CADASTRAR','SEPULTAMENTO','CADASTROU O SEPULTAMENTO DO ID: 357','','3','2023-01-13 09:30:39','179.106.63.216');

 INSERT INTO tabela_log VALUES('210','CADASTRAR','SEPULTAMENTO','CADASTROU O SEPULTAMENTO DO ID: 358','','3','2023-01-13 09:33:24','179.106.63.216');

 INSERT INTO tabela_log VALUES('211','CADASTRAR','SEPULTAMENTO','CADASTROU O SEPULTAMENTO DO ID: 359','','3','2023-01-13 09:35:03','179.106.63.216');

 INSERT INTO tabela_log VALUES('212','CADASTRAR','SEPULTAMENTO','CADASTROU O SEPULTAMENTO DO ID: 360','','3','2023-01-13 09:37:16','179.106.63.216');

 INSERT INTO tabela_log VALUES('213','CADASTRAR','SEPULTAMENTO','CADASTROU O SEPULTAMENTO DO ID: 361','','3','2023-01-13 09:38:27','179.106.63.216');

 INSERT INTO tabela_log VALUES('214','CADASTRAR','SEPULTAMENTO','CADASTROU O SEPULTAMENTO DO ID: 362','','3','2023-01-13 09:39:58','179.106.63.216');

 INSERT INTO tabela_log VALUES('215','CADASTRAR','SEPULTAMENTO','CADASTROU O SEPULTAMENTO DO ID: 363','','3','2023-01-13 09:41:56','179.106.63.216');

 INSERT INTO tabela_log VALUES('216','CADASTRAR','SEPULTAMENTO','CADASTROU O SEPULTAMENTO DO ID: 364','','3','2023-01-13 09:43:31','179.106.63.216');

 INSERT INTO tabela_log VALUES('217','CADASTRAR','SEPULTAMENTO','CADASTROU O SEPULTAMENTO DO ID: 365','','3','2023-01-13 09:44:52','179.106.63.216');

 INSERT INTO tabela_log VALUES('218','CADASTRAR','SEPULTAMENTO','CADASTROU O SEPULTAMENTO DO ID: 366','','3','2023-01-16 08:41:43','179.106.63.216');

 INSERT INTO tabela_log VALUES('219','CADASTRAR','SEPULTAMENTO','CADASTROU O SEPULTAMENTO DO ID: 367','','3','2023-01-16 08:43:57','179.106.63.216');

 INSERT INTO tabela_log VALUES('220','CADASTRAR','SEPULTAMENTO','CADASTROU O SEPULTAMENTO DO ID: 368','','3','2023-01-16 08:45:28','179.106.63.216');

 INSERT INTO tabela_log VALUES('221','CADASTRAR','SEPULTAMENTO','CADASTROU O SEPULTAMENTO DO ID: 369','','3','2023-01-16 08:53:52','179.106.63.216');

 INSERT INTO tabela_log VALUES('222','ALTERAR','SEPULTAMENTO','ALTEROU O SEPULTAMENTO DO ID: 369 // DATANASCIMENTO - ANTES: 0000-00-00 - AGORA:  / ','','3','2023-01-16 08:54:15','179.106.63.216');

 INSERT INTO tabela_log VALUES('223','CADASTRAR','SEPULTAMENTO','CADASTROU O SEPULTAMENTO DO ID: 370','','3','2023-01-16 08:56:07','179.106.63.216');

 INSERT INTO tabela_log VALUES('224','CADASTRAR','SEPULTAMENTO','CADASTROU O SEPULTAMENTO DO ID: 371','','3','2023-01-16 08:58:10','179.106.63.216');

 INSERT INTO tabela_log VALUES('225','CADASTRAR','SEPULTAMENTO','CADASTROU O SEPULTAMENTO DO ID: 372','','3','2023-01-16 09:00:09','179.106.63.216');

 INSERT INTO tabela_log VALUES('226','CADASTRAR','SEPULTAMENTO','CADASTROU O SEPULTAMENTO DO ID: 373','','3','2023-01-16 09:06:26','179.106.63.216');

 INSERT INTO tabela_log VALUES('227','CADASTRAR','SEPULTAMENTO','CADASTROU O SEPULTAMENTO DO ID: 374','','3','2023-01-16 09:09:22','179.106.63.216');

 INSERT INTO tabela_log VALUES('228','CADASTRAR','SEPULTAMENTO','CADASTROU O SEPULTAMENTO DO ID: 375','','3','2023-01-16 09:11:02','179.106.63.216');

 INSERT INTO tabela_log VALUES('229','CADASTRAR','SEPULTAMENTO','CADASTROU O SEPULTAMENTO DO ID: 376','','3','2023-01-16 09:13:20','179.106.63.216');

 INSERT INTO tabela_log VALUES('230','CADASTRAR','SEPULTAMENTO','CADASTROU O SEPULTAMENTO DO ID: 377','','3','2023-01-16 09:16:38','179.106.63.216');

 INSERT INTO tabela_log VALUES('231','CADASTRAR','SEPULTAMENTO','CADASTROU O SEPULTAMENTO DO ID: 378','','3','2023-01-16 09:19:10','179.106.63.216');

 INSERT INTO tabela_log VALUES('232','CADASTRAR','SEPULTAMENTO','CADASTROU O SEPULTAMENTO DO ID: 379','','3','2023-01-16 09:21:08','179.106.63.216');

 INSERT INTO tabela_log VALUES('233','CADASTRAR','SEPULTAMENTO','CADASTROU O SEPULTAMENTO DO ID: 380','','3','2023-01-16 09:22:36','179.106.63.216');

 INSERT INTO tabela_log VALUES('234','CADASTRAR','SEPULTAMENTO','CADASTROU O SEPULTAMENTO DO ID: 381','','3','2023-01-16 09:25:09','179.106.63.216');

 INSERT INTO tabela_log VALUES('235','CADASTRAR','SEPULTAMENTO','CADASTROU O SEPULTAMENTO DO ID: 382','','3','2023-01-16 09:27:06','179.106.63.216');

 INSERT INTO tabela_log VALUES('236','CADASTRAR','SEPULTAMENTO','CADASTROU O SEPULTAMENTO DO ID: 383','','3','2023-01-16 09:29:12','179.106.63.216');

 INSERT INTO tabela_log VALUES('237','CADASTRAR','SEPULTAMENTO','CADASTROU O SEPULTAMENTO DO ID: 384','','3','2023-01-16 09:30:33','179.106.63.216');

 INSERT INTO tabela_log VALUES('238','CADASTRAR','SEPULTAMENTO','CADASTROU O SEPULTAMENTO DO ID: 385','','3','2023-01-16 09:32:08','179.106.63.216');

 INSERT INTO tabela_log VALUES('239','CADASTRAR','SEPULTAMENTO','CADASTROU O SEPULTAMENTO DO ID: 386','','3','2023-01-16 09:34:59','179.106.63.216');

 INSERT INTO tabela_log VALUES('240','CADASTRAR','SEPULTAMENTO','CADASTROU O SEPULTAMENTO DO ID: 387','','3','2023-01-16 09:36:06','179.106.63.216');

 INSERT INTO tabela_log VALUES('241','CADASTRAR','SEPULTAMENTO','CADASTROU O SEPULTAMENTO DO ID: 388','','3','2023-01-16 09:38:07','179.106.63.216');

 INSERT INTO tabela_log VALUES('242','ALTERAR','SEPULTAMENTO','ALTEROU O SEPULTAMENTO DO ID: 388 // DATANASCIMENTO - ANTES: 0000-00-00 - AGORA:  / OBSERVACOES - ANTES:  - AGORA: EXUMADA / ','','3','2023-01-16 09:38:28','179.106.63.216');

 INSERT INTO tabela_log VALUES('243','CADASTRAR','SEPULTAMENTO','CADASTROU O SEPULTAMENTO DO ID: 389','','3','2023-01-16 09:55:45','179.106.63.216');

 INSERT INTO tabela_log VALUES('244','CADASTRAR','SEPULTAMENTO','CADASTROU O SEPULTAMENTO DO ID: 390','','3','2023-01-16 10:05:46','179.106.63.216');

 INSERT INTO tabela_log VALUES('245','CADASTRAR','SEPULTAMENTO','CADASTROU O SEPULTAMENTO DO ID: 391','','3','2023-01-16 10:07:32','179.106.63.216');

 INSERT INTO tabela_log VALUES('246','CADASTRAR','SEPULTAMENTO','CADASTROU O SEPULTAMENTO DO ID: 392','','3','2023-01-16 10:09:18','179.106.63.216');

 INSERT INTO tabela_log VALUES('247','CADASTRAR','SEPULTAMENTO','CADASTROU O SEPULTAMENTO DO ID: 393','','3','2023-01-16 10:10:43','179.106.63.216');

 INSERT INTO tabela_log VALUES('248','CADASTRAR','SEPULTAMENTO','CADASTROU O SEPULTAMENTO DO ID: 394','','3','2023-01-16 10:12:49','179.106.63.216');

 INSERT INTO tabela_log VALUES('249','CADASTRAR','SEPULTAMENTO','CADASTROU O SEPULTAMENTO DO ID: 395','','3','2023-01-16 10:15:00','179.106.63.216');

 INSERT INTO tabela_log VALUES('250','CADASTRAR','SEPULTAMENTO','CADASTROU O SEPULTAMENTO DO ID: 396','','3','2023-01-16 10:16:16','179.106.63.216');

 INSERT INTO tabela_log VALUES('251','CADASTRAR','SEPULTAMENTO','CADASTROU O SEPULTAMENTO DO ID: 397','','3','2023-01-16 10:17:44','179.106.63.216');

 INSERT INTO tabela_log VALUES('252','CADASTRAR','SEPULTAMENTO','CADASTROU O SEPULTAMENTO DO ID: 398','','3','2023-01-16 10:20:34','179.106.63.216');

 INSERT INTO tabela_log VALUES('253','CADASTRAR','SEPULTAMENTO','CADASTROU O SEPULTAMENTO DO ID: 399','','3','2023-01-16 10:22:41','179.106.63.216');

 INSERT INTO tabela_log VALUES('254','CADASTRAR','SEPULTAMENTO','CADASTROU O SEPULTAMENTO DO ID: 400','','3','2023-01-16 10:24:48','179.106.63.216');

 INSERT INTO tabela_log VALUES('255','CADASTRAR','SEPULTAMENTO','CADASTROU O SEPULTAMENTO DO ID: 401','','3','2023-01-16 10:26:56','179.106.63.216');

 INSERT INTO tabela_log VALUES('256','CADASTRAR','SEPULTAMENTO','CADASTROU O SEPULTAMENTO DO ID: 402','','3','2023-01-16 10:30:57','179.106.63.216');

 INSERT INTO tabela_log VALUES('257','CADASTRAR','SEPULTAMENTO','CADASTROU O SEPULTAMENTO DO ID: 403','','3','2023-01-16 10:33:47','179.106.63.216');

 INSERT INTO tabela_log VALUES('258','CADASTRAR','SEPULTAMENTO','CADASTROU O SEPULTAMENTO DO ID: 404','','3','2023-01-16 10:35:18','179.106.63.216');

 INSERT INTO tabela_log VALUES('259','CADASTRAR','SEPULTAMENTO','CADASTROU O SEPULTAMENTO DO ID: 405','','3','2023-01-16 10:37:20','179.106.63.216');

 INSERT INTO tabela_log VALUES('260','ALTERAR','SEPULTAMENTO','ALTEROU O SEPULTAMENTO DO ID: 405 // DATANASCIMENTO - ANTES: 0000-00-00 - AGORA:  / OBSERVACOES - ANTES:  - AGORA: SEPULTADA E EXUMADA NA SEP. C.6 / ','','3','2023-01-16 10:38:13','179.106.63.216');

 INSERT INTO tabela_log VALUES('261','CADASTRAR','SEPULTAMENTO','CADASTROU O SEPULTAMENTO DO ID: 406','','3','2023-01-16 10:40:06','179.106.63.216');

 INSERT INTO tabela_log VALUES('262','CADASTRAR','SEPULTAMENTO','CADASTROU O SEPULTAMENTO DO ID: 407','','3','2023-01-16 10:42:37','179.106.63.216');

 INSERT INTO tabela_log VALUES('263','CADASTRAR','SEPULTAMENTO','CADASTROU O SEPULTAMENTO DO ID: 408','','3','2023-01-16 10:45:17','179.106.63.216');

 INSERT INTO tabela_log VALUES('264','CADASTRAR','SEPULTAMENTO','CADASTROU O SEPULTAMENTO DO ID: 409','','3','2023-01-16 10:47:14','179.106.63.216');

 INSERT INTO tabela_log VALUES('265','CADASTRAR','SEPULTAMENTO','CADASTROU O SEPULTAMENTO DO ID: 410','','3','2023-01-16 10:48:45','179.106.63.216');

 INSERT INTO tabela_log VALUES('266','CADASTRAR','SEPULTAMENTO','CADASTROU O SEPULTAMENTO DO ID: 411','','3','2023-01-16 10:50:34','179.106.63.216');

 INSERT INTO tabela_log VALUES('267','CADASTRAR','SEPULTAMENTO','CADASTROU O SEPULTAMENTO DO ID: 412','','3','2023-01-16 10:55:48','179.106.63.216');

 INSERT INTO tabela_log VALUES('268','CADASTRAR','SEPULTAMENTO','CADASTROU O SEPULTAMENTO DO ID: 413','','3','2023-01-16 10:57:24','179.106.63.216');

 INSERT INTO tabela_log VALUES('269','CADASTRAR','SEPULTAMENTO','CADASTROU O SEPULTAMENTO DO ID: 414','','3','2023-01-16 10:59:23','179.106.63.216');

 INSERT INTO tabela_log VALUES('270','CADASTRAR','SEPULTAMENTO','CADASTROU O SEPULTAMENTO DO ID: 415','','3','2023-01-16 11:01:20','179.106.63.216');

 INSERT INTO tabela_log VALUES('271','CADASTRAR','SEPULTAMENTO','CADASTROU O SEPULTAMENTO DO ID: 416','','3','2023-01-16 11:04:20','179.106.63.216');

 INSERT INTO tabela_log VALUES('272','CADASTRAR','SEPULTAMENTO','CADASTROU O SEPULTAMENTO DO ID: 417','','3','2023-01-16 11:06:42','179.106.63.216');

 INSERT INTO tabela_log VALUES('273','CADASTRAR','SEPULTAMENTO','CADASTROU O SEPULTAMENTO DO ID: 418','','3','2023-01-16 11:09:06','179.106.63.216');

 INSERT INTO tabela_log VALUES('274','CADASTRAR','SEPULTAMENTO','CADASTROU O SEPULTAMENTO DO ID: 419','','3','2023-01-16 11:11:47','179.106.63.216');

 INSERT INTO tabela_log VALUES('275','CADASTRAR','SEPULTAMENTO','CADASTROU O SEPULTAMENTO DO ID: 420','','3','2023-01-16 11:13:30','179.106.63.216');

 INSERT INTO tabela_log VALUES('276','CADASTRAR','SEPULTAMENTO','CADASTROU O SEPULTAMENTO DO ID: 421','','3','2023-01-16 11:15:54','179.106.63.216');

 INSERT INTO tabela_log VALUES('277','CADASTRAR','SEPULTAMENTO','CADASTROU O SEPULTAMENTO DO ID: 422','','3','2023-01-16 11:18:04','179.106.63.216');

 INSERT INTO tabela_log VALUES('278','CADASTRAR','SEPULTAMENTO','CADASTROU O SEPULTAMENTO DO ID: 423','','3','2023-01-16 11:19:35','179.106.63.216');

 INSERT INTO tabela_log VALUES('279','CADASTRAR','SEPULTAMENTO','CADASTROU O SEPULTAMENTO DO ID: 424','','3','2023-01-16 11:21:13','179.106.63.216');

 INSERT INTO tabela_log VALUES('280','CADASTRAR','SEPULTAMENTO','CADASTROU O SEPULTAMENTO DO ID: 425','','3','2023-01-16 11:22:57','179.106.63.216');

 INSERT INTO tabela_log VALUES('281','CADASTRAR','SEPULTAMENTO','CADASTROU O SEPULTAMENTO DO ID: 426','','3','2023-01-16 11:24:32','179.106.63.216');

 INSERT INTO tabela_log VALUES('282','CADASTRAR','SEPULTAMENTO','CADASTROU O SEPULTAMENTO DO ID: 427','','3','2023-01-16 11:26:01','179.106.63.216');

 INSERT INTO tabela_log VALUES('283','CADASTRAR','SEPULTAMENTO','CADASTROU O SEPULTAMENTO DO ID: 428','','3','2023-01-17 10:24:40','179.106.63.216');

 INSERT INTO tabela_log VALUES('284','CADASTRAR','SEPULTAMENTO','CADASTROU O SEPULTAMENTO DO ID: 429','','3','2023-01-17 10:26:38','179.106.63.216');

 INSERT INTO tabela_log VALUES('285','CADASTRAR','SEPULTAMENTO','CADASTROU O SEPULTAMENTO DO ID: 430','','3','2023-01-17 10:28:13','179.106.63.216');

 INSERT INTO tabela_log VALUES('286','CADASTRAR','SEPULTAMENTO','CADASTROU O SEPULTAMENTO DO ID: 431','','3','2023-01-17 10:29:52','179.106.63.216');

 INSERT INTO tabela_log VALUES('287','CADASTRAR','SEPULTAMENTO','CADASTROU O SEPULTAMENTO DO ID: 432','','3','2023-01-17 10:31:42','179.106.63.216');

 INSERT INTO tabela_log VALUES('288','CADASTRAR','SEPULTAMENTO','CADASTROU O SEPULTAMENTO DO ID: 433','','3','2023-01-17 10:32:49','179.106.63.216');

 INSERT INTO tabela_log VALUES('289','CADASTRAR','SEPULTAMENTO','CADASTROU O SEPULTAMENTO DO ID: 434','','3','2023-01-17 10:35:17','179.106.63.216');

 INSERT INTO tabela_log VALUES('290','CADASTRAR','SEPULTAMENTO','CADASTROU O SEPULTAMENTO DO ID: 435','','3','2023-01-17 10:37:34','179.106.63.216');

 INSERT INTO tabela_log VALUES('291','CADASTRAR','SEPULTAMENTO','CADASTROU O SEPULTAMENTO DO ID: 436','','3','2023-01-17 10:39:24','179.106.63.216');

 INSERT INTO tabela_log VALUES('292','CADASTRAR','SEPULTAMENTO','CADASTROU O SEPULTAMENTO DO ID: 437','','3','2023-01-17 10:41:17','179.106.63.216');

 INSERT INTO tabela_log VALUES('293','CADASTRAR','SEPULTAMENTO','CADASTROU O SEPULTAMENTO DO ID: 438','','3','2023-01-17 10:43:28','179.106.63.216');

 INSERT INTO tabela_log VALUES('294','CADASTRAR','SEPULTAMENTO','CADASTROU O SEPULTAMENTO DO ID: 439','','3','2023-01-17 10:45:27','179.106.63.216');

 INSERT INTO tabela_log VALUES('295','CADASTRAR','SEPULTAMENTO','CADASTROU O SEPULTAMENTO DO ID: 440','','3','2023-01-17 10:48:10','179.106.63.216');

 INSERT INTO tabela_log VALUES('296','CADASTRAR','SEPULTAMENTO','CADASTROU O SEPULTAMENTO DO ID: 441','','3','2023-01-17 10:49:34','179.106.63.216');

 INSERT INTO tabela_log VALUES('297','CADASTRAR','SEPULTAMENTO','CADASTROU O SEPULTAMENTO DO ID: 442','','3','2023-01-17 10:51:23','179.106.63.216');

 INSERT INTO tabela_log VALUES('298','CADASTRAR','SEPULTAMENTO','CADASTROU O SEPULTAMENTO DO ID: 443','','3','2023-01-17 10:54:26','179.106.63.216');

 INSERT INTO tabela_log VALUES('299','CADASTRAR','SEPULTAMENTO','CADASTROU O SEPULTAMENTO DO ID: 444','','3','2023-01-17 10:56:43','179.106.63.216');

 INSERT INTO tabela_log VALUES('300','CADASTRAR','SEPULTAMENTO','CADASTROU O SEPULTAMENTO DO ID: 445','','3','2023-01-17 10:59:04','179.106.63.216');

 INSERT INTO tabela_log VALUES('301','CADASTRAR','SEPULTAMENTO','CADASTROU O SEPULTAMENTO DO ID: 446','','3','2023-01-17 11:01:09','179.106.63.216');

 INSERT INTO tabela_log VALUES('302','CADASTRAR','SEPULTAMENTO','CADASTROU O SEPULTAMENTO DO ID: 447','','3','2023-01-17 11:02:42','179.106.63.216');

 INSERT INTO tabela_log VALUES('303','CADASTRAR','SEPULTAMENTO','CADASTROU O SEPULTAMENTO DO ID: 448','','3','2023-01-17 11:05:15','179.106.63.216');

 INSERT INTO tabela_log VALUES('304','CADASTRAR','SEPULTAMENTO','CADASTROU O SEPULTAMENTO DO ID: 449','','3','2023-01-17 11:07:12','179.106.63.216');

 INSERT INTO tabela_log VALUES('305','CADASTRAR','SEPULTAMENTO','CADASTROU O SEPULTAMENTO DO ID: 450','','3','2023-01-17 11:08:31','179.106.63.216');

 INSERT INTO tabela_log VALUES('306','CADASTRAR','SEPULTAMENTO','CADASTROU O SEPULTAMENTO DO ID: 451','','3','2023-01-17 11:10:28','179.106.63.216');

 INSERT INTO tabela_log VALUES('307','CADASTRAR','SEPULTAMENTO','CADASTROU O SEPULTAMENTO DO ID: 452','','3','2023-01-17 11:12:32','179.106.63.216');

 INSERT INTO tabela_log VALUES('308','CADASTRAR','SEPULTAMENTO','CADASTROU O SEPULTAMENTO DO ID: 453','','3','2023-01-17 11:14:58','179.106.63.216');

 INSERT INTO tabela_log VALUES('309','CADASTRAR','SEPULTAMENTO','CADASTROU O SEPULTAMENTO DO ID: 454','','3','2023-01-17 11:16:34','179.106.63.216');

 INSERT INTO tabela_log VALUES('310','CADASTRAR','SEPULTAMENTO','CADASTROU O SEPULTAMENTO DO ID: 455','','3','2023-01-17 11:18:27','179.106.63.216');

 INSERT INTO tabela_log VALUES('311','CADASTRAR','SEPULTAMENTO','CADASTROU O SEPULTAMENTO DO ID: 456','','3','2023-01-17 11:20:23','179.106.63.216');

 INSERT INTO tabela_log VALUES('312','CADASTRAR','SEPULTAMENTO','CADASTROU O SEPULTAMENTO DO ID: 457','','3','2023-01-17 11:22:16','179.106.63.216');

 INSERT INTO tabela_log VALUES('313','CADASTRAR','SEPULTAMENTO','CADASTROU O SEPULTAMENTO DO ID: 458','','3','2023-01-17 11:24:17','179.106.63.216');

 INSERT INTO tabela_log VALUES('314','CADASTRAR','SEPULTAMENTO','CADASTROU O SEPULTAMENTO DO ID: 459','','3','2023-01-17 11:25:43','179.106.63.216');

 INSERT INTO tabela_log VALUES('315','CADASTRAR','SEPULTAMENTO','CADASTROU O SEPULTAMENTO DO ID: 460','','3','2023-01-17 11:27:21','179.106.63.216');

 INSERT INTO tabela_log VALUES('316','CADASTRAR','SEPULTAMENTO','CADASTROU O SEPULTAMENTO DO ID: 461','','3','2023-01-17 11:29:05','179.106.63.216');

 INSERT INTO tabela_log VALUES('317','CADASTRAR','SEPULTAMENTO','CADASTROU O SEPULTAMENTO DO ID: 462','','3','2023-01-17 11:30:36','179.106.63.216');

 INSERT INTO tabela_log VALUES('318','CADASTRAR','SEPULTAMENTO','CADASTROU O SEPULTAMENTO DO ID: 463','','3','2023-01-17 11:32:20','179.106.63.216');

 INSERT INTO tabela_log VALUES('319','CADASTRAR','SEPULTAMENTO','CADASTROU O SEPULTAMENTO DO ID: 464','','3','2023-01-17 11:33:49','179.106.63.216');

 INSERT INTO tabela_log VALUES('320','CADASTRAR','SEPULTAMENTO','CADASTROU O SEPULTAMENTO DO ID: 465','','3','2023-01-17 11:35:38','179.106.63.216');

 INSERT INTO tabela_log VALUES('321','CADASTRAR','SEPULTAMENTO','CADASTROU O SEPULTAMENTO DO ID: 466','','3','2023-01-17 11:37:06','179.106.63.216');

 INSERT INTO tabela_log VALUES('322','CADASTRAR','SEPULTAMENTO','CADASTROU O SEPULTAMENTO DO ID: 467','','3','2023-01-17 11:38:46','179.106.63.216');

 INSERT INTO tabela_log VALUES('323','CADASTRAR','SEPULTAMENTO','CADASTROU O SEPULTAMENTO DO ID: 468','','3','2023-01-18 08:35:28','179.106.63.216');

 INSERT INTO tabela_log VALUES('324','CADASTRAR','SEPULTAMENTO','CADASTROU O SEPULTAMENTO DO ID: 469','','3','2023-01-18 08:37:12','179.106.63.216');

 INSERT INTO tabela_log VALUES('325','CADASTRAR','SEPULTAMENTO','CADASTROU O SEPULTAMENTO DO ID: 470','','3','2023-01-18 08:39:42','179.106.63.216');

 INSERT INTO tabela_log VALUES('326','CADASTRAR','SEPULTAMENTO','CADASTROU O SEPULTAMENTO DO ID: 471','','3','2023-01-18 08:41:38','179.106.63.216');

 INSERT INTO tabela_log VALUES('327','CADASTRAR','SEPULTAMENTO','CADASTROU O SEPULTAMENTO DO ID: 472','','3','2023-01-18 08:44:21','179.106.63.216');

 INSERT INTO tabela_log VALUES('328','CADASTRAR','SEPULTAMENTO','CADASTROU O SEPULTAMENTO DO ID: 473','','3','2023-01-18 08:46:39','179.106.63.216');

 INSERT INTO tabela_log VALUES('329','CADASTRAR','SEPULTAMENTO','CADASTROU O SEPULTAMENTO DO ID: 474','','3','2023-01-18 08:51:13','179.106.63.216');

 INSERT INTO tabela_log VALUES('330','CADASTRAR','SEPULTAMENTO','CADASTROU O SEPULTAMENTO DO ID: 475','','3','2023-01-18 08:53:54','179.106.63.216');

 INSERT INTO tabela_log VALUES('331','CADASTRAR','SEPULTAMENTO','CADASTROU O SEPULTAMENTO DO ID: 476','','3','2023-01-18 08:55:54','179.106.63.216');

 INSERT INTO tabela_log VALUES('332','CADASTRAR','SEPULTAMENTO','CADASTROU O SEPULTAMENTO DO ID: 477','','3','2023-01-18 08:58:53','179.106.63.216');

 INSERT INTO tabela_log VALUES('333','CADASTRAR','SEPULTAMENTO','CADASTROU O SEPULTAMENTO DO ID: 478','','3','2023-01-18 09:01:05','179.106.63.216');

 INSERT INTO tabela_log VALUES('334','CADASTRAR','SEPULTAMENTO','CADASTROU O SEPULTAMENTO DO ID: 479','','3','2023-01-18 09:03:12','179.106.63.216');

 INSERT INTO tabela_log VALUES('335','CADASTRAR','SEPULTAMENTO','CADASTROU O SEPULTAMENTO DO ID: 480','','3','2023-01-18 09:05:10','179.106.63.216');

 INSERT INTO tabela_log VALUES('336','CADASTRAR','SEPULTAMENTO','CADASTROU O SEPULTAMENTO DO ID: 481','','3','2023-01-18 09:09:07','179.106.63.216');

 INSERT INTO tabela_log VALUES('337','CADASTRAR','SEPULTAMENTO','CADASTROU O SEPULTAMENTO DO ID: 482','','3','2023-01-18 09:15:16','179.106.63.216');

 INSERT INTO tabela_log VALUES('338','CADASTRAR','SEPULTAMENTO','CADASTROU O SEPULTAMENTO DO ID: 483','','3','2023-01-18 09:16:54','179.106.63.216');

 INSERT INTO tabela_log VALUES('339','CADASTRAR','SEPULTAMENTO','CADASTROU O SEPULTAMENTO DO ID: 484','','3','2023-01-18 09:19:18','179.106.63.216');

 INSERT INTO tabela_log VALUES('340','CADASTRAR','SEPULTAMENTO','CADASTROU O SEPULTAMENTO DO ID: 485','','3','2023-01-18 09:25:51','179.106.63.216');

 INSERT INTO tabela_log VALUES('341','CADASTRAR','SEPULTAMENTO','CADASTROU O SEPULTAMENTO DO ID: 486','','3','2023-01-18 09:28:30','179.106.63.216');

 INSERT INTO tabela_log VALUES('342','CADASTRAR','SEPULTAMENTO','CADASTROU O SEPULTAMENTO DO ID: 487','','3','2023-01-18 09:30:40','179.106.63.216');

 INSERT INTO tabela_log VALUES('343','CADASTRAR','SEPULTAMENTO','CADASTROU O SEPULTAMENTO DO ID: 488','','3','2023-01-18 09:32:06','179.106.63.216');

 INSERT INTO tabela_log VALUES('344','CADASTRAR','SEPULTAMENTO','CADASTROU O SEPULTAMENTO DO ID: 489','','3','2023-01-18 09:34:30','179.106.63.216');

 INSERT INTO tabela_log VALUES('345','CADASTRAR','SEPULTAMENTO','CADASTROU O SEPULTAMENTO DO ID: 490','','3','2023-01-18 09:35:52','179.106.63.216');

 INSERT INTO tabela_log VALUES('346','CADASTRAR','SEPULTAMENTO','CADASTROU O SEPULTAMENTO DO ID: 491','','3','2023-01-20 08:24:31','179.106.63.216');

 INSERT INTO tabela_log VALUES('347','CADASTRAR','SEPULTAMENTO','CADASTROU O SEPULTAMENTO DO ID: 492','','3','2023-01-20 08:26:15','179.106.63.216');

 INSERT INTO tabela_log VALUES('348','CADASTRAR','SEPULTAMENTO','CADASTROU O SEPULTAMENTO DO ID: 493','','3','2023-01-20 08:28:15','179.106.63.216');

 INSERT INTO tabela_log VALUES('349','CADASTRAR','SEPULTAMENTO','CADASTROU O SEPULTAMENTO DO ID: 494','','3','2023-01-20 08:30:01','179.106.63.216');

 INSERT INTO tabela_log VALUES('350','CADASTRAR','SEPULTAMENTO','CADASTROU O SEPULTAMENTO DO ID: 495','','3','2023-01-20 08:31:17','179.106.63.216');

 INSERT INTO tabela_log VALUES('351','CADASTRAR','SEPULTAMENTO','CADASTROU O SEPULTAMENTO DO ID: 496','','3','2023-01-20 08:34:29','179.106.63.216');

 INSERT INTO tabela_log VALUES('352','CADASTRAR','SEPULTAMENTO','CADASTROU O SEPULTAMENTO DO ID: 497','','3','2023-01-20 08:36:03','179.106.63.216');

 INSERT INTO tabela_log VALUES('353','CADASTRAR','SEPULTAMENTO','CADASTROU O SEPULTAMENTO DO ID: 498','','3','2023-01-20 08:37:45','179.106.63.216');

 INSERT INTO tabela_log VALUES('354','CADASTRAR','SEPULTAMENTO','CADASTROU O SEPULTAMENTO DO ID: 499','','3','2023-01-20 08:40:22','179.106.63.216');

 INSERT INTO tabela_log VALUES('355','CADASTRAR','SEPULTAMENTO','CADASTROU O SEPULTAMENTO DO ID: 500','','3','2023-01-20 08:42:01','179.106.63.216');

 INSERT INTO tabela_log VALUES('356','CADASTRAR','SEPULTAMENTO','CADASTROU O SEPULTAMENTO DO ID: 501','','3','2023-01-20 08:43:35','179.106.63.216');

 INSERT INTO tabela_log VALUES('357','CADASTRAR','SEPULTAMENTO','CADASTROU O SEPULTAMENTO DO ID: 502','','3','2023-01-20 08:45:24','179.106.63.216');

 INSERT INTO tabela_log VALUES('358','ALTERAR','SEPULTAMENTO','ALTEROU O SEPULTAMENTO DO ID: 502 // DATANASCIMENTO - ANTES: 0000-00-00 - AGORA:  / ','','3','2023-01-20 08:46:10','179.106.63.216');

 INSERT INTO tabela_log VALUES('359','CADASTRAR','SEPULTAMENTO','CADASTROU O SEPULTAMENTO DO ID: 503','','3','2023-01-20 08:47:57','179.106.63.216');

 INSERT INTO tabela_log VALUES('360','CADASTRAR','SEPULTAMENTO','CADASTROU O SEPULTAMENTO DO ID: 504','','3','2023-01-20 08:50:15','179.106.63.216');

 INSERT INTO tabela_log VALUES('361','CADASTRAR','SEPULTAMENTO','CADASTROU O SEPULTAMENTO DO ID: 505','','3','2023-01-20 08:53:46','179.106.63.216');

 INSERT INTO tabela_log VALUES('362','CADASTRAR','SEPULTAMENTO','CADASTROU O SEPULTAMENTO DO ID: 506','','3','2023-01-20 08:56:45','179.106.63.216');

 INSERT INTO tabela_log VALUES('363','CADASTRAR','SEPULTAMENTO','CADASTROU O SEPULTAMENTO DO ID: 507','','3','2023-01-20 08:59:16','179.106.63.216');

 INSERT INTO tabela_log VALUES('364','ALTERAR','SEPULTAMENTO','ALTEROU O SEPULTAMENTO DO ID: 17 // DATANASCIMENTO - ANTES: 0000-00-00 - AGORA:  / CAUSAMORTE - ANTES:  - AGORA: CHOQUE CARDIOGENICO / ','','3','2023-01-20 11:28:31','179.106.63.216');

 INSERT INTO tabela_log VALUES('365','ALTERAR','SEPULTAMENTO','ALTEROU O SEPULTAMENTO DO ID: 18 // CAUSAMORTE - ANTES:  - AGORA: CHOQUE SEPTICO / ','','3','2023-01-20 11:29:18','179.106.63.216');

 INSERT INTO tabela_log VALUES('366','ALTERAR','SEPULTAMENTO','ALTEROU O SEPULTAMENTO DO ID: 19 // DATANASCIMENTO - ANTES: 0000-00-00 - AGORA:  / CAUSAMORTE - ANTES:  - AGORA: INSUFICIENCIA RENAL / ','','3','2023-01-20 11:30:08','179.106.63.216');

 INSERT INTO tabela_log VALUES('367','ALTERAR','SEPULTAMENTO','ALTEROU O SEPULTAMENTO DO ID: 20 // DATANASCIMENTO - ANTES: 0000-00-00 - AGORA:  / CAUSAMORTE - ANTES:  - AGORA: CANCER DE LARINGE / ','','3','2023-01-20 11:30:46','179.106.63.216');

 INSERT INTO tabela_log VALUES('368','ALTERAR','SEPULTAMENTO','ALTEROU O SEPULTAMENTO DO ID: 21 // DATANASCIMENTO - ANTES: 0000-00-00 - AGORA:  / CAUSAMORTE - ANTES:  - AGORA: CANCER ESOFAGO / ','','3','2023-01-20 11:31:30','179.106.63.216');

 INSERT INTO tabela_log VALUES('369','ALTERAR','SEPULTAMENTO','ALTEROU O SEPULTAMENTO DO ID: 22 // DATANASCIMENTO - ANTES: 0000-00-00 - AGORA:  / CAUSAMORTE - ANTES:  - AGORA: PARADA CARDIO RESPIRATORIA / ','','3','2023-01-20 11:32:07','179.106.63.216');

 INSERT INTO tabela_log VALUES('370','ALTERAR','SEPULTAMENTO','ALTEROU O SEPULTAMENTO DO ID: 23 // DATANASCIMENTO - ANTES: 0000-00-00 - AGORA:  / CAUSAMORTE - ANTES:  - AGORA: PNEUMONIA / ','','3','2023-01-20 11:32:40','179.106.63.216');

 INSERT INTO tabela_log VALUES('371','ALTERAR','SEPULTAMENTO','ALTEROU O SEPULTAMENTO DO ID: 24 // DATANASCIMENTO - ANTES: 0000-00-00 - AGORA:  / CAUSAMORTE - ANTES:  - AGORA: FALENCIA MULTIPLA DOS ORGAOS / ','','3','2023-01-20 11:33:25','179.106.63.216');

 INSERT INTO tabela_log VALUES('372','ALTERAR','SEPULTAMENTO','ALTEROU O SEPULTAMENTO DO ID: 25 // DATANASCIMENTO - ANTES: 0000-00-00 - AGORA:  / CAUSAMORTE - ANTES:  - AGORA: SEPSE PULMONAR / ','','3','2023-01-20 11:33:53','179.106.63.216');

 INSERT INTO tabela_log VALUES('373','ALTERAR','SEPULTAMENTO','ALTEROU O SEPULTAMENTO DO ID: 26 // DATANASCIMENTO - ANTES: 0000-00-00 - AGORA:  / CAUSAMORTE - ANTES:  - AGORA: CIRROSE HEPATICA / ','','3','2023-01-20 11:34:28','179.106.63.216');

 INSERT INTO tabela_log VALUES('374','ALTERAR','SEPULTAMENTO','ALTEROU O SEPULTAMENTO DO ID: 27 // DATANASCIMENTO - ANTES: 0000-00-00 - AGORA:  / CAUSAMORTE - ANTES:  - AGORA: NEOPLASIA DE PROSTATA / ','','3','2023-01-20 11:35:06','179.106.63.216');

 INSERT INTO tabela_log VALUES('375','ALTERAR','SEPULTAMENTO','ALTEROU O SEPULTAMENTO DO ID: 28 // DATANASCIMENTO - ANTES: 0000-00-00 - AGORA:  / CAUSAMORTE - ANTES:  - AGORA: TROMBOEMBOLISMO PULMONAR / ','','3','2023-01-20 11:36:13','179.106.63.216');

 INSERT INTO tabela_log VALUES('376','ALTERAR','SEPULTAMENTO','ALTEROU O SEPULTAMENTO DO ID: 29 // DATANASCIMENTO - ANTES: 0000-00-00 - AGORA:  / CAUSAMORTE - ANTES:  - AGORA: ALZHEIMER, HAS, SENILIDADE / ','','3','2023-01-20 11:37:00','179.106.63.216');

 INSERT INTO tabela_log VALUES('377','ALTERAR','SEPULTAMENTO','ALTEROU O SEPULTAMENTO DO ID: 30 // DATANASCIMENTO - ANTES: 0000-00-00 - AGORA:  / CAUSAMORTE - ANTES:  - AGORA: ANOREXIA, ANEMIA / ','','3','2023-01-20 11:37:31','179.106.63.216');

 INSERT INTO tabela_log VALUES('378','ALTERAR','SEPULTAMENTO','ALTEROU O SEPULTAMENTO DO ID: 31 // DATANASCIMENTO - ANTES: 0000-00-00 - AGORA:  / CAUSAMORTE - ANTES:  - AGORA: PNEUMONIA POR BRONCOASPIRAÇÃO / ','','3','2023-01-20 11:38:24','179.106.63.216');

 INSERT INTO tabela_log VALUES('379','ALTERAR','SEPULTAMENTO','ALTEROU O SEPULTAMENTO DO ID: 32 // DATANASCIMENTO - ANTES: 0000-00-00 - AGORA:  / CAUSAMORTE - ANTES:  - AGORA: SEPTICEMIA / ','','3','2023-01-20 11:39:00','179.106.63.216');

 INSERT INTO tabela_log VALUES('380','ALTERAR','SEPULTAMENTO','ALTEROU O SEPULTAMENTO DO ID: 33 // NOME - ANTES: ODETE BUSSINGER HECKERT - AGORA: ODETTE BUSSINGER HECKERT / DATANASCIMENTO - ANTES: 0000-00-00 - AGORA:  / CAUSAMORTE - ANTES:  - AGORA: DISFUNSÃO MULTIPLOS DE ORGÃOS / ','','3','2023-01-20 11:40:09','179.106.63.216');

 INSERT INTO tabela_log VALUES('381','ALTERAR','SEPULTAMENTO','ALTEROU O SEPULTAMENTO DO ID: 34 // DATANASCIMENTO - ANTES: 0000-00-00 - AGORA:  / CAUSAMORTE - ANTES:  - AGORA: NEOPLASIA BASE DE LINGUA / ','','3','2023-01-20 11:40:55','179.106.63.216');

 INSERT INTO tabela_log VALUES('382','ALTERAR','SEPULTAMENTO','ALTEROU O SEPULTAMENTO DO ID: 35 // DATANASCIMENTO - ANTES: 0000-00-00 - AGORA:  / CAUSAMORTE - ANTES:  - AGORA: INDETERMINADA / ','','3','2023-01-20 11:41:26','179.106.63.216');

 INSERT INTO tabela_log VALUES('383','ALTERAR','SEPULTAMENTO','ALTEROU O SEPULTAMENTO DO ID: 36 // DATANASCIMENTO - ANTES: 0000-00-00 - AGORA:  / CAUSAMORTE - ANTES:  - AGORA: NEOPLASIA DE PROSTATA / ','','3','2023-01-20 11:42:00','179.106.63.216');

 INSERT INTO tabela_log VALUES('384','ALTERAR','SEPULTAMENTO','ALTEROU O SEPULTAMENTO DO ID: 37 // DATANASCIMENTO - ANTES: 0000-00-00 - AGORA:  / CAUSAMORTE - ANTES:  - AGORA: CHOQUE SEPTICO / ','','3','2023-01-20 11:42:28','179.106.63.216');

 INSERT INTO tabela_log VALUES('385','ALTERAR','SEPULTAMENTO','ALTEROU O SEPULTAMENTO DO ID: 38 // CAUSAMORTE - ANTES:  - AGORA: INSUFICIENCIA RESPIRATÓRIA / ','','3','2023-01-20 11:43:23','179.106.63.216');

 INSERT INTO tabela_log VALUES('386','ALTERAR','SEPULTAMENTO','ALTEROU O SEPULTAMENTO DO ID: 39 // DATANASCIMENTO - ANTES: 0000-00-00 - AGORA:  / CAUSAMORTE - ANTES:  - AGORA: MORTE INTRA ÚTERO / ','','3','2023-01-20 11:44:43','179.106.63.216');

 INSERT INTO tabela_log VALUES('387','ALTERAR','SEPULTAMENTO','ALTEROU O SEPULTAMENTO DO ID: 40 // DATANASCIMENTO - ANTES: 0000-00-00 - AGORA:  / CAUSAMORTE - ANTES:  - AGORA: INDETERMINADA / ','','3','2023-01-20 11:45:09','179.106.63.216');

 INSERT INTO tabela_log VALUES('388','ALTERAR','SEPULTAMENTO','ALTEROU O SEPULTAMENTO DO ID: 41 // DATANASCIMENTO - ANTES: 0000-00-00 - AGORA:  / CAUSAMORTE - ANTES:  - AGORA: LESÃO CEREBRAL, PROJETIL DE ARMA DE FOGO / ','','3','2023-01-20 11:45:45','179.106.63.216');

 INSERT INTO tabela_log VALUES('389','ALTERAR','SEPULTAMENTO','ALTEROU O SEPULTAMENTO DO ID: 42 // DATANASCIMENTO - ANTES: 0000-00-00 - AGORA:  / CAUSAMORTE - ANTES:  - AGORA: INDETERMINADA / ','','3','2023-01-20 11:46:12','179.106.63.216');

 INSERT INTO tabela_log VALUES('390','ALTERAR','SEPULTAMENTO','ALTEROU O SEPULTAMENTO DO ID: 43 // DATANASCIMENTO - ANTES: 0000-00-00 - AGORA:  / CAUSAMORTE - ANTES:  - AGORA: INSUFICIENCIA RESPIRATÓRIA / ','','3','2023-01-20 11:46:53','179.106.63.216');

 INSERT INTO tabela_log VALUES('391','ALTERAR','SEPULTAMENTO','ALTEROU O SEPULTAMENTO DO ID: 2 // DATANASCIMENTO - ANTES: 0000-00-00 - AGORA:  / CAUSAMORTE - ANTES:  - AGORA: INSUFICIENCIA RESPIRATÓRIA / ','','3','2023-01-20 11:47:43','179.106.63.216');

 INSERT INTO tabela_log VALUES('392','ALTERAR','SEPULTAMENTO','ALTEROU O SEPULTAMENTO DO ID: 3 // DATANASCIMENTO - ANTES: 0000-00-00 - AGORA:  / CAUSAMORTE - ANTES:  - AGORA: INDETERMINADA / ','','3','2023-01-20 11:48:07','179.106.63.216');

 INSERT INTO tabela_log VALUES('393','ALTERAR','SEPULTAMENTO','ALTEROU O SEPULTAMENTO DO ID: 4 // DATANASCIMENTO - ANTES: 0000-00-00 - AGORA:  / CAUSAMORTE - ANTES:  - AGORA: TROMBOEMBOLISMO PULMONAR / ','','3','2023-01-20 11:48:37','179.106.63.216');

 INSERT INTO tabela_log VALUES('394','ALTERAR','SEPULTAMENTO','ALTEROU O SEPULTAMENTO DO ID: 5 // DATANASCIMENTO - ANTES: 0000-00-00 - AGORA:  / CAUSAMORTE - ANTES:  - AGORA: CHOQUE SEPTICO / ','','3','2023-01-20 11:49:04','179.106.63.216');

 INSERT INTO tabela_log VALUES('395','ALTERAR','SEPULTAMENTO','ALTEROU O SEPULTAMENTO DO ID: 6 // DATANASCIMENTO - ANTES: 0000-00-00 - AGORA:  / CAUSAMORTE - ANTES:  - AGORA: INDETERMINADA / ','','3','2023-01-20 11:49:24','179.106.63.216');

 INSERT INTO tabela_log VALUES('396','ALTERAR','SEPULTAMENTO','ALTEROU O SEPULTAMENTO DO ID: 7 // DATANASCIMENTO - ANTES: 0000-00-00 - AGORA:  / CAUSAMORTE - ANTES:  - AGORA: INDETERMINADA / ','','3','2023-01-20 11:49:49','179.106.63.216');

 INSERT INTO tabela_log VALUES('397','ALTERAR','SEPULTAMENTO','ALTEROU O SEPULTAMENTO DO ID: 8 // DATANASCIMENTO - ANTES: 0000-00-00 - AGORA:  / CAUSAMORTE - ANTES:  - AGORA: FALENCIA MULTIPLA DOS ORGAOS, MELANOMA METASTICO / AUTORIZANTE - ANTES: 5 - AGORA:  / ','','3','2023-01-20 11:50:30','179.106.63.216');

 INSERT INTO tabela_log VALUES('398','ALTERAR','SEPULTAMENTO','ALTEROU O SEPULTAMENTO DO ID: 9 // NOME - ANTES: MARIA DO CAMO THER - AGORA: MARIA DO CARMO THER / DATANASCIMENTO - ANTES: 0000-00-00 - AGORA:  / CAUSAMORTE - ANTES:  - AGORA: DOENÇA CORONARIANA TRIVASCULAR / ','','3','2023-01-20 11:52:08','179.106.63.216');

 INSERT INTO tabela_log VALUES('399','ALTERAR','SEPULTAMENTO','ALTEROU O SEPULTAMENTO DO ID: 44 // NOME - ANTES: JOÃO BASTISTA TARDIM  - AGORA: JOÃO BATISTA TARDIM  / DATANASCIMENTO - ANTES: 0000-00-00 - AGORA:  / CAUSAMORTE - ANTES:  - AGORA: SEPSE PULMONAR / ','','3','2023-01-20 11:52:57','179.106.63.216');

 INSERT INTO tabela_log VALUES('400','ALTERAR','SEPULTAMENTO','ALTEROU O SEPULTAMENTO DO ID: 10 // DATANASCIMENTO - ANTES: 0000-00-00 - AGORA:  / CAUSAMORTE - ANTES:  - AGORA: COVID 19 / ','','3','2023-01-20 11:53:36','179.106.63.216');

 INSERT INTO tabela_log VALUES('401','ALTERAR','SEPULTAMENTO','ALTEROU O SEPULTAMENTO DO ID: 45 // DATANASCIMENTO - ANTES: 0000-00-00 - AGORA:  / ','','3','2023-01-20 11:53:57','179.106.63.216');

 INSERT INTO tabela_log VALUES('402','ALTERAR','SEPULTAMENTO','ALTEROU O SEPULTAMENTO DO ID: 46 // DATANASCIMENTO - ANTES: 0000-00-00 - AGORA:  / CAUSAMORTE - ANTES:  - AGORA: COVID 19 / ','','3','2023-01-20 11:54:26','179.106.63.216');

 INSERT INTO tabela_log VALUES('403','ALTERAR','SEPULTAMENTO','ALTEROU O SEPULTAMENTO DO ID: 47 // DATANASCIMENTO - ANTES: 0000-00-00 - AGORA:  / ','','3','2023-01-20 11:54:48','179.106.63.216');

 INSERT INTO tabela_log VALUES('404','ALTERAR','SEPULTAMENTO','ALTEROU O SEPULTAMENTO DO ID: 48 // DATANASCIMENTO - ANTES: 0000-00-00 - AGORA:  / CAUSAMORTE - ANTES:  - AGORA: INDETERMINADA / ','','3','2023-01-20 11:55:17','179.106.63.216');

 INSERT INTO tabela_log VALUES('405','ALTERAR','SEPULTAMENTO','ALTEROU O SEPULTAMENTO DO ID: 11 // DATASEPULTAMENTO - ANTES: 0000-00-00 - AGORA: 2021-11-28 / CAUSAMORTE - ANTES:  - AGORA: AVE HEMORRAGICO / ','','3','2023-01-20 11:56:02','179.106.63.216');

 INSERT INTO tabela_log VALUES('406','ALTERAR','SEPULTAMENTO','ALTEROU O SEPULTAMENTO DO ID: 1 // CAUSAMORTE - ANTES:  - AGORA: INDETERMINADA / ','','3','2023-01-20 11:56:32','179.106.63.216');

 INSERT INTO tabela_log VALUES('407','DELETAR','SEPULTAMENTO','DELETOU A SEPULTAMENTO DO ID: 54','DUPLICIDADE','3','2023-01-20 11:57:05','179.106.63.216');

 INSERT INTO tabela_log VALUES('408','ALTERAR','SEPULTAMENTO','ALTEROU O SEPULTAMENTO DO ID: 49 // DATANASCIMENTO - ANTES: 0000-00-00 - AGORA:  / ','','3','2023-01-20 11:57:25','179.106.63.216');

 INSERT INTO tabela_log VALUES('409','ALTERAR','SEPULTAMENTO','ALTEROU O SEPULTAMENTO DO ID: 12 // DATANASCIMENTO - ANTES: 0000-00-00 - AGORA:  / CAUSAMORTE - ANTES:  - AGORA: CHOQUE SEPTICO / ','','3','2023-01-20 11:58:13','179.106.63.216');

 INSERT INTO tabela_log VALUES('410','ALTERAR','SEPULTAMENTO','ALTEROU O SEPULTAMENTO DO ID: 13 // CAUSAMORTE - ANTES:  - AGORA: ADENOCARCINOMA / ','','3','2023-01-20 11:58:47','179.106.63.216');

 INSERT INTO tabela_log VALUES('411','ALTERAR','SEPULTAMENTO','ALTEROU O SEPULTAMENTO DO ID: 14 // DATANASCIMENTO - ANTES: 0000-00-00 - AGORA:  / CAUSAMORTE - ANTES:  - AGORA: SEPSE URINARIA / ','','3','2023-01-20 11:59:43','179.106.63.216');

 INSERT INTO tabela_log VALUES('412','ALTERAR','SEPULTAMENTO','ALTEROU O SEPULTAMENTO DO ID: 15 // DATANASCIMENTO - ANTES: 0000-00-00 - AGORA:  / CAUSAMORTE - ANTES:  - AGORA: INSUFICIENCIA CARDIACA DESCOMPENSADA / ','','3','2023-01-20 12:00:48','179.106.63.216');

 INSERT INTO tabela_log VALUES('413','ALTERAR','SEPULTAMENTO','ALTEROU O SEPULTAMENTO DO ID: 16 // DATANASCIMENTO - ANTES: 0000-00-00 - AGORA:  / CAUSAMORTE - ANTES:  - AGORA: CANCER DE COLON METASTICO / ','','3','2023-01-20 12:01:34','179.106.63.216');

 INSERT INTO tabela_log VALUES('414','ALTERAR','SEPULTAMENTO','ALTEROU O SEPULTAMENTO DO ID: 52 // DATANASCIMENTO - ANTES: 0000-00-00 - AGORA:  / ','','3','2023-01-20 12:01:55','179.106.63.216');

 INSERT INTO tabela_log VALUES('415','CADASTRAR','SEPULTAMENTO','CADASTROU O SEPULTAMENTO DO ID: 508','','3','2023-01-27 08:07:09','186.194.201.166');

 INSERT INTO tabela_log VALUES('416','CADASTRAR','SEPULTAMENTO','CADASTROU O SEPULTAMENTO DO ID: 509','','3','2023-03-08 09:32:36','179.106.57.44');

 INSERT INTO tabela_log VALUES('417','CADASTRAR','SEPULTAMENTO','CADASTROU O SEPULTAMENTO DO ID: 510','','3','2023-05-25 08:27:55','179.106.63.152');

 INSERT INTO tabela_log VALUES('418','CADASTRAR','SEPULTAMENTO','CADASTROU O SEPULTAMENTO DO ID: 511','','3','2023-06-19 09:32:24','186.194.194.0');

 INSERT INTO tabela_log VALUES('419','CADASTRAR','CLIENTE','CADASTROU O CLIENTE DO ID: 103','','3','2023-06-19 16:25:54','186.194.194.0');

 INSERT INTO tabela_log VALUES('420','CADASTRAR','ENDERECO','CADASTROU O ENDERECO DO ID: 90','','3','2023-06-19 16:28:25','186.194.194.0');

 INSERT INTO tabela_log VALUES('421','CADASTRAR','AUTORIZADO','CADASTROU O AUTORIZADO DO ID: 122','','3','2023-06-19 16:30:34','186.194.194.0');

 INSERT INTO tabela_log VALUES('422','CADASTRAR','SEPULTURA','CADASTROU A SEPULTURA DO ID: 117','','3','2023-06-19 16:31:15','186.194.194.0');

 INSERT INTO tabela_log VALUES('423','DELETAR','TELEFONE','DELETOU O TELEFONE DO ID: 21','CANCELADO','3','2023-07-13 08:15:58','186.194.195.77');

 INSERT INTO tabela_log VALUES('424','CADASTRAR','TELEFONE','CADASTROU O TELEFONE DO ID: 103','','3','2023-07-13 08:17:04','186.194.195.77');

 INSERT INTO tabela_log VALUES('425','CADASTRAR','SEPULTAMENTO','CADASTROU O SEPULTAMENTO DO ID: 512','','3','2023-07-17 10:25:26','186.194.195.77');

 INSERT INTO tabela_log VALUES('426','CADASTRAR','AUTORIZADO','CADASTROU O AUTORIZADO DO ID: 123','','3','2023-07-17 10:27:42','186.194.195.77');

 INSERT INTO tabela_log VALUES('427','ALTERAR','SEPULTAMENTO','ALTEROU O SEPULTAMENTO DO ID: 512 // AUTORIZANTE - ANTES: 55-75 - AGORA: 55-123 / ','','3','2023-07-17 10:27:56','186.194.195.77');

 INSERT INTO tabela_log VALUES('428','CADASTRAR','SEPULTAMENTO','CADASTROU O SEPULTAMENTO DO ID: 513','','3','2023-07-17 10:29:51','186.194.195.77');

 INSERT INTO tabela_log VALUES('429','CADASTRAR','SEPULTAMENTO','CADASTROU O SEPULTAMENTO DO ID: 514','','3','2023-08-03 12:01:17','186.194.192.88');

 INSERT INTO tabela_log VALUES('430','CADASTRAR','CLIENTE','CADASTROU O CLIENTE DO ID: 104','','3','2023-10-09 15:59:59','179.106.58.119');

 INSERT INTO tabela_log VALUES('431','CADASTRAR','ENDERECO','CADASTROU O ENDERECO DO ID: 91','','3','2023-10-09 16:01:06','179.106.58.119');

 INSERT INTO tabela_log VALUES('432','CADASTRAR','TELEFONE','CADASTROU O TELEFONE DO ID: 104','','3','2023-10-09 16:01:54','179.106.58.119');

 INSERT INTO tabela_log VALUES('433','CADASTRAR','SEPULTURA','CADASTROU A SEPULTURA DO ID: 118','','3','2023-10-09 16:02:48','179.106.58.119');

 INSERT INTO tabela_log VALUES('434','ALTERAR','SEPULTURA','ALTEROU O SEPULTURA DO ID: 118 // NUMERO - ANTES: F1N - AGORA: L1N / ','','3','2023-10-09 16:03:43','179.106.58.119');

 INSERT INTO tabela_log VALUES('435','CADASTRAR','CLIENTE','CADASTROU O CLIENTE DO ID: 105','','3','2023-10-30 14:48:44','191.240.255.209');

 INSERT INTO tabela_log VALUES('436','CADASTRAR','ENDERECO','CADASTROU O ENDERECO DO ID: 92','','3','2023-10-30 14:49:29','191.240.255.209');

 INSERT INTO tabela_log VALUES('437','CADASTRAR','TELEFONE','CADASTROU O TELEFONE DO ID: 105','','3','2023-10-30 14:49:55','191.240.255.209');

 INSERT INTO tabela_log VALUES('438','CADASTRAR','SEPULTURA','CADASTROU A SEPULTURA DO ID: 119','','3','2023-10-30 14:50:54','191.240.255.209');

 INSERT INTO tabela_log VALUES('439','CADASTRAR','SEPULTAMENTO','CADASTROU O SEPULTAMENTO DO ID: 515','','3','2023-10-30 14:53:52','191.240.255.209');

 INSERT INTO tabela_log VALUES('440','ALTERAR','CLIENTE','ALTEROU O CLIENTE DO ID: 3 // COR - ANTES:  - AGORA: BRANCO / ','','3','2023-11-22 15:21:42','186.194.201.19');

 INSERT INTO tabela_log VALUES('441','ALTERAR','CLIENTE','ALTEROU O CLIENTE DO ID: 105 // CLIENTENOVO - ANTES: 1 - AGORA: 0 / ','','3','2023-11-22 15:22:00','186.194.201.19');

 INSERT INTO tabela_log VALUES('442','CADASTRAR','CLIENTE','CADASTROU O CLIENTE DO ID: 106','','3','2023-11-23 08:43:52','177.82.135.173');

 INSERT INTO tabela_log VALUES('443','CADASTRAR','ENDERECO','CADASTROU O ENDERECO DO ID: 93','','3','2023-11-23 08:44:47','177.82.135.173');

 INSERT INTO tabela_log VALUES('444','CADASTRAR','TELEFONE','CADASTROU O TELEFONE DO ID: 106','','3','2023-11-23 08:45:30','177.82.135.173');

 INSERT INTO tabela_log VALUES('445','CADASTRAR','AUTORIZADO','CADASTROU O AUTORIZADO DO ID: 124','','3','2023-11-23 08:46:16','177.82.135.173');

 INSERT INTO tabela_log VALUES('446','CADASTRAR','SEPULTURA','CADASTROU A SEPULTURA DO ID: 120','','3','2023-11-23 08:50:20','177.82.135.173');

 INSERT INTO tabela_log VALUES('447','CADASTRAR','DOCUMENTO','CADASTROU O DOCUMENTO DO ID: 2','','3','2023-11-23 08:51:16','177.82.135.173');

 INSERT INTO tabela_log VALUES('448','CADASTRAR','SEPULTAMENTO','CADASTROU O SEPULTAMENTO DO ID: 516','','3','2023-11-23 08:58:28','177.82.135.173');

 INSERT INTO tabela_log VALUES('449','CADASTRAR','AUTORIZADO','CADASTROU O AUTORIZADO DO ID: 125','','3','2023-11-23 09:01:09','177.82.135.173');

 INSERT INTO tabela_log VALUES('450','ALTERAR','SEPULTAMENTO','ALTEROU O SEPULTAMENTO DO ID: 516 // AUTORIZANTE - ANTES: 25-31 - AGORA: 25-125 / ','','3','2023-11-23 09:02:02','177.82.135.173');

 INSERT INTO tabela_log VALUES('451','DELETAR','CLIENTE','DELETOU O CLIENTE DO ID: 106','TESTE','3','2023-11-23 09:07:02','177.82.135.173');

 INSERT INTO tabela_log VALUES('452','CADASTRAR','CLIENTE','CADASTROU O CLIENTE DO ID: 107','','3','2023-11-23 09:09:19','177.82.135.173');

 INSERT INTO tabela_log VALUES('453','CADASTRAR','ENDERECO','CADASTROU O ENDERECO DO ID: 94','','3','2023-11-23 09:10:05','177.82.135.173');

 INSERT INTO tabela_log VALUES('454','CADASTRAR','TELEFONE','CADASTROU O TELEFONE DO ID: 107','','3','2023-11-23 09:10:52','177.82.135.173');

 INSERT INTO tabela_log VALUES('455','CADASTRAR','AUTORIZADO','CADASTROU O AUTORIZADO DO ID: 126','','3','2023-11-23 09:12:54','177.82.135.173');

 INSERT INTO tabela_log VALUES('456','CADASTRAR','SEPULTURA','CADASTROU A SEPULTURA DO ID: 121','','3','2023-11-23 09:14:15','177.82.135.173');

 INSERT INTO tabela_log VALUES('457','CADASTRAR','DOCUMENTO','CADASTROU O DOCUMENTO DO ID: 3','','3','2023-11-23 09:14:55','177.82.135.173');

 INSERT INTO tabela_log VALUES('458','DELETAR','DOCUMENTO','DELETOU O DOCUMENTO DO ID: 2','DUPLICIDADE','3','2023-11-23 09:15:30','177.82.135.173');

 INSERT INTO tabela_log VALUES('459','DELETAR','DOCUMENTO','DELETOU O DOCUMENTO DO ID: 1','DUPLICIDADE','3','2023-11-23 09:15:39','177.82.135.173');

 INSERT INTO tabela_log VALUES('460','CADASTRAR','SEPULTAMENTO','CADASTROU O SEPULTAMENTO DO ID: 517','','3','2023-11-23 09:20:50','177.82.135.173');

 INSERT INTO tabela_log VALUES('461','DELETAR','CLIENTE','DELETOU O CLIENTE DO ID: 107','TESTE','3','2023-11-23 09:27:27','177.82.135.173');

 INSERT INTO tabela_log VALUES('462','DELETAR','SEPULTAMENTO','DELETOU A SEPULTAMENTO DO ID: 517','TESTE','3','2023-11-23 09:27:53','177.82.135.173');

 INSERT INTO tabela_log VALUES('463','DELETAR','SEPULTURA','DELETOU A SEPULTURA DO ID: 121','','3','2023-11-23 09:28:08','177.82.135.173');

 INSERT INTO tabela_log VALUES('464','DELETAR','SEPULTURA','DELETOU A SEPULTURA DO ID: 120','','3','2023-11-23 09:28:16','177.82.135.173');

 INSERT INTO tabela_log VALUES('465','CADASTRAR','SEPULTAMENTO','CADASTROU O SEPULTAMENTO DO ID: 518','','3','2023-11-23 09:33:36','177.82.135.173');

 INSERT INTO tabela_log VALUES('466','ALTERAR','SEPULTURA','ALTEROU O SEPULTURA DO ID: 21 // AUTORIZADOS - ANTES: ARRAY - AGORA: ARRAY / ','','3','2023-11-23 09:34:37','177.82.135.173');

 INSERT INTO tabela_log VALUES('467','CADASTRAR','AUTORIZADO','CADASTROU O AUTORIZADO DO ID: 127','','3','2023-11-23 09:38:43','177.82.135.173');

 INSERT INTO tabela_log VALUES('468','ALTERAR','SEPULTAMENTO','ALTEROU O SEPULTAMENTO DO ID: 518 // AUTORIZANTE - ANTES: 17 - AGORA: 17-127 / ','','3','2023-11-23 09:39:35','177.82.135.173');

 INSERT INTO tabela_log VALUES('469','ALTERAR','SEPULTAMENTO','ALTEROU O SEPULTAMENTO DO ID: 518 // AUTORIZANTE - ANTES: 17-127 - AGORA: 17-22 / ','','3','2023-11-23 09:41:45','177.82.135.173');

 INSERT INTO tabela_log VALUES('470','ALTERAR','SEPULTAMENTO','ALTEROU O SEPULTAMENTO DO ID: 518 // AUTORIZANTE - ANTES: 17-22 - AGORA: 17-127 / ','','3','2023-11-23 09:42:05','177.82.135.173');

 INSERT INTO tabela_log VALUES('471','CADASTRAR','USUARIO','CADASTROU O USUARIO DO ID: 5','','3','2023-11-23 09:49:21','177.82.135.173');

 INSERT INTO tabela_log VALUES('472','CADASTRAR','USUARIO','CADASTROU O USUARIO DO ID: 6','','3','2023-11-23 09:54:25','177.82.135.173');

 INSERT INTO tabela_log VALUES('473','ALTERAR','USUARIO','ALTEROU O USUARIO DO ID: 4 // SENHA - ANTES: $2Y$10$CZDR3EWXRWOUE3QJGYD6UOJBLNCFGH7UYST.3A9VUHF9SU2FLLGYI - AGORA: $2Y$10$WM9SJ26.DZEHPPRWYT4GREHHWZXWEFI1JMWYI/YSYBAFFBYT7DYDS / ','','3','2023-11-23 09:57:26','177.82.135.173');

 INSERT INTO tabela_log VALUES('474','DELETAR','USUARIO','DELETOU O USUARIO DO ID: 4','DESLIGADA','3','2023-11-23 11:13:17','186.194.201.19');

 INSERT INTO tabela_log VALUES('475','ALTERAR','USUARIO','ALTEROU O USUARIO DO ID: 2 // SENHA - ANTES: $2Y$10$SEOG8APLNL55OCGGRM8QZOURKKF6GRCLM1SR9R6EWQK7AJTAGBVSY - AGORA: $2Y$10$KOAXTMEPPEJ2BAJHY303PUFR680T/.YQDVRZMV3FDJS71ZJNWUT.C / ','','3','2023-11-23 11:20:33','186.194.201.19');

 INSERT INTO tabela_log VALUES('476','ALTERAR','SEPULTURA','ALTEROU O SEPULTURA DO ID: 50 // AUTORIZADOS - ANTES: ARRAY - AGORA: ARRAY / ','','3','2023-12-04 09:46:08','177.54.116.220');

 INSERT INTO tabela_log VALUES('477','ALTERAR','ENDERECO','ALTEROU O ENDERECO DO ID: 44 // ENDERECO - ANTES: AVENIDA HAMBURGO - AGORA: RUA PALMIRA RIBEIRO DE SOUZA / NUMERO - ANTES: 167 - AGORA: 166 BECO 743 / BAIRRO - ANTES: MURY  - AGORA: NOVA ALIANÇA / CIDADE - ANTES: NOVA FRIBURGO RJ - AGORA: RIO DAS OSTRAS - RJ / ','','3','2023-12-04 09:48:16','177.54.116.220');

 INSERT INTO tabela_log VALUES('478','ALTERAR','TELEFONE','ALTEROU O TELEFONE DO ID: 46 // TELEFONE - ANTES: (22) 2519-5043 - AGORA: (22) 99863-5086 / ','','3','2023-12-04 09:49:31','177.54.116.220');

 INSERT INTO tabela_log VALUES('479','ALTERAR','CLIENTE','ALTEROU O CLIENTE DO ID: 44 // NOME - ANTES: PAULO SERGIO DIAS - AGORA: FRANCIELLY BARROSO BOHER / CPF - ANTES: 390.329.307-53 - AGORA: 130.618.807-55 / RG - ANTES: 05.334.987-4 - AGORA: 23.081.271-1 / DATANASCIMENTO - ANTES: 1946-09-07 - AGORA: 1995-12-14 / NACIONALIDADE - ANTES: BRASILEIRO  - AGORA: BRASILEIRA / SEXO - ANTES: MASCULINO - AGORA: FEMININO / COR - ANTES:  - AGORA: BRANCO / NOMEPAI - ANTES: SIMPLICIO DE OLIVEIRA DIAS - AGORA: VALTER OROTIDES BOHER / NOMEMAE - ANTES: MARIA CORNELIO DIAS - AGORA: SUELY BARROSO BOHER / ','','3','2023-12-04 09:52:48','177.54.116.220');

 INSERT INTO tabela_log VALUES('480','ALTERAR','AUTORIZADO','ALTEROU O AUTORIZADO DO ID: 56 // NOME - ANTES: SUELI BOHRER - AGORA: DAVID BARROSO BOHER / DATANASCIMENTO - ANTES: 0000-00-00 - AGORA: 1992-03-17 / TELEFONE - ANTES: (22) 99997-6637 / 99971-0110 / 2764-7306 - AGORA:  / ','','3','2023-12-04 10:15:39','177.54.116.220');

 INSERT INTO tabela_log VALUES('481','CADASTRAR','AUTORIZADO','CADASTROU O AUTORIZADO DO ID: 128','','3','2023-12-04 10:16:30','177.54.116.220');

 INSERT INTO tabela_log VALUES('482','ALTERAR','AUTORIZADO','ALTEROU O AUTORIZADO DO ID: 56 // TELEFONE - ANTES:  - AGORA: (22) 99728-6488 / ','','3','2023-12-04 10:18:32','177.54.116.220');

 INSERT INTO tabela_log VALUES('483','CADASTRAR','SEPULTAMENTO','CADASTROU O SEPULTAMENTO DO ID: 519','','3','2023-12-15 08:29:17','177.54.116.220');

 INSERT INTO tabela_log VALUES('484','CADASTRAR','SEPULTAMENTO','CADASTROU O SEPULTAMENTO DO ID: 520','','3','2024-01-11 08:13:40','179.106.58.154');

 INSERT INTO tabela_log VALUES('485','CADASTRAR','AUTORIZADO','CADASTROU O AUTORIZADO DO ID: 129','','3','2024-02-19 08:23:52','191.240.230.6');

 INSERT INTO tabela_log VALUES('486','CADASTRAR','SEPULTAMENTO','CADASTROU O SEPULTAMENTO DO ID: 521','','3','2024-02-19 08:27:50','191.240.230.6');

 INSERT INTO tabela_log VALUES('487','CADASTRAR','AUTORIZADO','CADASTROU O AUTORIZADO DO ID: 130','','3','2024-02-27 10:19:38','186.194.192.49');

 INSERT INTO tabela_log VALUES('488','CADASTRAR','SEPULTAMENTO','CADASTROU O SEPULTAMENTO DO ID: 522','','3','2024-03-28 08:31:37','186.194.201.223');

 INSERT INTO tabela_log VALUES('489','CADASTRAR','AUTORIZADO','CADASTROU O AUTORIZADO DO ID: 131','','3','2024-03-28 08:34:19','186.194.201.223');

 INSERT INTO tabela_log VALUES('490','ALTERAR','SEPULTAMENTO','ALTEROU O SEPULTAMENTO DO ID: 522 // AUTORIZANTE - ANTES: 9 - AGORA: 9-131 / ','','3','2024-03-28 08:34:34','186.194.201.223');

 INSERT INTO tabela_log VALUES('491','ALTERAR','CLIENTE','ALTEROU O CLIENTE DO ID: 9 // NOME - ANTES: OSVALDINA GRIPP DE MELLO - AGORA: SELMA FATIMA DE MELLO OLIVEIRA / CPF - ANTES: 026.675.697-25 - AGORA: 642.016.867-87 / RG - ANTES: 08.409.311-1 - AGORA: 28.244.562-6 / DATANASCIMENTO - ANTES: 1937-04-17 - AGORA: 1958-01-07 / COR - ANTES:  - AGORA: BRANCO / NOMEPAI - ANTES: ANTÔNIO EUCLYDES GRIPP - AGORA: SEDIONEL JOAQUIM DE MELLO / NOMEMAE - ANTES: JOVELINA CABRAL GRIPP - AGORA: OSVALDINA GRIPP DE MELLO / ','','3','2024-03-28 14:31:04','186.194.201.223');

 INSERT INTO tabela_log VALUES('492','ALTERAR','AUTORIZADO','ALTEROU O AUTORIZADO DO ID: 131 // AUTORIZADOEXCEPCIONAL - ANTES: 1 - AGORA: 0 / ','','3','2024-03-28 14:31:51','186.194.201.223');

 INSERT INTO tabela_log VALUES('493','ALTERAR','TELEFONE','ALTEROU O TELEFONE DO ID: 9 // TELEFONE - ANTES: (22) 2523-2026 - AGORA: (22) 99888-9491 / ','','3','2024-03-28 14:33:11','186.194.201.223');

 INSERT INTO tabela_log VALUES('494','ALTERAR','AUTORIZADO','ALTEROU O AUTORIZADO DO ID: 131 // TELEFONE - ANTES: 22 998889491 - AGORA: 22 998889494 / ','','3','2024-03-28 14:34:07','186.194.201.223');

 INSERT INTO tabela_log VALUES('495','ALTERAR','AUTORIZADO','ALTEROU O AUTORIZADO DO ID: 21 // DATANASCIMENTO - ANTES: 0000-00-00 - AGORA:  / TELEFONE - ANTES: (22) 2526-9502
(22) 99903-8833 - AGORA: 
(22) 99903-8833 / ','','3','2024-05-15 12:07:22','191.240.253.43');

 INSERT INTO tabela_log VALUES('496','CADASTRAR','SEPULTAMENTO','CADASTROU O SEPULTAMENTO DO ID: 523','','3','2024-05-20 14:59:11','191.240.253.43');

 INSERT INTO tabela_log VALUES('497','CADASTRAR','SEPULTAMENTO','CADASTROU O SEPULTAMENTO DO ID: 524','','3','2024-06-13 08:50:11','186.194.201.61');

 INSERT INTO tabela_log VALUES('498','ALTERAR','SEPULTURA','ALTEROU O SEPULTURA DO ID: 67 // AUTORIZADOS - ANTES: ARRAY - AGORA: ["76"] / ','','3','2024-06-13 08:51:39','186.194.201.61');

 INSERT INTO tabela_log VALUES('499','ALTERAR','SEPULTAMENTO','ALTEROU O SEPULTAMENTO DO ID: 524 // DATANASCIMENTO - ANTES: 0000-00-00 - AGORA:  / AUTORIZANTE - ANTES:  - AGORA: 56 / ','','3','2024-06-13 08:53:39','186.194.201.61');

 INSERT INTO tabela_log VALUES('500','CADASTRAR','SEPULTAMENTO','CADASTROU O SEPULTAMENTO DO ID: 525','','3','2024-06-25 08:59:20','186.194.201.61');

 INSERT INTO tabela_log VALUES('501','CADASTRAR','AUTORIZADO','CADASTROU O AUTORIZADO DO ID: 132','','3','2024-06-25 09:01:07','186.194.201.61');

 INSERT INTO tabela_log VALUES('502','ALTERAR','SEPULTAMENTO','ALTEROU O SEPULTAMENTO DO ID: 525 // DATANASCIMENTO - ANTES: 0000-00-00 - AGORA:  / AUTORIZANTE - ANTES:  - AGORA: 25-132 / ','','3','2024-06-25 09:01:23','186.194.201.61');

 INSERT INTO tabela_log VALUES('503','CADASTRAR','CLIENTE','CADASTROU O CLIENTE DO ID: 108','','3','2024-07-26 08:37:48','191.240.253.32');

 INSERT INTO tabela_log VALUES('504','CADASTRAR','SEPULTURA','CADASTROU A SEPULTURA DO ID: 122','','3','2024-07-26 08:38:48','191.240.253.32');

 INSERT INTO tabela_log VALUES('505','ALTERAR','SEPULTURA','ALTEROU O SEPULTURA DO ID: 122 // NUMERO - ANTES: F.2 - AGORA: L.2 / ','','3','2024-07-26 08:39:40','191.240.253.32');

 INSERT INTO tabela_log VALUES('506','CADASTRAR','SEPULTAMENTO','CADASTROU O SEPULTAMENTO DO ID: 526','','3','2024-07-26 08:42:10','191.240.253.32');

 INSERT INTO tabela_log VALUES('507','CADASTRAR','USUARIO','CADASTROU O USUARIO DO ID: 7','','3','2024-07-26 08:49:47','191.240.253.32');

 INSERT INTO tabela_log VALUES('508','ALTERAR','USUARIO','ALTEROU O USUARIO DO ID: 5 // NOME - ANTES: ANA CAROLINA  - AGORA: ANA CAROLINA / ','','3','2024-07-26 08:50:41','191.240.253.32');

 INSERT INTO tabela_log VALUES('509','ALTERAR','USUARIO','ALTEROU O USUARIO DO ID: 7 // NOME - ANTES: RICARDO FREIMAN - AGORA: RICARDO FREIMAN / ','','3','2024-07-26 08:51:10','191.240.253.32');

 INSERT INTO tabela_log VALUES('510','CADASTRAR','CLIENTE','CADASTROU O CLIENTE DO ID: 109','','3','2024-08-14 09:28:55','186.194.196.99');

 INSERT INTO tabela_log VALUES('511','CADASTRAR','SEPULTURA','CADASTROU A SEPULTURA DO ID: 123','','3','2024-08-14 09:30:11','186.194.196.99');

 INSERT INTO tabela_log VALUES('512','CADASTRAR','SEPULTAMENTO','CADASTROU O SEPULTAMENTO DO ID: 527','','3','2024-08-14 09:34:14','186.194.196.99');

 INSERT INTO tabela_log VALUES('513','ALTERAR','SEPULTURA','ALTEROU O SEPULTURA DO ID: 122 // BLOCO - ANTES:  - AGORA: GAVETA  ALUGUEL 1ª POSIÇÃO / OBSERVACOES - ANTES: SEPULTURA DE ALUGUAL - AGORA: SEPULTURA DE ALUGUEL / ','','3','2024-08-14 09:35:40','186.194.196.99');

 INSERT INTO tabela_log VALUES('514','CADASTRAR','CLIENTE','CADASTROU O CLIENTE DO ID: 110','','3','2024-08-15 08:13:03','186.194.196.99');

 INSERT INTO tabela_log VALUES('515','CADASTRAR','SEPULTURA','CADASTROU A SEPULTURA DO ID: 124','','3','2024-08-15 08:14:08','186.194.196.99');

 INSERT INTO tabela_log VALUES('516','CADASTRAR','ENDERECO','CADASTROU O ENDERECO DO ID: 95','','3','2024-08-15 08:16:18','186.194.196.99');

 INSERT INTO tabela_log VALUES('517','CADASTRAR','TELEFONE','CADASTROU O TELEFONE DO ID: 108','','3','2024-08-15 08:18:47','186.194.196.99');

 INSERT INTO tabela_log VALUES('518','DELETAR','USUARIO','DELETOU O USUARIO DO ID: 7','A','7','2024-08-30 09:41:58','191.240.230.146');

 INSERT INTO tabela_log VALUES('519','ALTERAR','TELEFONE','ALTEROU O TELEFONE DO ID: 16 // TELEFONE - ANTES: (22) 25421-1052 - AGORA: (22) 2542-1105 / ','','3','2024-09-05 10:47:06','191.240.231.163');

 INSERT INTO tabela_log VALUES('520','ALTERAR','SEPULTURA','ALTEROU O SEPULTURA DO ID: 118 // NUMERO - ANTES: L1N - AGORA: L1 / ','','3','2024-09-05 11:09:37','191.240.231.163');

 INSERT INTO tabela_log VALUES('521','ALTERAR','ENDERECO','ALTEROU O ENDERECO DO ID: 74 // ENDERECO - ANTES: RUA MANOEL ELIAS PERROUT - AGORA: RUA RIO TOCANTINS  / NUMERO - ANTES: LOTE 100 B - AGORA: 561 / BAIRRO - ANTES: CONSELHEIRO PAULINO - AGORA: TINGLY / ','','3','2024-09-17 14:53:54','191.240.247.173');

 INSERT INTO tabela_log VALUES('522','CADASTRAR','SEPULTAMENTO','CADASTROU O SEPULTAMENTO DO ID: 528','','3','2024-09-23 08:50:33','191.240.247.112');

 INSERT INTO tabela_log VALUES('523','CADASTRAR','SEPULTAMENTO','CADASTROU O SEPULTAMENTO DO ID: 529','','3','2024-10-08 15:02:08','179.106.59.102');

 INSERT INTO tabela_log VALUES('524','ALTERAR','SEPULTURA','ALTEROU O SEPULTURA DO ID: 5 // AUTORIZADOS - ANTES: ARRAY - AGORA: ["6"] / ','','3','2024-10-09 10:54:40','179.106.59.102');

 INSERT INTO tabela_log VALUES('525','ALTERAR','SEPULTURA','ALTEROU O SEPULTURA DO ID: 5 // AUTORIZADOS - ANTES: ARRAY - AGORA: ["6"] / ','','3','2024-10-09 10:56:32','179.106.59.102');

 INSERT INTO tabela_log VALUES('526','ALTERAR','CLIENTE','ALTEROU O CLIENTE DO ID: 4 // CPF - ANTES: 0.442.582-59 - AGORA: 503.256.637-34 / ','','3','2024-10-09 10:57:28','179.106.59.102');

 INSERT INTO tabela_log VALUES('527','ALTERAR','SEPULTURA','ALTEROU O SEPULTURA DO ID: 10 // AUTORIZADOS - ANTES: ARRAY - AGORA: ARRAY / ','','3','2024-10-09 11:51:54','179.106.59.102');

 INSERT INTO tabela_log VALUES('528','CADASTRAR','SEPULTAMENTO','CADASTROU O SEPULTAMENTO DO ID: 530','','3','2024-10-14 13:41:43','191.240.244.47');

 INSERT INTO tabela_log VALUES('529','CADASTRAR','USUARIO','CADASTROU O USUARIO DO ID: 8','','3','2024-10-16 08:41:40','187.95.45.201');

 INSERT INTO tabela_log VALUES('530','CADASTRAR','CLIENTE','CADASTROU O CLIENTE DO ID: 111','','3','2024-10-16 08:45:02','187.95.45.201');

 INSERT INTO tabela_log VALUES('531','CADASTRAR','ENDERECO','CADASTROU O ENDERECO DO ID: 96','','3','2024-10-16 08:45:45','187.95.45.201');

 INSERT INTO tabela_log VALUES('532','ALTERAR','CLIENTE','ALTEROU O CLIENTE DO ID: 111 // DATANASCIMENTO - ANTES: 0000-00-00 - AGORA:  / ','','3','2024-10-16 08:51:27','187.95.45.201');

 INSERT INTO tabela_log VALUES('533','CADASTRAR','SEPULTURA','CADASTROU A SEPULTURA DO ID: 125','','3','2024-10-16 08:55:08','187.95.45.201');

 INSERT INTO tabela_log VALUES('534','CADASTRAR','SEPULTAMENTO','CADASTROU O SEPULTAMENTO DO ID: 531','','3','2024-10-16 08:58:06','187.95.45.201');

 INSERT INTO tabela_log VALUES('535','ALTERAR','SEPULTAMENTO','ALTEROU O SEPULTAMENTO DO ID: 531 // DATANASCIMENTO - ANTES: 0000-00-00 - AGORA:  / ','','3','2024-10-16 08:58:52','187.95.45.201');

 INSERT INTO tabela_log VALUES('536','ALTERAR','CLIENTE','ALTEROU O CLIENTE DO ID: 23 // NOME - ANTES: IVANILDO DE OLIVEIRA RAMOS - AGORA: IVANILDO DE OLIVEIRA SANTOS / ','','3','2024-10-21 14:30:33','186.194.198.147');

 INSERT INTO tabela_log VALUES('537','ALTERAR','SEPULTURA','ALTEROU O SEPULTURA DO ID: 123 // NUMERO - ANTES: H.11 - AGORA: H.11 ALUGUEL 1ª POSIÇÃO / ','','3','2024-10-23 13:54:26','179.106.59.101');

 INSERT INTO tabela_log VALUES('538','CADASTRAR','CLIENTE','CADASTROU O CLIENTE DO ID: 112','','3','2024-10-23 13:55:55','179.106.59.101');

 INSERT INTO tabela_log VALUES('539','CADASTRAR','SEPULTURA','CADASTROU A SEPULTURA DO ID: 126','','3','2024-10-23 13:57:12','179.106.59.101');

 INSERT INTO tabela_log VALUES('540','CADASTRAR','SEPULTAMENTO','CADASTROU O SEPULTAMENTO DO ID: 532','','3','2024-10-23 13:59:58','179.106.59.101');

 INSERT INTO tabela_log VALUES('541','CADASTRAR','ENDERECO','CADASTROU O ENDERECO DO ID: 97','','3','2024-10-23 14:00:35','179.106.59.101');

 INSERT INTO tabela_log VALUES('542','ALTERAR','SEPULTURA','ALTEROU O SEPULTURA DO ID: 119 // NUMERO - ANTES: G.8 - AGORA: G.8 1ª POSIÇÃO / ','','3','2024-10-23 14:08:36','179.106.59.101');

 INSERT INTO tabela_log VALUES('543','ALTERAR','SEPULTAMENTO','ALTEROU O SEPULTAMENTO DO ID: 532 // NOME - ANTES: JOÃO TAHAYDE KLEIN - AGORA: JOÃO ATHAYDE KLEIN / ','','3','2024-10-23 14:10:39','179.106.59.101');

 INSERT INTO tabela_log VALUES('544','CADASTRAR','CLIENTE','CADASTROU O CLIENTE DO ID: 113','','3','2024-10-23 14:18:25','179.106.59.101');

 INSERT INTO tabela_log VALUES('545','CADASTRAR','SEPULTURA','CADASTROU A SEPULTURA DO ID: 127','','3','2024-10-23 14:19:16','179.106.59.101');

 INSERT INTO tabela_log VALUES('546','ALTERAR','CLIENTE','ALTEROU O CLIENTE DO ID: 105 // NOME - ANTES: JESSICA DE FÁTIMA INACIO DE OLIVEIRA - AGORA: IZOLINA INACIO / CPF - ANTES: 361.631.528-08 - AGORA: 000.000.000-00 / DATANASCIMENTO - ANTES: 1987-10-03 - AGORA: 1965-11-19 / ','','3','2024-10-23 14:39:38','179.106.59.101');

 INSERT INTO tabela_log VALUES('547','CADASTRAR','SEPULTAMENTO','CADASTROU O SEPULTAMENTO DO ID: 533','','3','2024-10-24 15:08:19','179.106.59.101');

 INSERT INTO tabela_log VALUES('548','CADASTRAR','TELEFONE','CADASTROU O TELEFONE DO ID: 109','','3','2024-10-30 10:16:16','179.106.59.101');

 INSERT INTO tabela_log VALUES('549','CADASTRAR','TELEFONE','CADASTROU O TELEFONE DO ID: 110','','3','2024-10-30 10:23:06','179.106.59.101');

 INSERT INTO tabela_log VALUES('550','ALTERAR','CLIENTE','ALTEROU O CLIENTE DO ID: 17 // NOME - ANTES: MARIA DE LOURDES BUSSINGER DA SILVEIRA - AGORA: CARLOS ALBERTO BERNARDO DA SILVEIRA  / CPF - ANTES: 029.621.767-04 - AGORA: 010.274.307-08 / RG - ANTES: 21.358.923-7 - AGORA: 08.262.203-6 / DATANASCIMENTO - ANTES: 1946-02-12 - AGORA: 1970-06-30 / SEXO - ANTES: FEMININO - AGORA: MASCULINO / NOMEPAI - ANTES: JOSÉ DOMINGOS BUSSINGER - AGORA: DORVALINO BERNARDO DA SILVEIRA  / NOMEMAE - ANTES: MAIA DE LOURDES BUSSINGER DA SILVEIRA - AGORA: MAIA DE LOURDES BERNARDO DA SILVEIRA / ','','3','2024-10-30 10:29:43','179.106.59.101');

 INSERT INTO tabela_log VALUES('551','ALTERAR','CLIENTE','ALTEROU O CLIENTE DO ID: 25 // NOME - ANTES: MARIA FRANCISCA GRIPP - AGORA: MARGARIDA GRIPP LOPES  / CPF - ANTES: 029.620.527-38 - AGORA: 072.006.207-18 / RG - ANTES: 1.000.414-8 - AGORA: 10.990.192-6 / DATANASCIMENTO - ANTES: 0000-00-00 - AGORA: 1942-11-28 / NOMEPAI - ANTES:  - AGORA: ANTONIO EUCLIDES GRIPP / NOMEMAE - ANTES:  - AGORA: JOVELINA CABRAL GRIPP / ','','3','2024-10-30 10:42:25','179.106.59.101');

 INSERT INTO tabela_log VALUES('552','CADASTRAR','SEPULTURA','CADASTROU A SEPULTURA DO ID: 128','','3','2024-10-30 11:06:32','179.106.59.101');

 INSERT INTO tabela_log VALUES('553','DELETAR','CLIENTE','DELETOU O CLIENTE DO ID: 18','DUPLICIDADE','3','2024-10-30 11:07:22','179.106.59.101');

 INSERT INTO tabela_log VALUES('554','CADASTRAR','TELEFONE','CADASTROU O TELEFONE DO ID: 111','','3','2024-10-30 11:15:28','179.106.59.101');

 INSERT INTO tabela_log VALUES('555','CADASTRAR','TELEFONE','CADASTROU O TELEFONE DO ID: 112','','3','2024-10-30 11:17:23','179.106.59.101');

 INSERT INTO tabela_log VALUES('556','CADASTRAR','TELEFONE','CADASTROU O TELEFONE DO ID: 113','','3','2024-10-30 11:27:53','179.106.59.101');

 INSERT INTO tabela_log VALUES('557','ALTERAR','CLIENTE','ALTEROU O CLIENTE DO ID: 55 // NOME - ANTES: JOSÉ AMERICO BAZZICHI - AGORA: STELLA SILVANA BAZZICHI / CPF - ANTES: 243.246.987-91 - AGORA: 028.894.017-23 / RG - ANTES: 80.598.614-8 - AGORA: 10.265.602-2 / DATANASCIMENTO - ANTES: 1941-01-10 - AGORA: 1968-02-01 / SEXO - ANTES: MASCULINO - AGORA: FEMININO / NOMEPAI - ANTES: FORTUNATO BAZZICHI - AGORA: JOSE AMERICO BAZZICHI / NOMEMAE - ANTES: LAUDELINA DA ROCHA - AGORA: ESMERALDA RAMOS BAZZICHI / ','','3','2024-10-30 13:06:00','179.106.59.101');

 INSERT INTO tabela_log VALUES('558','ALTERAR','TELEFONE','ALTEROU O TELEFONE DO ID: 59 // TELEFONE - ANTES: (22) 2519-4038 - AGORA: (22) 99857-9135 / ','','3','2024-10-30 13:06:41','179.106.59.101');

 INSERT INTO tabela_log VALUES('559','ALTERAR','CLIENTE','ALTEROU O CLIENTE DO ID: 62 // NOME - ANTES: NEIDE MAR MOREIRA MOTA - AGORA: NEIDE NAR MOREIRA MOTA / ','','3','2024-10-30 13:23:57','179.106.59.101');

 INSERT INTO tabela_log VALUES('560','CADASTRAR','TELEFONE','CADASTROU O TELEFONE DO ID: 114','','3','2024-10-31 12:37:40','179.106.59.101');

 INSERT INTO tabela_log VALUES('561','DELETAR','TELEFONE','DELETOU O TELEFONE DO ID: 84','','3','2024-10-31 13:59:59','179.106.59.101');

 INSERT INTO tabela_log VALUES('562','DELETAR','TELEFONE','DELETOU O TELEFONE DO ID: 84','','3','2024-10-31 13:59:59','179.106.59.101');

 INSERT INTO tabela_log VALUES('563','DELETAR','TELEFONE','DELETOU O TELEFONE DO ID: 85','','3','2024-10-31 14:00:29','179.106.59.101');

 INSERT INTO tabela_log VALUES('564','ALTERAR','CLIENTE','ALTEROU O CLIENTE DO ID: 26 // NOME - ANTES: RICARDO SALIM PEDRO JUNIOR  - AGORA: WALACE BOM JUNIOR / CPF - ANTES: 119.879.487-93 - AGORA: 088.810.767-64 / RG - ANTES: 24.823.398-3 - AGORA: 11.723.473-2 / DATANASCIMENTO - ANTES: 1990-07-22 - AGORA: 1980-10-07 / NOMEPAI - ANTES: RICARDO SALIM PEDRO  - AGORA: WALACE BOM / NOMEMAE - ANTES: ADRIANA BOM PEDRO  - AGORA: MARIA EUGENIA DE OLIVEIRA BOM / ','','3','2024-10-31 14:21:27','179.106.59.101');

 INSERT INTO tabela_log VALUES('565','ALTERAR','ENDERECO','ALTEROU O ENDERECO DO ID: 26 // ENDERECO - ANTES: AV. ALBERTO BRAUNE  - AGORA: RUA CARLOS LUIZ JACOB  / NUMERO - ANTES: 136-504  - AGORA: 137 / BAIRRO - ANTES: CENTRO  - AGORA: RAIRRO SUIÇO / ','','3','2024-10-31 14:22:47','179.106.59.101');

 INSERT INTO tabela_log VALUES('566','ALTERAR','TELEFONE','ALTEROU O TELEFONE DO ID: 27 // TELEFONE - ANTES: (22) 99831-4948 - AGORA: (22) 99962-2933 / ','','3','2024-10-31 14:23:50','179.106.59.101');

 INSERT INTO tabela_log VALUES('567','ALTERAR','TELEFONE','ALTEROU O TELEFONE DO ID: 11 // TELEFONE - ANTES: (22) 99910-4835 - AGORA: (22) 99938-5739 / ','','3','2024-11-01 10:07:49','179.106.59.101');

 INSERT INTO tabela_log VALUES('568','ALTERAR','TELEFONE','ALTEROU O TELEFONE DO ID: 6 // TELEFONE - ANTES: (22) 99910-4835 - AGORA: (22) 99938-5739 / ','','3','2024-11-01 10:08:24','179.106.59.101');

 INSERT INTO tabela_log VALUES('569','ALTERAR','TELEFONE','ALTEROU O TELEFONE DO ID: 58 // TELEFONE - ANTES: (22) 99999-9459 - AGORA: (22) 99899-6459 / ','','3','2024-11-01 15:27:12','179.106.59.101');

 INSERT INTO tabela_log VALUES('570','ALTERAR','SEPULTAMENTO','ALTEROU O SEPULTAMENTO DO ID: 532 // NOME - ANTES: JOÃO ATHAYDE KLEIN - AGORA: JOÃO ADAILTON KLEIN / ','','3','2024-11-04 08:10:16','186.194.197.81');

 INSERT INTO tabela_log VALUES('571','DELETAR','CLIENTE','DELETOU O CLIENTE DO ID: 111','TESTE','8','2024-11-04 14:14:10','187.95.45.126');

 INSERT INTO tabela_log VALUES('572','ALTERAR','TELEFONE','ALTEROU O TELEFONE DO ID: 68 // CONTATO - ANTES:  - AGORA: LAIS MOREIRA CAVALCANTE / ','','8','2024-11-06 08:28:42','187.95.45.126');

 INSERT INTO tabela_log VALUES('573','ALTERAR','TELEFONE','ALTEROU O TELEFONE DO ID: 68 // CONTATO - ANTES: LAIS MOREIRA CAVALCANTE - AGORA: NEIDE NAR MOREIRA / ','','8','2024-11-06 08:29:19','187.95.45.126');

 INSERT INTO tabela_log VALUES('574','CADASTRAR','TELEFONE','CADASTROU O TELEFONE DO ID: 115','','8','2024-11-06 08:32:03','187.95.45.126');

 INSERT INTO tabela_log VALUES('575','ALTERAR','TELEFONE','ALTEROU O TELEFONE DO ID: 9 // CONTATO - ANTES:  - AGORA: SELMA FATIMA DE MELLO / ','','8','2024-11-06 08:33:29','187.95.45.126');

 INSERT INTO tabela_log VALUES('576','ALTERAR','TELEFONE','ALTEROU O TELEFONE DO ID: 88 // CONTATO - ANTES:  - AGORA: ADEMÁRIO MORAES / ','','8','2024-11-06 08:35:33','187.95.45.126');

 INSERT INTO tabela_log VALUES('577','DELETAR','TELEFONE','DELETOU O TELEFONE DO ID: 89','NÃO EXISTE MAIS','8','2024-11-06 08:36:07','187.95.45.126');

 INSERT INTO tabela_log VALUES('578','ALTERAR','AUTORIZADO','ALTEROU O AUTORIZADO DO ID: 104 // DATANASCIMENTO - ANTES: 0000-00-00 - AGORA:  / OBSERVACOES - ANTES:  - AGORA: ESPOSA / ','','8','2024-11-06 08:36:39','187.95.45.126');

 INSERT INTO tabela_log VALUES('579','ALTERAR','AUTORIZADO','ALTEROU O AUTORIZADO DO ID: 104 // CPF - ANTES:  - AGORA: 038.840.227-09 / DATANASCIMENTO - ANTES: 0000-00-00 - AGORA:  / ','','8','2024-11-06 08:37:19','187.95.45.126');

 INSERT INTO tabela_log VALUES('580','CADASTRAR','TELEFONE','CADASTROU O TELEFONE DO ID: 116','','8','2024-11-06 08:44:29','187.95.45.126');

 INSERT INTO tabela_log VALUES('581','ALTERAR','TELEFONE','ALTEROU O TELEFONE DO ID: 69 // CONTATO - ANTES:  - AGORA: THEREZINHA DA SILVEIRA TARDEM / ','','8','2024-11-06 08:44:52','187.95.45.126');

 INSERT INTO tabela_log VALUES('582','ALTERAR','AUTORIZADO','ALTEROU O AUTORIZADO DO ID: 84 // DATANASCIMENTO - ANTES: 0000-00-00 - AGORA:  / TELEFONE - ANTES: (22) 2519-4283 - AGORA:  / ','','8','2024-11-06 08:45:32','187.95.45.126');

 INSERT INTO tabela_log VALUES('583','ALTERAR','TELEFONE','ALTEROU O TELEFONE DO ID: 4 // CONTATO - ANTES:  - AGORA: LUCIA DE FÁTIMA GONÇALVES BERNARDO DA SILVEIRA  / ','','8','2024-11-06 09:01:20','187.95.45.126');

 INSERT INTO tabela_log VALUES('584','CADASTRAR','TELEFONE','CADASTROU O TELEFONE DO ID: 117','','8','2024-11-06 09:05:13','187.95.45.126');

 INSERT INTO tabela_log VALUES('585','ALTERAR','TELEFONE','ALTEROU O TELEFONE DO ID: 7 // CONTATO - ANTES:  - AGORA: JOSÉ WENDEROSCHY / ','','8','2024-11-06 09:07:01','187.95.45.126');

 INSERT INTO tabela_log VALUES('586','ALTERAR','AUTORIZADO','ALTEROU O AUTORIZADO DO ID: 8 // DATANASCIMENTO - ANTES: 0000-00-00 - AGORA:  / TELEFONE - ANTES:  - AGORA: (22)998027546 / OBSERVACOES - ANTES:  - AGORA: FILHO / ','','8','2024-11-06 09:09:30','187.95.45.126');

 INSERT INTO tabela_log VALUES('587','ALTERAR','ENDERECO','ALTEROU O ENDERECO DO ID: 13 // ENDERECO - ANTES: ESTRADA ALCIDIMIRO BUSSINGER  - AGORA: ESTRADA  ALCIDIMIRO BUSSINGER  / ','','8','2024-11-06 09:11:08','187.95.45.126');

 INSERT INTO tabela_log VALUES('588','CADASTRAR','TELEFONE','CADASTROU O TELEFONE DO ID: 118','','8','2024-11-06 09:12:48','187.95.45.126');

 INSERT INTO tabela_log VALUES('589','CADASTRAR','TELEFONE','CADASTROU O TELEFONE DO ID: 119','','8','2024-11-06 09:15:30','187.95.45.126');

 INSERT INTO tabela_log VALUES('590','CADASTRAR','TELEFONE','CADASTROU O TELEFONE DO ID: 120','','8','2024-11-06 09:16:10','187.95.45.126');

 INSERT INTO tabela_log VALUES('591','CADASTRAR','TELEFONE','CADASTROU O TELEFONE DO ID: 121','','8','2024-11-06 09:17:07','187.95.45.126');

 INSERT INTO tabela_log VALUES('592','CADASTRAR','TELEFONE','CADASTROU O TELEFONE DO ID: 122','','8','2024-11-06 09:17:51','187.95.45.126');

 INSERT INTO tabela_log VALUES('593','CADASTRAR','TELEFONE','CADASTROU O TELEFONE DO ID: 123','','8','2024-11-06 09:20:31','187.95.45.126');

 INSERT INTO tabela_log VALUES('594','ALTERAR','TELEFONE','ALTEROU O TELEFONE DO ID: 119 // CONTATO - ANTES: CARLOS SCHUMACHER MAFORT - AGORA: CARLOS SCHUMACKER MAFORT / ','','8','2024-11-06 09:21:17','187.95.45.126');

 INSERT INTO tabela_log VALUES('595','ALTERAR','TELEFONE','ALTEROU O TELEFONE DO ID: 120 // CONTATO - ANTES: CARLOS SCHUMACHER MAFORT - AGORA: CARLOS SCHUMACKER MAFORT / ','','8','2024-11-06 09:21:37','187.95.45.126');

 INSERT INTO tabela_log VALUES('596','ALTERAR','TELEFONE','ALTEROU O TELEFONE DO ID: 15 // CONTATO - ANTES:  - AGORA: ADRIANO SCHUMACKER MAFORT  / ','','8','2024-11-06 09:21:58','187.95.45.126');

 INSERT INTO tabela_log VALUES('597','ALTERAR','TELEFONE','ALTEROU O TELEFONE DO ID: 18 // TELEFONE - ANTES: (22) 99709-7808 - AGORA: (22) 99816-4146 / CONTATO - ANTES:  - AGORA: CARLOS ALBERTO BERNARDO DA SILVEIRA  / ','','8','2024-11-06 09:24:48','187.95.45.126');

 INSERT INTO tabela_log VALUES('598','CADASTRAR','TELEFONE','CADASTROU O TELEFONE DO ID: 124','','8','2024-11-06 09:26:00','187.95.45.126');

 INSERT INTO tabela_log VALUES('599','CADASTRAR','TELEFONE','CADASTROU O TELEFONE DO ID: 125','','8','2024-11-06 09:28:24','187.95.45.126');

 INSERT INTO tabela_log VALUES('600','ALTERAR','AUTORIZADO','ALTEROU O AUTORIZADO DO ID: 22 // DATANASCIMENTO - ANTES: 0000-00-00 - AGORA:  / TELEFONE - ANTES:  - AGORA: (22) 99709-7808 / ','','8','2024-11-06 09:52:01','187.95.45.126');

 INSERT INTO tabela_log VALUES('601','DELETAR','ENDEREÇO','DELETOU O ENDERECO DO ID: 19','DUPLICIDADE','8','2024-11-06 09:55:57','187.95.45.126');

 INSERT INTO tabela_log VALUES('602','ALTERAR','TELEFONE','ALTEROU O TELEFONE DO ID: 19 // CONTATO - ANTES:  - AGORA: JAIR GRIPP  / ','','8','2024-11-06 09:56:47','187.95.45.126');

 INSERT INTO tabela_log VALUES('603','CADASTRAR','TELEFONE','CADASTROU O TELEFONE DO ID: 126','','8','2024-11-06 09:57:47','187.95.45.126');

 INSERT INTO tabela_log VALUES('604','CADASTRAR','TELEFONE','CADASTROU O TELEFONE DO ID: 127','','8','2024-11-06 10:00:33','187.95.45.126');

 INSERT INTO tabela_log VALUES('605','CADASTRAR','TELEFONE','CADASTROU O TELEFONE DO ID: 128','','8','2024-11-06 10:01:18','187.95.45.126');

 INSERT INTO tabela_log VALUES('606','ALTERAR','TELEFONE','ALTEROU O TELEFONE DO ID: 19 // CONTATO - ANTES: JAIR GRIPP  - AGORA: MARLENE ALVES GRIPP (ESPOSA) / ','','8','2024-11-06 10:03:00','187.95.45.126');

 INSERT INTO tabela_log VALUES('607','ALTERAR','CLIENTE','ALTEROU O CLIENTE DO ID: 20 // NOME - ANTES: ELZA CANTO DA ROZA DA SILVA - AGORA: ELZA CANTO DA ROSA DA SILVA / ','','8','2024-11-06 10:06:21','187.95.45.126');

 INSERT INTO tabela_log VALUES('608','ALTERAR','CLIENTE','ALTEROU O CLIENTE DO ID: 20 // NOMEPAI - ANTES: LUIZ TEIXEIRA DA ROZA FILHO - AGORA: LUIZ TEIXEIRA DA ROSA FILHO / ','','8','2024-11-06 10:06:46','187.95.45.126');

 INSERT INTO tabela_log VALUES('609','CADASTRAR','TELEFONE','CADASTROU O TELEFONE DO ID: 129','','8','2024-11-06 10:09:02','187.95.45.126');

 INSERT INTO tabela_log VALUES('610','CADASTRAR','TELEFONE','CADASTROU O TELEFONE DO ID: 130','','8','2024-11-06 10:11:06','187.95.45.126');

 INSERT INTO tabela_log VALUES('611','ALTERAR','TELEFONE','ALTEROU O TELEFONE DO ID: 41 // TELEFONE - ANTES: (22) 2519-4487 - AGORA: (22) 99944-9680 / ','','3','2024-11-07 07:50:48','186.194.194.212');

 INSERT INTO tabela_log VALUES('612','CADASTRAR','SEPULTAMENTO','CADASTROU O SEPULTAMENTO DO ID: 534','','3','2024-11-07 07:57:14','186.194.194.212');

 INSERT INTO tabela_log VALUES('613','ALTERAR','AUTORIZADO','ALTEROU O AUTORIZADO DO ID: 9 // NOME - ANTES: ARGARETH BARROS MINEIRO - AGORA: MARGARETH BARROS MINEIRO / DATANASCIMENTO - ANTES: 0000-00-00 - AGORA:  / ','','3','2024-11-07 07:57:41','186.194.194.212');

 INSERT INTO tabela_log VALUES('614','CADASTRAR','TELEFONE','CADASTROU O TELEFONE DO ID: 131','','8','2024-11-07 08:35:22','187.95.45.126');

 INSERT INTO tabela_log VALUES('615','ALTERAR','TELEFONE','ALTEROU O TELEFONE DO ID: 10 // CONTATO - ANTES: ROSELI FREIMAM  - AGORA: ROSELI FREIMAM (EX NORA) / ','','8','2024-11-07 08:37:10','187.95.45.126');

 INSERT INTO tabela_log VALUES('616','ALTERAR','AUTORIZADO','ALTEROU O AUTORIZADO DO ID: 11 // DATANASCIMENTO - ANTES: 0000-00-00 - AGORA:  / TELEFONE - ANTES: 2519-7564 - AGORA:  / ','','8','2024-11-07 08:38:26','187.95.45.126');

 INSERT INTO tabela_log VALUES('617','DELETAR','TELEFONE','DELETOU O TELEFONE DO ID: 80','','3','2024-11-07 11:25:40','186.194.194.212');

 INSERT INTO tabela_log VALUES('618','CADASTRAR','AUTORIZADO','CADASTROU O AUTORIZADO DO ID: 133','','3','2024-11-07 11:27:23','186.194.194.212');

 INSERT INTO tabela_log VALUES('619','CADASTRAR','TELEFONE','CADASTROU O TELEFONE DO ID: 132','','8','2024-11-07 12:21:14','187.95.45.126');

 INSERT INTO tabela_log VALUES('620','CADASTRAR','TELEFONE','CADASTROU O TELEFONE DO ID: 133','','8','2024-11-07 12:21:58','187.95.45.126');

 INSERT INTO tabela_log VALUES('621','DELETAR','TELEFONE','DELETOU O TELEFONE DO ID: 36','NÃO EXISTE MAIS','8','2024-11-07 15:08:08','187.95.45.126');

 INSERT INTO tabela_log VALUES('622','CADASTRAR','TELEFONE','CADASTROU O TELEFONE DO ID: 134','','8','2024-11-07 15:11:41','187.95.45.126');

 INSERT INTO tabela_log VALUES('623','ALTERAR','TELEFONE','ALTEROU O TELEFONE DO ID: 49 // CONTATO - ANTES:  - AGORA: OSWALDO / ','','8','2024-11-07 15:28:49','187.95.45.126');

 INSERT INTO tabela_log VALUES('624','CADASTRAR','TELEFONE','CADASTROU O TELEFONE DO ID: 135','','8','2024-11-07 15:32:06','187.95.45.126');

 INSERT INTO tabela_log VALUES('625','CADASTRAR','TELEFONE','CADASTROU O TELEFONE DO ID: 136','','8','2024-11-07 15:33:10','187.95.45.126');

 INSERT INTO tabela_log VALUES('626','ALTERAR','CLIENTE','ALTEROU O CLIENTE DO ID: 47 // NOME - ANTES: OSWALDO OLIVEIRA RAMOS - AGORA: OSVALDO OLIVEIRA RAMOS / ','','8','2024-11-07 15:35:12','187.95.45.126');

 INSERT INTO tabela_log VALUES('627','ALTERAR','TELEFONE','ALTEROU O TELEFONE DO ID: 29 // CONTATO - ANTES:  - AGORA: LUZILETE OUVERNEY  / ','','8','2024-11-07 15:40:34','187.95.45.126');

 INSERT INTO tabela_log VALUES('628','CADASTRAR','TELEFONE','CADASTROU O TELEFONE DO ID: 137','','8','2024-11-07 15:43:09','187.95.45.126');

 INSERT INTO tabela_log VALUES('629','CADASTRAR','TELEFONE','CADASTROU O TELEFONE DO ID: 138','','8','2024-11-08 11:14:11','187.95.45.126');

 INSERT INTO tabela_log VALUES('630','ALTERAR','TELEFONE','ALTEROU O TELEFONE DO ID: 138 // TELEFONE - ANTES: (22) 9986-2770 - AGORA: (22) 99861-2770 / ','','8','2024-11-08 11:14:55','187.95.45.126');

 INSERT INTO tabela_log VALUES('631','CADASTRAR','TELEFONE','CADASTROU O TELEFONE DO ID: 139','','8','2024-11-08 11:20:59','187.95.45.126');

 INSERT INTO tabela_log VALUES('632','ALTERAR','TELEFONE','ALTEROU O TELEFONE DO ID: 1 // TELEFONE - ANTES: (22) 2519-4220 - AGORA: (22) 22992-0277 / CONTATO - ANTES:  - AGORA: LAIDE GAMA / ','','8','2024-11-08 11:36:24','187.95.45.126');

 INSERT INTO tabela_log VALUES('633','CADASTRAR','TELEFONE','CADASTROU O TELEFONE DO ID: 140','','8','2024-11-08 11:37:45','187.95.45.126');

 INSERT INTO tabela_log VALUES('634','CADASTRAR','TELEFONE','CADASTROU O TELEFONE DO ID: 141','','8','2024-11-08 11:40:21','187.95.45.126');

 INSERT INTO tabela_log VALUES('635','ALTERAR','TELEFONE','ALTEROU O TELEFONE DO ID: 65 // TELEFONE - ANTES: (22) 2519-4368 - AGORA: (22) 99788-9559 / CONTATO - ANTES:  - AGORA: JULIANA (FILHA) / ','','8','2024-11-08 11:44:51','187.95.45.126');

 INSERT INTO tabela_log VALUES('636','ALTERAR','TELEFONE','ALTEROU O TELEFONE DO ID: 2 // TELEFONE - ANTES: (22) 99958-9589 - AGORA: (22) 99882-9399 / CONTATO - ANTES:  - AGORA: CECILIA CLAUDIA FROSSARD / ','','8','2024-11-08 11:47:44','187.95.45.126');

 INSERT INTO tabela_log VALUES('637','DELETAR','TELEFONE','DELETOU O TELEFONE DO ID: 52','NÃO EXISTE MAIS','8','2024-11-08 12:04:45','187.95.45.126');

 INSERT INTO tabela_log VALUES('638','ALTERAR','TELEFONE','ALTEROU O TELEFONE DO ID: 51 // CONTATO - ANTES:  - AGORA: JOSÉ AUGUSTO RIMA / ','','8','2024-11-08 12:05:27','187.95.45.126');

 INSERT INTO tabela_log VALUES('639','DELETAR','TELEFONE','DELETOU O TELEFONE DO ID: 65','NÃO EXISTE MAIS','8','2024-11-08 12:06:38','187.95.45.126');

 INSERT INTO tabela_log VALUES('640','ALTERAR','TELEFONE','ALTEROU O TELEFONE DO ID: 33 // CONTATO - ANTES: RAFAELA - AGORA: RAFAELA (FILHA) / ','','8','2024-11-08 12:09:23','187.95.45.126');

 INSERT INTO tabela_log VALUES('641','CADASTRAR','TELEFONE','CADASTROU O TELEFONE DO ID: 142','','8','2024-11-08 12:12:18','187.95.45.126');

 INSERT INTO tabela_log VALUES('642','CADASTRAR','TELEFONE','CADASTROU O TELEFONE DO ID: 143','','8','2024-11-08 12:13:15','187.95.45.126');

 INSERT INTO tabela_log VALUES('643','ALTERAR','TELEFONE','ALTEROU O TELEFONE DO ID: 28 // TELEFONE - ANTES: (22) 99954-5168 - AGORA: (22) 99276-6152 / CONTATO - ANTES:  - AGORA: MARIA LUCIA DE JESUS SANTOS / ','','8','2024-11-08 13:57:33','187.95.45.126');

 INSERT INTO tabela_log VALUES('644','CADASTRAR','TELEFONE','CADASTROU O TELEFONE DO ID: 144','','8','2024-11-08 13:58:32','187.95.45.126');

 INSERT INTO tabela_log VALUES('645','ALTERAR','TELEFONE','ALTEROU O TELEFONE DO ID: 70 // CONTATO - ANTES:  - AGORA: NIULDA DOS SANTOS MARCHON / ','','8','2024-11-08 14:01:28','187.95.45.126');

 INSERT INTO tabela_log VALUES('646','CADASTRAR','TELEFONE','CADASTROU O TELEFONE DO ID: 145','','8','2024-11-08 14:06:33','187.95.45.126');

 INSERT INTO tabela_log VALUES('647','ALTERAR','TELEFONE','ALTEROU O TELEFONE DO ID: 5 // CONTATO - ANTES:  - AGORA: LEINA GAMA CONSTANTINO / ','','8','2024-11-08 14:13:48','187.95.45.126');

 INSERT INTO tabela_log VALUES('648','CADASTRAR','TELEFONE','CADASTROU O TELEFONE DO ID: 146','','8','2024-11-08 14:16:53','187.95.45.126');

 INSERT INTO tabela_log VALUES('649','ALTERAR','TELEFONE','ALTEROU O TELEFONE DO ID: 79 // TELEFONE - ANTES: (22) 99850-5491 - AGORA: (22) 2527-1886 / CONTATO - ANTES:  - AGORA: RITA DE CASSIA BOM  / ','','8','2024-11-08 14:20:38','187.95.45.126');

 INSERT INTO tabela_log VALUES('650','ALTERAR','TELEFONE','ALTEROU O TELEFONE DO ID: 78 // CONTATO - ANTES:  - AGORA: JOSÉ ISMAEL BOY / ','','8','2024-11-08 14:23:18','187.95.45.126');

 INSERT INTO tabela_log VALUES('651','ALTERAR','TELEFONE','ALTEROU O TELEFONE DO ID: 77 // TELEFONE - ANTES: (22) 2527-1886 - AGORA: (22) 99952-0861 / CONTATO - ANTES:  - AGORA: SONIA MARIA BOM / ','','8','2024-11-08 14:24:49','187.95.45.126');

 INSERT INTO tabela_log VALUES('652','CADASTRAR','TELEFONE','CADASTROU O TELEFONE DO ID: 147','','8','2024-11-08 14:25:42','187.95.45.126');

 INSERT INTO tabela_log VALUES('653','CADASTRAR','TELEFONE','CADASTROU O TELEFONE DO ID: 148','','8','2024-11-08 14:26:51','187.95.45.126');

 INSERT INTO tabela_log VALUES('654','ALTERAR','TELEFONE','ALTEROU O TELEFONE DO ID: 71 // CONTATO - ANTES:  - AGORA: MANUEL VALDENIR TARDEN (ESPOSO DA TEREZINHA) / ','','8','2024-11-08 14:28:07','187.95.45.126');

 INSERT INTO tabela_log VALUES('655','ALTERAR','TELEFONE','ALTEROU O TELEFONE DO ID: 44 // TELEFONE - ANTES: (22) 2542-1600 - AGORA: (22) 99731-3921 / CONTATO - ANTES:  - AGORA: LAUZIRO GRIPP (SÓ LIGAÇÃO MELHOR HORÁRIO 12:00H) / ','','8','2024-11-08 14:38:51','187.95.45.126');

 INSERT INTO tabela_log VALUES('656','CADASTRAR','TELEFONE','CADASTROU O TELEFONE DO ID: 149','','8','2024-11-08 14:40:01','187.95.45.126');

 INSERT INTO tabela_log VALUES('657','ALTERAR','TELEFONE','ALTEROU O TELEFONE DO ID: 149 // CONTATO - ANTES: MARIO ERNAN DES GRIPP - AGORA: MARIO ERNANDES GRIPP / ','','8','2024-11-08 14:45:20','187.95.45.126');

 INSERT INTO tabela_log VALUES('658','ALTERAR','TELEFONE','ALTEROU O TELEFONE DO ID: 111 // CONTATO - ANTES:  - AGORA: MANOEL EDSON KLEIN / ','','8','2024-11-08 14:47:28','187.95.45.126');

 INSERT INTO tabela_log VALUES('659','ALTERAR','TELEFONE','ALTEROU O TELEFONE DO ID: 112 // CONTATO - ANTES:  - AGORA: NILDA CÂNDIDA HOSTH KLEIN / ','','8','2024-11-08 14:49:17','187.95.45.126');

 INSERT INTO tabela_log VALUES('660','CADASTRAR','TELEFONE','CADASTROU O TELEFONE DO ID: 150','','8','2024-11-08 14:50:58','187.95.45.126');

 INSERT INTO tabela_log VALUES('661','CADASTRAR','TELEFONE','CADASTROU O TELEFONE DO ID: 151','','8','2024-11-08 14:51:41','187.95.45.126');

 INSERT INTO tabela_log VALUES('662','ALTERAR','TELEFONE','ALTEROU O TELEFONE DO ID: 109 // CONTATO - ANTES:  - AGORA: MARCONDE DO REGO CABRAL  / ','','8','2024-11-08 14:59:43','187.95.45.126');

 INSERT INTO tabela_log VALUES('663','CADASTRAR','TELEFONE','CADASTROU O TELEFONE DO ID: 152','','8','2024-11-08 15:01:24','187.95.45.126');

 INSERT INTO tabela_log VALUES('664','ALTERAR','TELEFONE','ALTEROU O TELEFONE DO ID: 30 // TELEFONE - ANTES: (22) 2519-4425 - AGORA: (22) 99268-4157 / CONTATO - ANTES:  - AGORA: CLEYTON BRUST / ','','8','2024-11-08 15:02:55','187.95.45.126');

 INSERT INTO tabela_log VALUES('665','ALTERAR','TELEFONE','ALTEROU O TELEFONE DO ID: 30 // CONTATO - ANTES: CLEYTON BRUST - AGORA: CLEYTON BRUST (FILHO) / ','','8','2024-11-08 15:03:27','187.95.45.126');

 INSERT INTO tabela_log VALUES('666','ALTERAR','AUTORIZADO','ALTEROU O AUTORIZADO DO ID: 21 // DATANASCIMENTO - ANTES: 0000-00-00 - AGORA:  / TELEFONE - ANTES: 
(22) 99903-8833 - AGORA: (22) 99903-8833/25269502 / ','','8','2024-11-12 14:47:17','187.95.45.126');

 INSERT INTO tabela_log VALUES('667','CADASTRAR','AUTORIZADO','CADASTROU O AUTORIZADO DO ID: 134','','8','2024-11-13 11:37:10','187.95.45.126');

 INSERT INTO tabela_log VALUES('668','ALTERAR','AUTORIZADO','ALTEROU O AUTORIZADO DO ID: 134 // DATANASCIMENTO - ANTES: 0000-00-00 - AGORA:  / ','','8','2024-11-13 11:37:43','187.95.45.126');

 INSERT INTO tabela_log VALUES('669','ALTERAR','AUTORIZADO','ALTEROU O AUTORIZADO DO ID: 134 // NOME - ANTES:  - AGORA: ADRIANA BOM (TIA) / DATANASCIMENTO - ANTES: 0000-00-00 - AGORA:  / ','','8','2024-11-13 11:38:58','187.95.45.126');

 INSERT INTO tabela_log VALUES('670','ALTERAR','AUTORIZADO','ALTEROU O AUTORIZADO DO ID: 57 // DATANASCIMENTO - ANTES: 0000-00-00 - AGORA:  / TELEFONE - ANTES: (22) 2542-9801 / 99735-2425 - AGORA: (22) 2542-9801 / 99613-4971 / ','','8','2024-11-13 12:20:21','187.95.45.126');

 INSERT INTO tabela_log VALUES('671','ALTERAR','TELEFONE','ALTEROU O TELEFONE DO ID: 47 // TELEFONE - ANTES: (22) 99999-2068 - AGORA: (22) 99739-3963 / ','','8','2024-11-13 12:24:34','187.95.45.126');

 INSERT INTO tabela_log VALUES('672','ALTERAR','TELEFONE','ALTEROU O TELEFONE DO ID: 25 // TELEFONE - ANTES: (22) 2519-4190 - AGORA: (22) 99811-9636 / ','','8','2024-11-13 12:39:51','187.95.45.126');

 INSERT INTO tabela_log VALUES('673','ALTERAR','TELEFONE','ALTEROU O TELEFONE DO ID: 58 // TELEFONE - ANTES: (22) 99899-6459 - AGORA: (22) 99899-9456 / ','','8','2024-11-13 15:44:26','187.95.45.126');

 INSERT INTO tabela_log VALUES('674','ALTERAR','AUTORIZADO','ALTEROU O AUTORIZADO DO ID: 48 // DATANASCIMENTO - ANTES: 0000-00-00 - AGORA:  / TELEFONE - ANTES: (22) 99225-9727 - AGORA: (22) 99225-1033 / ','','8','2024-11-13 16:09:29','187.95.45.126');

 INSERT INTO tabela_log VALUES('675','ALTERAR','TELEFONE','ALTEROU O TELEFONE DO ID: 92 // TELEFONE - ANTES: (22) 2542-2649 - AGORA: (22) 99617-8765 / CONTATO - ANTES:  - AGORA: ELIANE (FILHA) / ','','8','2024-11-13 16:19:10','187.95.45.126');

 INSERT INTO tabela_log VALUES('676','ALTERAR','AUTORIZADO','ALTEROU O AUTORIZADO DO ID: 109 // DATANASCIMENTO - ANTES: 0000-00-00 - AGORA:  / TELEFONE - ANTES: (22) 2519-4015 - AGORA: (22)99816-0746 / ','','8','2024-11-13 16:38:16','187.95.45.126');

 INSERT INTO tabela_log VALUES('677','ALTERAR','AUTORIZADO','ALTEROU O AUTORIZADO DO ID: 109 // DATANASCIMENTO - ANTES: 0000-00-00 - AGORA:  / TELEFONE - ANTES: (22)99816-0746 - AGORA: (22)99816-0746 (FILHA DO CEDIR) / ','','8','2024-11-13 16:38:59','187.95.45.126');

 INSERT INTO tabela_log VALUES('678','DELETAR','TELEFONE','DELETOU O TELEFONE DO ID: 74','NÃO EXISTE MAIS','8','2024-11-14 07:31:29','187.95.45.126');

 INSERT INTO tabela_log VALUES('679','ALTERAR','TELEFONE','ALTEROU O TELEFONE DO ID: 76 // TELEFONE - ANTES: (22) 2519-5770 - AGORA: (22) 99806-8216 / ','','8','2024-11-14 07:55:52','187.95.45.126');

 INSERT INTO tabela_log VALUES('680','ALTERAR','TELEFONE','ALTEROU O TELEFONE DO ID: 11 // TELEFONE - ANTES: (22) 99938-5739 - AGORA: (22) 99910-4835 / CONTATO - ANTES: TICHA  - AGORA: PARA RECADO TICHA  / ','','8','2024-11-14 08:03:26','187.95.45.126');

 INSERT INTO tabela_log VALUES('681','ALTERAR','TELEFONE','ALTEROU O TELEFONE DO ID: 146 // CONTATO - ANTES: MATHEUS CONSTANTINO (FILHO) - AGORA: MATHEUS CONSTANTINO (IRMÃO) / ','','8','2024-11-14 09:27:11','187.95.45.126');

 INSERT INTO tabela_log VALUES('682','ALTERAR','AUTORIZADO','ALTEROU O AUTORIZADO DO ID: 73 // DATANASCIMENTO - ANTES: 0000-00-00 - AGORA:  / TELEFONE - ANTES: (22) 2519-4405 - AGORA: (22) 981088505 (MÃE)
 / ','','8','2024-11-14 12:15:48','187.95.45.126');

 INSERT INTO tabela_log VALUES('683','ALTERAR','ENDERECO','ALTEROU O ENDERECO DO ID: 22 // NUMERO - ANTES: 99/304  - AGORA: 175 APT 702 / ','','3','2024-11-18 10:17:33','186.194.196.21');

 INSERT INTO tabela_log VALUES('684','CADASTRAR','AUTORIZADO','CADASTROU O AUTORIZADO DO ID: 135','','3','2024-11-18 11:09:01','186.194.196.21');

 INSERT INTO tabela_log VALUES('685','CADASTRAR','AUTORIZADO','CADASTROU O AUTORIZADO DO ID: 136','','3','2024-11-21 14:50:43','186.194.196.21');

 INSERT INTO tabela_log VALUES('686','CADASTRAR','AUTORIZADO','CADASTROU O AUTORIZADO DO ID: 137','','3','2024-11-21 14:51:44','186.194.196.21');

 INSERT INTO tabela_log VALUES('687','ALTERAR','ENDERECO','ALTEROU O ENDERECO DO ID: 50 // ENDERECO - ANTES: RUA MARIA ROSA SILVA - AGORA: RUA MARFISA ROSA SILVA / ','','3','2024-11-27 14:26:09','191.240.246.194');

 INSERT INTO tabela_log VALUES('688','CADASTRAR','TELEFONE','CADASTROU O TELEFONE DO ID: 153','','8','2024-11-28 11:45:37','187.95.45.245');

 INSERT INTO tabela_log VALUES('689','ALTERAR','TELEFONE','ALTEROU O TELEFONE DO ID: 81 // TELEFONE - ANTES: (22) 99225-4220 - AGORA: (22) 2542-1255 / ','','8','2024-11-28 11:46:17','187.95.45.245');

 INSERT INTO tabela_log VALUES('690','ALTERAR','TELEFONE','ALTEROU O TELEFONE DO ID: 66 // TELEFONE - ANTES: (22) 99967-0553 - AGORA: (22) 99806-0263 / ','','8','2024-12-10 13:55:28','177.54.118.54');

 INSERT INTO tabela_log VALUES('691','ALTERAR','TELEFONE','ALTEROU O TELEFONE DO ID: 64 // TELEFONE - ANTES: (22) 2519-4189 - AGORA: (22) 99942-6257 / ','','3','2024-12-11 11:18:41','191.240.253.32');

 INSERT INTO tabela_log VALUES('692','ALTERAR','AUTORIZADO','ALTEROU O AUTORIZADO DO ID: 79 // DATANASCIMENTO - ANTES: 0000-00-00 - AGORA:  / TELEFONE - ANTES: (22) 2519-5525 - AGORA: (22) 997476898 / ','','3','2024-12-11 11:19:23','191.240.253.32');

 INSERT INTO tabela_log VALUES('693','CADASTRAR','AUTORIZADO','CADASTROU O AUTORIZADO DO ID: 138','','3','2024-12-11 11:20:17','191.240.253.32');

 INSERT INTO tabela_log VALUES('694','ALTERAR','CLIENTE','ALTEROU O CLIENTE DO ID: 34 // NOME - ANTES: AUREA GUERREIRA DOS SANTOS DE JESUS - AGORA: AUREA GUERREIRO DOS SANTOS DE JESUS / ','','3','2024-12-12 08:35:34','191.240.246.245');

 INSERT INTO tabela_log VALUES('695','CADASTRAR','TELEFONE','CADASTROU O TELEFONE DO ID: 154','','8','2024-12-12 15:37:45','177.54.118.54');

 INSERT INTO tabela_log VALUES('696','CADASTRAR','DOCUMENTO','CADASTROU O DOCUMENTO DO ID: 4','','8','2025-01-13 10:14:31','186.193.242.232');

 INSERT INTO tabela_log VALUES('697','CADASTRAR','DOCUMENTO','CADASTROU O DOCUMENTO DO ID: 5','','8','2025-01-15 12:02:47','186.193.242.232');

 INSERT INTO tabela_log VALUES('698','CADASTRAR','ENDERECO','CADASTROU O ENDERECO DO ID: 98','','3','2025-01-21 14:47:08','186.194.195.187');

 INSERT INTO tabela_log VALUES('699','CADASTRAR','TELEFONE','CADASTROU O TELEFONE DO ID: 155','','3','2025-01-21 14:55:53','186.194.195.187');

 INSERT INTO tabela_log VALUES('700','CADASTRAR','ENDERECO','CADASTROU O ENDERECO DO ID: 99','','3','2025-01-21 14:59:11','186.194.195.187');

 INSERT INTO tabela_log VALUES('701','CADASTRAR','TELEFONE','CADASTROU O TELEFONE DO ID: 156','','3','2025-01-21 14:59:34','186.194.195.187');

 INSERT INTO tabela_log VALUES('702','CADASTRAR','TELEFONE','CADASTROU O TELEFONE DO ID: 157','','3','2025-01-21 15:04:07','186.194.195.187');

 INSERT INTO tabela_log VALUES('703','CADASTRAR','TELEFONE','CADASTROU O TELEFONE DO ID: 158','','3','2025-01-21 15:07:40','186.194.195.187');

 INSERT INTO tabela_log VALUES('704','CADASTRAR','TELEFONE','CADASTROU O TELEFONE DO ID: 159','','3','2025-01-21 15:12:43','186.194.195.187');

 INSERT INTO tabela_log VALUES('705','CADASTRAR','DOCUMENTO','CADASTROU O DOCUMENTO DO ID: 6','','8','2025-01-22 10:19:08','186.193.242.232');

 INSERT INTO tabela_log VALUES('706','CADASTRAR','DOCUMENTO','CADASTROU O DOCUMENTO DO ID: 7','','8','2025-01-22 11:07:41','186.193.242.232');

 INSERT INTO tabela_log VALUES('707','CADASTRAR','DOCUMENTO','CADASTROU O DOCUMENTO DO ID: 8','','8','2025-01-22 11:09:16','186.193.242.232');

 INSERT INTO tabela_log VALUES('708','CADASTRAR','DOCUMENTO','CADASTROU O DOCUMENTO DO ID: 9','','8','2025-01-23 07:20:14','186.193.242.232');

 INSERT INTO tabela_log VALUES('709','DELETAR','DOCUMENTO','DELETOU O DOCUMENTO DO ID: 3','DOCUMENTO ERRADO ERA UMA MULTA DO LQP DE 2023 (MOSTREI NO FABINHO)','8','2025-01-27 14:07:10','186.193.242.13');

 INSERT INTO tabela_log VALUES('710','CADASTRAR','DOCUMENTO','CADASTROU O DOCUMENTO DO ID: 10','','8','2025-01-27 14:13:22','186.193.242.13');

 INSERT INTO tabela_log VALUES('711','CADASTRAR','DOCUMENTO','CADASTROU O DOCUMENTO DO ID: 11','','8','2025-01-27 14:14:22','186.193.242.13');

 INSERT INTO tabela_log VALUES('712','CADASTRAR','DOCUMENTO','CADASTROU O DOCUMENTO DO ID: 12','','8','2025-01-27 14:15:13','186.193.242.13');

 INSERT INTO tabela_log VALUES('713','DELETAR','DOCUMENTO','DELETOU O DOCUMENTO DO ID: 13','DUPLICIDADE','8','2025-01-27 15:54:31','186.194.195.199');

 INSERT INTO tabela_log VALUES('714','DELETAR','DOCUMENTO','DELETOU O DOCUMENTO DO ID: 15','DUPLICIDADE','8','2025-01-27 15:54:40','186.194.195.199');

 INSERT INTO tabela_log VALUES('715','CADASTRAR','DOCUMENTO','CADASTROU O DOCUMENTO DO ID: 16','','8','2025-01-27 16:05:04','186.194.195.199');

 INSERT INTO tabela_log VALUES('716','CADASTRAR','DOCUMENTO','CADASTROU O DOCUMENTO DO ID: 17','','8','2025-01-28 07:49:26','186.193.242.13');

 INSERT INTO tabela_log VALUES('717','CADASTRAR','DOCUMENTO','CADASTROU O DOCUMENTO DO ID: 18','','8','2025-01-28 07:56:37','186.193.242.13');

 INSERT INTO tabela_log VALUES('718','CADASTRAR','DOCUMENTO','CADASTROU O DOCUMENTO DO ID: 19','','8','2025-01-28 07:57:55','186.193.242.13');

 INSERT INTO tabela_log VALUES('719','CADASTRAR','DOCUMENTO','CADASTROU O DOCUMENTO DO ID: 20','','8','2025-01-28 07:59:23','186.193.242.13');

 INSERT INTO tabela_log VALUES('720','CADASTRAR','DOCUMENTO','CADASTROU O DOCUMENTO DO ID: 21','','8','2025-01-28 08:00:31','186.193.242.13');

 INSERT INTO tabela_log VALUES('721','CADASTRAR','DOCUMENTO','CADASTROU O DOCUMENTO DO ID: 22','','8','2025-01-28 10:09:36','186.193.242.13');

 INSERT INTO tabela_log VALUES('722','CADASTRAR','DOCUMENTO','CADASTROU O DOCUMENTO DO ID: 23','','8','2025-01-29 10:58:22','186.194.195.199');

 INSERT INTO tabela_log VALUES('723','CADASTRAR','DOCUMENTO','CADASTROU O DOCUMENTO DO ID: 24','','8','2025-01-29 10:59:08','186.194.195.199');

 INSERT INTO tabela_log VALUES('724','CADASTRAR','DOCUMENTO','CADASTROU O DOCUMENTO DO ID: 25','','8','2025-01-30 14:33:45','186.194.195.199');

 INSERT INTO tabela_log VALUES('725','CADASTRAR','DOCUMENTO','CADASTROU O DOCUMENTO DO ID: 26','','8','2025-01-30 14:36:49','186.194.195.199');

 INSERT INTO tabela_log VALUES('726','CADASTRAR','DOCUMENTO','CADASTROU O DOCUMENTO DO ID: 27','','8','2025-01-30 14:39:36','186.194.195.199');

 INSERT INTO tabela_log VALUES('727','CADASTRAR','DOCUMENTO','CADASTROU O DOCUMENTO DO ID: 28','','8','2025-01-30 14:41:23','186.194.195.199');

 INSERT INTO tabela_log VALUES('728','CADASTRAR','DOCUMENTO','CADASTROU O DOCUMENTO DO ID: 29','','8','2025-02-03 14:43:16','186.194.194.52');

 INSERT INTO tabela_log VALUES('729','CADASTRAR','CLIENTE','CADASTROU O CLIENTE DO ID: 114','','8','2025-02-04 07:06:09','186.193.242.208');

 INSERT INTO tabela_log VALUES('730','CADASTRAR','ENDERECO','CADASTROU O ENDERECO DO ID: 100','','8','2025-02-04 07:12:45','186.193.242.208');

 INSERT INTO tabela_log VALUES('731','CADASTRAR','TELEFONE','CADASTROU O TELEFONE DO ID: 160','','8','2025-02-04 07:13:12','186.193.242.208');

 INSERT INTO tabela_log VALUES('732','CADASTRAR','AUTORIZADO','CADASTROU O AUTORIZADO DO ID: 139','','8','2025-02-04 07:13:55','186.193.242.208');

 INSERT INTO tabela_log VALUES('733','CADASTRAR','AUTORIZADO','CADASTROU O AUTORIZADO DO ID: 140','','8','2025-02-04 07:14:35','186.193.242.208');

 INSERT INTO tabela_log VALUES('734','CADASTRAR','SEPULTURA','CADASTROU A SEPULTURA DO ID: 129','','8','2025-02-04 07:17:03','186.193.242.208');

 INSERT INTO tabela_log VALUES('735','ALTERAR','SEPULTURA','ALTEROU O SEPULTURA DO ID: 6 // OBSERVACOES - ANTES:  - AGORA: JAZIGO DOADO PARA O SOBRINHO MARCELO SCHOTTG CONSTANTINO EM 03/02/2025 CONTRATO Nº114 FEIRO POR NATALIA HERDY NA MSB  ANUIDADE DE 2025 PAGA (R$240,00) / AUTORIZADOS - ANTES: ARRAY - AGORA: ARRAY / ','','8','2025-02-04 07:20:22','186.193.242.208');

 INSERT INTO tabela_log VALUES('736','ALTERAR','SEPULTURA','ALTEROU O SEPULTURA DO ID: 129 // OBSERVACOES - ANTES: JAZIGO H.6 QUADRA  A  FOI DOADO PELO TIO:  ANTONIO CONSTANTINO E FEITO O CONTRATO NA MSB POR NATALIA HERDY - AGORA: JAZIGO H.6 QUADRA  A  FOI DOADO PELO TIO:  ANTONIO CONSTANTINO E FEITO O CONTRATO Nº 114 NA MSB POR NATALIA HERDY / AUTORIZADOS - ANTES: ARRAY - AGORA: ["139","140"] / ','','8','2025-02-04 07:22:02','186.193.242.208');

 INSERT INTO tabela_log VALUES('737','CADASTRAR','DOCUMENTO','CADASTROU O DOCUMENTO DO ID: 30','','8','2025-02-04 14:12:50','186.194.194.52');

 INSERT INTO tabela_log VALUES('738','CADASTRAR','DOCUMENTO','CADASTROU O DOCUMENTO DO ID: 31','','8','2025-02-04 14:19:36','186.194.194.52');

 INSERT INTO tabela_log VALUES('739','CADASTRAR','DOCUMENTO','CADASTROU O DOCUMENTO DO ID: 32','','8','2025-02-04 14:20:41','186.194.194.52');

 INSERT INTO tabela_log VALUES('740','CADASTRAR','DOCUMENTO','CADASTROU O DOCUMENTO DO ID: 33','','8','2025-02-04 14:25:38','186.194.194.52');

 INSERT INTO tabela_log VALUES('741','CADASTRAR','DOCUMENTO','CADASTROU O DOCUMENTO DO ID: 34','','8','2025-02-05 15:25:35','186.194.194.52');

 INSERT INTO tabela_log VALUES('742','CADASTRAR','DOCUMENTO','CADASTROU O DOCUMENTO DO ID: 35','','8','2025-02-05 15:26:27','186.194.194.52');

 INSERT INTO tabela_log VALUES('743','CADASTRAR','DOCUMENTO','CADASTROU O DOCUMENTO DO ID: 36','','8','2025-02-05 15:31:27','186.194.194.52');

 INSERT INTO tabela_log VALUES('744','CADASTRAR','DOCUMENTO','CADASTROU O DOCUMENTO DO ID: 37','','8','2025-02-05 15:32:46','186.194.194.52');

 INSERT INTO tabela_log VALUES('745','CADASTRAR','DOCUMENTO','CADASTROU O DOCUMENTO DO ID: 38','','8','2025-02-07 12:18:24','186.194.194.52');

 INSERT INTO tabela_log VALUES('746','CADASTRAR','DOCUMENTO','CADASTROU O DOCUMENTO DO ID: 39','','8','2025-02-07 12:20:45','186.194.194.52');

 INSERT INTO tabela_log VALUES('747','CADASTRAR','DOCUMENTO','CADASTROU O DOCUMENTO DO ID: 40','','8','2025-02-07 12:27:40','186.194.194.52');

 INSERT INTO tabela_log VALUES('748','CADASTRAR','DOCUMENTO','CADASTROU O DOCUMENTO DO ID: 41','','8','2025-02-07 12:36:31','186.194.194.52');

 INSERT INTO tabela_log VALUES('749','CADASTRAR','DOCUMENTO','CADASTROU O DOCUMENTO DO ID: 42','','8','2025-02-07 14:13:30','186.194.194.52');

 INSERT INTO tabela_log VALUES('750','CADASTRAR','DOCUMENTO','CADASTROU O DOCUMENTO DO ID: 43','','8','2025-02-07 14:44:47','186.194.194.52');

 INSERT INTO tabela_log VALUES('751','ALTERAR','ENDERECO','ALTEROU O ENDERECO DO ID: 25 // ENDERECO - ANTES: RUA ARI PARREIRA - AGORA: RUA ALAGOAS  / BAIRRO - ANTES: OLARIA - AGORA: BELA VISTA OLARIA / ','','3','2025-02-10 10:24:23','186.194.194.52');

 INSERT INTO tabela_log VALUES('752','CADASTRAR','DOCUMENTO','CADASTROU O DOCUMENTO DO ID: 44','','8','2025-02-10 11:43:40','186.193.242.208');

 INSERT INTO tabela_log VALUES('753','CADASTRAR','DOCUMENTO','CADASTROU O DOCUMENTO DO ID: 45','','8','2025-02-10 11:50:44','186.193.242.208');

 INSERT INTO tabela_log VALUES('754','CADASTRAR','DOCUMENTO','CADASTROU O DOCUMENTO DO ID: 46','','8','2025-02-10 11:54:21','186.193.242.208');

 INSERT INTO tabela_log VALUES('755','CADASTRAR','DOCUMENTO','CADASTROU O DOCUMENTO DO ID: 47','','8','2025-02-10 12:00:16','186.193.242.208');

 INSERT INTO tabela_log VALUES('756','CADASTRAR','DOCUMENTO','CADASTROU O DOCUMENTO DO ID: 48','','8','2025-02-10 12:02:19','186.193.242.208');

 INSERT INTO tabela_log VALUES('757','CADASTRAR','DOCUMENTO','CADASTROU O DOCUMENTO DO ID: 49','','8','2025-02-10 12:03:39','186.193.242.208');

 INSERT INTO tabela_log VALUES('758','CADASTRAR','AUTORIZADO','CADASTROU O AUTORIZADO DO ID: 141','','3','2025-02-10 15:07:08','186.194.194.52');

 INSERT INTO tabela_log VALUES('759','CADASTRAR','DOCUMENTO','CADASTROU O DOCUMENTO DO ID: 50','','8','2025-02-11 08:54:06','186.193.242.208');

 INSERT INTO tabela_log VALUES('760','CADASTRAR','DOCUMENTO','CADASTROU O DOCUMENTO DO ID: 51','','8','2025-02-11 08:58:11','186.193.242.208');

 INSERT INTO tabela_log VALUES('761','CADASTRAR','DOCUMENTO','CADASTROU O DOCUMENTO DO ID: 52','','8','2025-02-11 09:28:03','186.193.242.208');

 INSERT INTO tabela_log VALUES('762','CADASTRAR','DOCUMENTO','CADASTROU O DOCUMENTO DO ID: 53','','8','2025-02-11 11:30:08','186.194.194.52');

 INSERT INTO tabela_log VALUES('763','CADASTRAR','DOCUMENTO','CADASTROU O DOCUMENTO DO ID: 54','','8','2025-02-11 14:20:13','186.194.194.52');

 INSERT INTO tabela_log VALUES('764','DELETAR','CLIENTE','DELETOU O CLIENTE DO ID: 102','NÃO EXISTE SEPULTURA','3','2025-02-11 14:55:46','186.194.194.52');

 INSERT INTO tabela_log VALUES('765','ALTERAR','CLIENTE','ALTEROU O CLIENTE DO ID: 80 // NOME - ANTES: WAGNER MIZERET - AGORA: VAGUINER MIZERETH / CPF - ANTES: 000.000.000-00 - AGORA: 090.875.807-38 / RG - ANTES: 00.000.000-0 - AGORA: 12.025.881-9 / DATANASCIMENTO - ANTES: 0000-00-00 - AGORA: 1980-04-25 / NOMEPAI - ANTES:  - AGORA: WALDETAR MIZERETH / NOMEMAE - ANTES:  - AGORA: CACILDA DAUTH MIZERETH / ','','8','2025-02-11 16:50:25','186.193.242.208');

 INSERT INTO tabela_log VALUES('766','CADASTRAR','DOCUMENTO','CADASTROU O DOCUMENTO DO ID: 55','','8','2025-02-12 14:49:27','186.193.242.208');

 INSERT INTO tabela_log VALUES('767','CADASTRAR','DOCUMENTO','CADASTROU O DOCUMENTO DO ID: 56','','8','2025-02-12 14:51:12','186.193.242.208');

 INSERT INTO tabela_log VALUES('768','CADASTRAR','DOCUMENTO','CADASTROU O DOCUMENTO DO ID: 57','','8','2025-02-12 14:52:42','186.193.242.208');

 INSERT INTO tabela_log VALUES('769','CADASTRAR','DOCUMENTO','CADASTROU O DOCUMENTO DO ID: 58','','8','2025-02-12 14:55:54','186.193.242.208');

 INSERT INTO tabela_log VALUES('770','CADASTRAR','DOCUMENTO','CADASTROU O DOCUMENTO DO ID: 59','','8','2025-02-12 16:37:09','186.193.242.208');

 INSERT INTO tabela_log VALUES('771','CADASTRAR','DOCUMENTO','CADASTROU O DOCUMENTO DO ID: 60','','8','2025-02-13 09:00:15','186.194.194.52');

 INSERT INTO tabela_log VALUES('772','CADASTRAR','DOCUMENTO','CADASTROU O DOCUMENTO DO ID: 61','','8','2025-02-13 15:34:03','187.95.45.113');

 INSERT INTO tabela_log VALUES('773','ALTERAR','AUTORIZADO','ALTEROU O AUTORIZADO DO ID: 84 // CPF - ANTES:  - AGORA: 029.626.437-79 / DATANASCIMENTO - ANTES: 0000-00-00 - AGORA:  / TELEFONE - ANTES:  - AGORA: 2299758-1470 / ','','8','2025-02-14 12:02:13','186.194.201.31');

 INSERT INTO tabela_log VALUES('774','ALTERAR','SEPULTURA','ALTEROU O SEPULTURA DO ID: 67 // OBSERVACOES - ANTES:  - AGORA: SEPULTURA  ANTIGA  AGUARDANDO VISTORIA DO GUSTAVINHO PARA AUTORIZAR REFORMA NÃO TEM CONTRATO POR TANTO NÃO PAGOU ANUIDADE 2025 / AUTORIZADOS - ANTES: ARRAY - AGORA: ["76"] / ','','8','2025-02-14 14:08:30','186.194.201.31');

 INSERT INTO tabela_log VALUES('775','CADASTRAR','DOCUMENTO','CADASTROU O DOCUMENTO DO ID: 62','','8','2025-02-17 12:18:36','187.95.45.113');

 INSERT INTO tabela_log VALUES('776','CADASTRAR','DOCUMENTO','CADASTROU O DOCUMENTO DO ID: 63','','8','2025-02-17 12:21:19','187.95.45.113');

 INSERT INTO tabela_log VALUES('777','CADASTRAR','DOCUMENTO','CADASTROU O DOCUMENTO DO ID: 64','','8','2025-02-17 14:45:29','187.95.45.113');

 INSERT INTO tabela_log VALUES('778','CADASTRAR','DOCUMENTO','CADASTROU O DOCUMENTO DO ID: 65','','8','2025-02-17 14:46:23','187.95.45.113');

 INSERT INTO tabela_log VALUES('779','CADASTRAR','DOCUMENTO','CADASTROU O DOCUMENTO DO ID: 66','','8','2025-02-17 14:47:23','187.95.45.113');

 INSERT INTO tabela_log VALUES('780','CADASTRAR','DOCUMENTO','CADASTROU O DOCUMENTO DO ID: 67','','8','2025-02-17 14:49:31','187.95.45.113');

 INSERT INTO tabela_log VALUES('781','CADASTRAR','DOCUMENTO','CADASTROU O DOCUMENTO DO ID: 68','','8','2025-02-17 14:52:09','187.95.45.113');

 INSERT INTO tabela_log VALUES('782','CADASTRAR','DOCUMENTO','CADASTROU O DOCUMENTO DO ID: 69','','8','2025-02-17 16:02:08','187.95.45.113');

 INSERT INTO tabela_log VALUES('783','CADASTRAR','DOCUMENTO','CADASTROU O DOCUMENTO DO ID: 70','','8','2025-02-17 16:05:59','187.95.45.113');

 INSERT INTO tabela_log VALUES('784','CADASTRAR','DOCUMENTO','CADASTROU O DOCUMENTO DO ID: 71','','8','2025-02-17 16:08:44','187.95.45.113');

 INSERT INTO tabela_log VALUES('785','CADASTRAR','DOCUMENTO','CADASTROU O DOCUMENTO DO ID: 72','','8','2025-02-19 11:33:04','187.95.45.113');

 INSERT INTO tabela_log VALUES('786','CADASTRAR','DOCUMENTO','CADASTROU O DOCUMENTO DO ID: 73','','8','2025-02-20 08:40:06','187.95.45.113');

 INSERT INTO tabela_log VALUES('787','CADASTRAR','DOCUMENTO','CADASTROU O DOCUMENTO DO ID: 74','','8','2025-02-20 08:41:08','187.95.45.113');

 INSERT INTO tabela_log VALUES('788','CADASTRAR','DOCUMENTO','CADASTROU O DOCUMENTO DO ID: 75','','8','2025-02-20 08:43:34','187.95.45.113');

 INSERT INTO tabela_log VALUES('789','CADASTRAR','DOCUMENTO','CADASTROU O DOCUMENTO DO ID: 76','','8','2025-02-25 11:05:31','187.95.45.60');

 INSERT INTO tabela_log VALUES('790','CADASTRAR','DOCUMENTO','CADASTROU O DOCUMENTO DO ID: 77','','8','2025-02-25 11:06:17','187.95.45.60');

 INSERT INTO tabela_log VALUES('791','ALTERAR','TELEFONE','ALTEROU O TELEFONE DO ID: 11 // TELEFONE - ANTES: (22) 99910-4835 - AGORA: (22) 99938-5739 / ','','3','2025-02-25 13:37:27','186.194.193.161');

 INSERT INTO tabela_log VALUES('792','CADASTRAR','DOCUMENTO','CADASTROU O DOCUMENTO DO ID: 78','','8','2025-02-25 14:33:23','187.95.45.60');

 INSERT INTO tabela_log VALUES('793','ALTERAR','SEPULTURA','ALTEROU O SEPULTURA DO ID: 40 // AUTORIZADOS - ANTES: ARRAY - AGORA: ["45"] / ','','3','2025-02-25 15:04:18','186.194.193.161');

 INSERT INTO tabela_log VALUES('794','ALTERAR','SEPULTURA','ALTEROU O SEPULTURA DO ID: 40 // AUTORIZADOS - ANTES: ARRAY - AGORA: ["45"] / ','','3','2025-02-25 15:05:31','186.194.193.161');

 INSERT INTO tabela_log VALUES('795','ALTERAR','CLIENTE','ALTEROU O CLIENTE DO ID: 34 // CPF - ANTES: 44.594.527-53 - AGORA: 445.974.527-53 / ','','3','2025-02-25 15:08:09','186.194.193.161');

 INSERT INTO tabela_log VALUES('796','CADASTRAR','TELEFONE','CADASTROU O TELEFONE DO ID: 161','','3','2025-02-26 09:25:06','186.194.193.161');

 INSERT INTO tabela_log VALUES('797','CADASTRAR','AUTORIZADO','CADASTROU O AUTORIZADO DO ID: 142','','3','2025-02-26 13:15:48','186.194.193.161');

 INSERT INTO tabela_log VALUES('798','CADASTRAR','AUTORIZADO','CADASTROU O AUTORIZADO DO ID: 143','','3','2025-02-28 13:20:56','186.194.193.161');

 INSERT INTO tabela_log VALUES('799','ALTERAR','TELEFONE','ALTEROU O TELEFONE DO ID: 81 // TELEFONE - ANTES: (22) 2542-1255 - AGORA: (21) 99185-4088 / ','','3','2025-03-03 14:12:12','186.194.193.161');

 INSERT INTO tabela_log VALUES('800','CADASTRAR','DOCUMENTO','CADASTROU O DOCUMENTO DO ID: 79','','8','2025-03-07 07:30:49','186.193.242.93');

 INSERT INTO tabela_log VALUES('801','CADASTRAR','SEPULTAMENTO','CADASTROU O SEPULTAMENTO DO ID: 535','','3','2025-03-07 13:53:31','186.194.193.161');

 INSERT INTO tabela_log VALUES('802','CADASTRAR','SEPULTAMENTO','CADASTROU O SEPULTAMENTO DO ID: 536','','3','2025-03-21 08:12:23','186.194.202.38');

 INSERT INTO tabela_log VALUES('803','CADASTRAR','DOCUMENTO','CADASTROU O DOCUMENTO DO ID: 80','','8','2025-03-24 16:27:02','177.54.117.135');

 INSERT INTO tabela_log VALUES('804','DELETAR','DOCUMENTO','DELETOU O DOCUMENTO DO ID: 80','','8','2025-03-24 16:27:18','177.54.117.135');

 INSERT INTO tabela_log VALUES('805','CADASTRAR','DOCUMENTO','CADASTROU O DOCUMENTO DO ID: 81','','8','2025-03-24 16:28:14','177.54.117.135');

 INSERT INTO tabela_log VALUES('806','CADASTRAR','DOCUMENTO','CADASTROU O DOCUMENTO DO ID: 82','','8','2025-03-26 08:25:35','186.193.242.217');

 INSERT INTO tabela_log VALUES('807','CADASTRAR','DOCUMENTO','CADASTROU O DOCUMENTO DO ID: 83','','8','2025-03-26 09:11:44','186.193.242.217');

 INSERT INTO tabela_log VALUES('808','CADASTRAR','DOCUMENTO','CADASTROU O DOCUMENTO DO ID: 84','','8','2025-03-26 09:16:06','186.193.242.217');

 INSERT INTO tabela_log VALUES('809','CADASTRAR','DOCUMENTO','CADASTROU O DOCUMENTO DO ID: 85','','8','2025-03-26 09:18:45','186.193.242.217');

 INSERT INTO tabela_log VALUES('810','CADASTRAR','DOCUMENTO','CADASTROU O DOCUMENTO DO ID: 86','','8','2025-03-26 09:21:09','186.193.242.217');

 INSERT INTO tabela_log VALUES('811','CADASTRAR','DOCUMENTO','CADASTROU O DOCUMENTO DO ID: 87','','8','2025-03-26 09:22:59','186.193.242.217');

 INSERT INTO tabela_log VALUES('812','CADASTRAR','DOCUMENTO','CADASTROU O DOCUMENTO DO ID: 88','','8','2025-03-26 09:25:28','186.193.242.217');

 INSERT INTO tabela_log VALUES('813','DELETAR','DOCUMENTO','DELETOU O DOCUMENTO DO ID: 46','','8','2025-03-26 15:32:02','186.193.242.217');

 INSERT INTO tabela_log VALUES('814','CADASTRAR','SEPULTAMENTO','CADASTROU O SEPULTAMENTO DO ID: 537','','3','2025-03-31 08:17:39','186.194.202.38');

 INSERT INTO tabela_log VALUES('815','CADASTRAR','AUTORIZADO','CADASTROU O AUTORIZADO DO ID: 144','','3','2025-03-31 08:21:38','186.194.202.38');

 INSERT INTO tabela_log VALUES('816','ALTERAR','SEPULTAMENTO','ALTEROU O SEPULTAMENTO DO ID: 537 // AUTORIZANTE - ANTES:  - AGORA: 47-144 / ','','3','2025-03-31 08:21:57','186.194.202.38');

 INSERT INTO tabela_log VALUES('817','CADASTRAR','DOCUMENTO','CADASTROU O DOCUMENTO DO ID: 89','','8','2025-04-04 08:40:51','186.194.201.249');

 INSERT INTO tabela_log VALUES('818','CADASTRAR','DOCUMENTO','CADASTROU O DOCUMENTO DO ID: 90','','8','2025-04-04 08:49:00','186.194.201.249');

 INSERT INTO tabela_log VALUES('819','CADASTRAR','DOCUMENTO','CADASTROU O DOCUMENTO DO ID: 91','','8','2025-04-08 08:33:25','187.95.45.187');

 INSERT INTO tabela_log VALUES('820','CADASTRAR','DOCUMENTO','CADASTROU O DOCUMENTO DO ID: 92','','8','2025-04-08 08:34:41','187.95.45.187');

 INSERT INTO tabela_log VALUES('821','ALTERAR','CLIENTE','ALTEROU O CLIENTE DO ID: 77 // NOME - ANTES: ANTÔNIO PEREIRA DOS SANTOS - AGORA: GILSON PEREIRA DOS SANTOS / CPF - ANTES: 358.519.617-91 - AGORA: 088.289.014-48 / RG - ANTES: 133.735-0 - AGORA: 12.988.103-3 / DATANASCIMENTO - ANTES: 1939-02-27 - AGORA: 1981-04-20 / COR - ANTES:  - AGORA: PRETO / NOMEPAI - ANTES: ELPIDIO PEREIRA DOS SANTOS - AGORA: ANTONIO PEREIRA DOS SANTOS / NOMEMAE - ANTES: MARIA ROZA BARBOZA - AGORA: MARIA DA CONCEIÇÃO F DOS SANTOS / ','','8','2025-04-08 15:35:12','187.95.45.187');

 INSERT INTO tabela_log VALUES('822','DELETAR','AUTORIZADO','DELETOU O AUTORIZADO DO ID: 105','COM O FALECIMENTO DO PAI SR. ANTONIO O GILSON FICOU COMO TITULAR','8','2025-04-08 15:36:33','187.95.45.187');

 INSERT INTO tabela_log VALUES('823','CADASTRAR','DOCUMENTO','CADASTROU O DOCUMENTO DO ID: 93','','8','2025-04-09 10:22:41','186.194.193.94');

 INSERT INTO tabela_log VALUES('824','CADASTRAR','DOCUMENTO','CADASTROU O DOCUMENTO DO ID: 94','','8','2025-04-09 10:24:13','186.194.193.94');

 INSERT INTO tabela_log VALUES('825','CADASTRAR','DOCUMENTO','CADASTROU O DOCUMENTO DO ID: 95','','8','2025-04-09 10:24:14','186.194.193.94');

 INSERT INTO tabela_log VALUES('826','DELETAR','DOCUMENTO','DELETOU O DOCUMENTO DO ID: 95','DUPLICIDADE','8','2025-04-09 10:24:26','186.194.193.94');

 INSERT INTO tabela_log VALUES('827','CADASTRAR','SEPULTAMENTO','CADASTROU O SEPULTAMENTO DO ID: 538','','3','2025-04-16 13:30:02','186.194.193.94');

 INSERT INTO tabela_log VALUES('828','CADASTRAR','DOCUMENTO','CADASTROU O DOCUMENTO DO ID: 96','','8','2025-04-25 08:08:55','187.95.45.192');

 INSERT INTO tabela_log VALUES('829','CADASTRAR','DOCUMENTO','CADASTROU O DOCUMENTO DO ID: 97','','8','2025-04-28 12:30:02','186.193.242.137');

 INSERT INTO tabela_log VALUES('830','CADASTRAR','SEPULTAMENTO','CADASTROU O SEPULTAMENTO DO ID: 539','','3','2025-04-30 08:45:29','186.194.194.217');

 INSERT INTO tabela_log VALUES('831','CADASTRAR','SEPULTAMENTO','CADASTROU O SEPULTAMENTO DO ID: 540','','3','2025-05-05 14:07:24','186.194.194.94');

 INSERT INTO tabela_log VALUES('832','CADASTRAR','CLIENTE','CADASTROU O CLIENTE DO ID: 115','','3','2025-05-05 14:11:17','186.194.194.94');

 INSERT INTO tabela_log VALUES('833','CADASTRAR','ENDERECO','CADASTROU O ENDERECO DO ID: 101','','3','2025-05-05 14:12:16','186.194.194.94');

 INSERT INTO tabela_log VALUES('834','CADASTRAR','TELEFONE','CADASTROU O TELEFONE DO ID: 162','','3','2025-05-05 14:12:41','186.194.194.94');

 INSERT INTO tabela_log VALUES('835','CADASTRAR','SEPULTURA','CADASTROU A SEPULTURA DO ID: 130','','3','2025-05-05 14:14:11','186.194.194.94');

 INSERT INTO tabela_log VALUES('836','CADASTRAR','SEPULTAMENTO','CADASTROU O SEPULTAMENTO DO ID: 541','','3','2025-05-05 14:17:08','186.194.194.94');

 INSERT INTO tabela_log VALUES('837','CADASTRAR','DOCUMENTO','CADASTROU O DOCUMENTO DO ID: 98','','8','2025-05-07 11:17:22','186.193.242.137');

 INSERT INTO tabela_log VALUES('838','CADASTRAR','DOCUMENTO','CADASTROU O DOCUMENTO DO ID: 99','','8','2025-05-08 14:56:33','186.193.242.137');

 INSERT INTO tabela_log VALUES('839','ALTERAR','CLIENTE','ALTEROU O CLIENTE DO ID: 24 // NOME - ANTES: JOSÉ VALTAIR TARDEM  - AGORA: MANUEL WALDENIR TARDEM / CPF - ANTES: 519.337.997-49 - AGORA: 637.337.497-15 / RG - ANTES: 511.551-6 - AGORA: 06.490.365-1 / DATANASCIMENTO - ANTES: 1953-05-10 - AGORA: 1949-10-20 / ','','3','2025-06-03 12:35:03','191.240.230.252');

 INSERT INTO tabela_log VALUES('840','ALTERAR','AUTORIZADO','ALTEROU O AUTORIZADO DO ID: 30 // NOME - ANTES: ADRIANO DE MIRANDA TARDEM  - AGORA: JOSIANE SILVEIRA TARDEM / CPF - ANTES:  - AGORA: 086.842.457-92 / DATANASCIMENTO - ANTES: 0000-00-00 - AGORA:  / TELEFONE - ANTES: (22) 99903-1618  - AGORA: (22) 99231-5747 / ','','3','2025-06-03 12:36:35','191.240.230.252');

 INSERT INTO tabela_log VALUES('841','CADASTRAR','CLIENTE','CADASTROU O CLIENTE DO ID: 116','','3','2025-06-05 10:02:58','191.240.230.252');

 INSERT INTO tabela_log VALUES('842','CADASTRAR','ENDERECO','CADASTROU O ENDERECO DO ID: 102','','3','2025-06-05 10:03:59','191.240.230.252');

 INSERT INTO tabela_log VALUES('843','CADASTRAR','TELEFONE','CADASTROU O TELEFONE DO ID: 163','','3','2025-06-05 10:04:33','191.240.230.252');

 INSERT INTO tabela_log VALUES('844','CADASTRAR','SEPULTURA','CADASTROU A SEPULTURA DO ID: 131','','3','2025-06-05 10:05:28','191.240.230.252');

 INSERT INTO tabela_log VALUES('845','ALTERAR','SEPULTURA','ALTEROU O SEPULTURA DO ID: 131 // NUMERO - ANTES: I.13 1ª POSIÇÃO - AGORA: I.13  POSIÇÃO / OBSERVACOES - ANTES: GAVETA DE ALUGUEL  - AGORA: GAVETA DE ALUGUEL 1ª POSIÇÃO / ','','3','2025-06-05 10:06:24','191.240.230.252');

 INSERT INTO tabela_log VALUES('846','ALTERAR','SEPULTURA','ALTEROU O SEPULTURA DO ID: 131 // NUMERO - ANTES: I.13  POSIÇÃO - AGORA: I.13  1 POSIÇÃO / ','','3','2025-06-05 10:06:45','191.240.230.252');

 INSERT INTO tabela_log VALUES('847','ALTERAR','SEPULTURA','ALTEROU O SEPULTURA DO ID: 131 // NUMERO - ANTES: I.13  1 POSIÇÃO - AGORA: I.13  1ª POSIÇÃO / ','','3','2025-06-05 10:07:26','191.240.230.252');

 INSERT INTO tabela_log VALUES('848','CADASTRAR','SEPULTAMENTO','CADASTROU O SEPULTAMENTO DO ID: 542','','3','2025-06-05 10:26:58','191.240.230.252');

 INSERT INTO tabela_log VALUES('849','CADASTRAR','CLIENTE','CADASTROU O CLIENTE DO ID: 117','','3','2025-06-05 11:06:11','191.240.230.252');

 INSERT INTO tabela_log VALUES('850','CADASTRAR','COLUMBARIO','CADASTROU O COLUMBÁRIO DO ID: 1','','3','2025-06-05 11:06:53','191.240.230.252');

 INSERT INTO tabela_log VALUES('851','ALTERAR','CLIENTE','ALTEROU O CLIENTE DO ID: 117 // NOME - ANTES: ELOISA BEATRIZ MOURA - AGORA: ELOISA BEATRIZ MOURA WOLOSKER / ','','3','2025-06-05 11:07:13','191.240.230.252');

 INSERT INTO tabela_log VALUES('852','CADASTRAR','ENDERECO','CADASTROU O ENDERECO DO ID: 103','','3','2025-06-05 11:08:43','191.240.230.252');

 INSERT INTO tabela_log VALUES('853','CADASTRAR','SEPULTURA','CADASTROU A SEPULTURA DO ID: 132','','3','2025-06-05 11:09:26','191.240.230.252');

CREATE TABLE `tabela_modulo` (
  `id` int(11) NOT NULL AUTO_INCREMENT,
  `descricao` varchar(50) NOT NULL,
  `ativo` tinyint(4) NOT NULL,
  PRIMARY KEY (`id`)
) ENGINE=InnoDB AUTO_INCREMENT=18 DEFAULT CHARSET=utf8mb4;

 INSERT INTO tabela_modulo VALUES('1','Usuário','1');

 INSERT INTO tabela_modulo VALUES('2','Cliente','1');

 INSERT INTO tabela_modulo VALUES('3','Tipo de Sepultura','1');

 INSERT INTO tabela_modulo VALUES('4','Sepultura','1');

 INSERT INTO tabela_modulo VALUES('5','Sepultamento','1');

 INSERT INTO tabela_modulo VALUES('6','Serviço','1');

 INSERT INTO tabela_modulo VALUES('7','Tipo de Pagamento','1');

 INSERT INTO tabela_modulo VALUES('8','Período de Pagamento','1');

 INSERT INTO tabela_modulo VALUES('9','Forma de Pagamento','1');

 INSERT INTO tabela_modulo VALUES('10','Pagamento','1');

 INSERT INTO tabela_modulo VALUES('11','Documento','1');

 INSERT INTO tabela_modulo VALUES('12','Parcelamento','1');

 INSERT INTO tabela_modulo VALUES('13','Columbário','1');

 INSERT INTO tabela_modulo VALUES('14','Movimentação','1');

 INSERT INTO tabela_modulo VALUES('15','Contrato','1');

 INSERT INTO tabela_modulo VALUES('16','Contas a Receber de Contrato','1');

 INSERT INTO tabela_modulo VALUES('17','Backup','1');

CREATE TABLE `tabela_moduloatividade` (
  `id` int(11) NOT NULL AUTO_INCREMENT,
  `modulo` int(11) NOT NULL,
  `atividade` int(11) NOT NULL,
  `ativo` tinyint(4) NOT NULL,
  PRIMARY KEY (`id`)
) ENGINE=InnoDB AUTO_INCREMENT=68 DEFAULT CHARSET=utf8mb4;

 INSERT INTO tabela_moduloatividade VALUES('1','1','1','1');

 INSERT INTO tabela_moduloatividade VALUES('2','1','2','1');

 INSERT INTO tabela_moduloatividade VALUES('3','1','3','1');

 INSERT INTO tabela_moduloatividade VALUES('4','1','4','1');

 INSERT INTO tabela_moduloatividade VALUES('5','2','1','1');

 INSERT INTO tabela_moduloatividade VALUES('6','2','2','1');

 INSERT INTO tabela_moduloatividade VALUES('7','2','3','1');

 INSERT INTO tabela_moduloatividade VALUES('8','2','4','1');

 INSERT INTO tabela_moduloatividade VALUES('9','3','1','1');

 INSERT INTO tabela_moduloatividade VALUES('10','3','2','1');

 INSERT INTO tabela_moduloatividade VALUES('11','3','3','1');

 INSERT INTO tabela_moduloatividade VALUES('12','3','4','1');

 INSERT INTO tabela_moduloatividade VALUES('13','4','1','1');

 INSERT INTO tabela_moduloatividade VALUES('14','4','2','1');

 INSERT INTO tabela_moduloatividade VALUES('15','4','3','1');

 INSERT INTO tabela_moduloatividade VALUES('16','4','4','1');

 INSERT INTO tabela_moduloatividade VALUES('17','5','1','1');

 INSERT INTO tabela_moduloatividade VALUES('18','5','2','1');

 INSERT INTO tabela_moduloatividade VALUES('19','5','3','1');

 INSERT INTO tabela_moduloatividade VALUES('20','5','4','1');

 INSERT INTO tabela_moduloatividade VALUES('21','6','1','1');

 INSERT INTO tabela_moduloatividade VALUES('22','6','2','1');

 INSERT INTO tabela_moduloatividade VALUES('23','6','3','1');

 INSERT INTO tabela_moduloatividade VALUES('24','6','4','1');

 INSERT INTO tabela_moduloatividade VALUES('25','7','1','1');

 INSERT INTO tabela_moduloatividade VALUES('26','7','2','1');

 INSERT INTO tabela_moduloatividade VALUES('27','7','3','1');

 INSERT INTO tabela_moduloatividade VALUES('28','7','4','1');

 INSERT INTO tabela_moduloatividade VALUES('29','8','1','1');

 INSERT INTO tabela_moduloatividade VALUES('30','8','2','1');

 INSERT INTO tabela_moduloatividade VALUES('31','8','3','1');

 INSERT INTO tabela_moduloatividade VALUES('32','8','4','1');

 INSERT INTO tabela_moduloatividade VALUES('33','9','1','1');

 INSERT INTO tabela_moduloatividade VALUES('34','9','2','1');

 INSERT INTO tabela_moduloatividade VALUES('35','9','3','1');

 INSERT INTO tabela_moduloatividade VALUES('36','9','4','1');

 INSERT INTO tabela_moduloatividade VALUES('37','10','1','1');

 INSERT INTO tabela_moduloatividade VALUES('38','10','2','1');

 INSERT INTO tabela_moduloatividade VALUES('39','10','3','1');

 INSERT INTO tabela_moduloatividade VALUES('40','10','4','1');

 INSERT INTO tabela_moduloatividade VALUES('41','11','1','1');

 INSERT INTO tabela_moduloatividade VALUES('42','11','2','1');

 INSERT INTO tabela_moduloatividade VALUES('43','11','3','1');

 INSERT INTO tabela_moduloatividade VALUES('44','11','4','1');

 INSERT INTO tabela_moduloatividade VALUES('45','12','1','1');

 INSERT INTO tabela_moduloatividade VALUES('46','12','2','0');

 INSERT INTO tabela_moduloatividade VALUES('47','12','3','1');

 INSERT INTO tabela_moduloatividade VALUES('48','12','4','1');

 INSERT INTO tabela_moduloatividade VALUES('49','13','1','1');

 INSERT INTO tabela_moduloatividade VALUES('50','13','2','1');

 INSERT INTO tabela_moduloatividade VALUES('51','13','3','1');

 INSERT INTO tabela_moduloatividade VALUES('52','13','4','1');

 INSERT INTO tabela_moduloatividade VALUES('53','14','1','1');

 INSERT INTO tabela_moduloatividade VALUES('54','14','2','1');

 INSERT INTO tabela_moduloatividade VALUES('55','14','3','1');

 INSERT INTO tabela_moduloatividade VALUES('56','14','4','1');

 INSERT INTO tabela_moduloatividade VALUES('57','15','1','1');

 INSERT INTO tabela_moduloatividade VALUES('58','15','2','1');

 INSERT INTO tabela_moduloatividade VALUES('59','15','3','1');

 INSERT INTO tabela_moduloatividade VALUES('60','15','4','1');

 INSERT INTO tabela_moduloatividade VALUES('61','16','1','1');

 INSERT INTO tabela_moduloatividade VALUES('62','16','3','1');

 INSERT INTO tabela_moduloatividade VALUES('63','16','4','1');

 INSERT INTO tabela_moduloatividade VALUES('65','17','1','1');

 INSERT INTO tabela_moduloatividade VALUES('66','17','2','1');

 INSERT INTO tabela_moduloatividade VALUES('67','17','4','1');

CREATE TABLE `tabela_movimentacao` (
  `id` int(11) NOT NULL AUTO_INCREMENT,
  `codigo` varchar(100) COLLATE utf8_unicode_ci NOT NULL,
  `titulo` varchar(255) COLLATE utf8_unicode_ci NOT NULL,
  `tipoOrigem` varchar(100) COLLATE utf8_unicode_ci NOT NULL,
  `descricaoOrigem` varchar(255) COLLATE utf8_unicode_ci NOT NULL,
  `observacaoOrigem` text COLLATE utf8_unicode_ci NOT NULL,
  `tipoDestino` varchar(100) COLLATE utf8_unicode_ci NOT NULL,
  `descricaoDestino` varchar(255) COLLATE utf8_unicode_ci NOT NULL,
  `observacaoDestino` varchar(255) COLLATE utf8_unicode_ci NOT NULL,
  `dataMovimentacao` text COLLATE utf8_unicode_ci NOT NULL,
  `ativo` tinyint(4) NOT NULL,
  PRIMARY KEY (`id`)
) ENGINE=InnoDB DEFAULT CHARSET=utf8 COLLATE=utf8_unicode_ci;

CREATE TABLE `tabela_pagamento` (
  `id` int(11) NOT NULL AUTO_INCREMENT,
  `codigo` varchar(20) NOT NULL,
  `cliente` int(11) NOT NULL,
  `sepultura` int(11) NOT NULL,
  `servicos` varchar(255) NOT NULL,
  `valor` float NOT NULL,
  `desconto` float NOT NULL,
  `descricaoServicoExtra` varchar(255) NOT NULL,
  `valorServicoExtra` float NOT NULL,
  `valorPago` float NOT NULL,
  `dataVencimento` date NOT NULL,
  `statusPagamento` varchar(100) NOT NULL,
  `tipoPagamento` int(11) NOT NULL,
  `formaPagamento` int(11) NOT NULL,
  `dataPagamento` date NOT NULL,
  `ativo` tinyint(4) NOT NULL,
  PRIMARY KEY (`id`)
) ENGINE=InnoDB DEFAULT CHARSET=utf8mb4;

CREATE TABLE `tabela_pagamentoservico` (
  `id` int(11) NOT NULL AUTO_INCREMENT,
  `pagamento` int(11) NOT NULL,
  `servico` int(11) NOT NULL,
  `valor` int(11) NOT NULL,
  `ativo` int(11) NOT NULL,
  PRIMARY KEY (`id`)
) ENGINE=InnoDB DEFAULT CHARSET=utf8 COLLATE=utf8_unicode_ci;

CREATE TABLE `tabela_parcela` (
  `id` int(11) NOT NULL AUTO_INCREMENT,
  `parcelamento` int(11) NOT NULL,
  `numeroParcela` int(11) NOT NULL,
  `dataVencimento` date NOT NULL,
  `valorParcela` float NOT NULL,
  `valorPago` float NOT NULL,
  `statusPagamento` varchar(100) COLLATE utf8_unicode_ci NOT NULL,
  `dataPagamento` date NOT NULL,
  `tipoPagamento` int(11) NOT NULL,
  `formaPagamento` int(11) NOT NULL,
  `ativo` tinyint(4) NOT NULL,
  PRIMARY KEY (`id`)
) ENGINE=InnoDB DEFAULT CHARSET=utf8 COLLATE=utf8_unicode_ci;

CREATE TABLE `tabela_parcelamento` (
  `id` int(11) NOT NULL AUTO_INCREMENT,
  `codigo` varchar(20) COLLATE utf8_unicode_ci NOT NULL,
  `tipoCobranca` varchar(100) COLLATE utf8_unicode_ci NOT NULL,
  `cobranca` int(11) NOT NULL,
  `cliente` int(11) NOT NULL,
  `valor` float NOT NULL,
  `numeroParcelas` int(11) NOT NULL,
  `valorRecebido` int(11) NOT NULL,
  `valorFaltante` int(11) NOT NULL,
  `statusParcelamento` varchar(100) COLLATE utf8_unicode_ci NOT NULL,
  `dataPrimeiraParcela` date NOT NULL,
  `ativo` tinyint(4) NOT NULL,
  PRIMARY KEY (`id`)
) ENGINE=InnoDB DEFAULT CHARSET=utf8 COLLATE=utf8_unicode_ci;

CREATE TABLE `tabela_periodocontrato` (
  `id` int(11) NOT NULL AUTO_INCREMENT,
  `periodoContrato` varchar(100) NOT NULL,
  `tempo` int(11) NOT NULL,
  `ativo` tinyint(4) NOT NULL,
  PRIMARY KEY (`id`)
) ENGINE=InnoDB DEFAULT CHARSET=utf8mb4;

CREATE TABLE `tabela_permissao` (
  `id` int(11) NOT NULL AUTO_INCREMENT,
  `moduloatividade` int(11) NOT NULL,
  `usuario` int(11) NOT NULL,
  `ativo` tinyint(4) NOT NULL,
  PRIMARY KEY (`id`)
) ENGINE=InnoDB AUTO_INCREMENT=466 DEFAULT CHARSET=utf8mb4;

 INSERT INTO tabela_permissao VALUES('1','1','1','1');

 INSERT INTO tabela_permissao VALUES('2','2','1','1');

 INSERT INTO tabela_permissao VALUES('3','3','1','1');

 INSERT INTO tabela_permissao VALUES('4','4','1','1');

 INSERT INTO tabela_permissao VALUES('5','5','1','1');

 INSERT INTO tabela_permissao VALUES('6','6','1','1');

 INSERT INTO tabela_permissao VALUES('7','7','1','1');

 INSERT INTO tabela_permissao VALUES('9','9','1','1');

 INSERT INTO tabela_permissao VALUES('10','10','1','1');

 INSERT INTO tabela_permissao VALUES('11','11','1','1');

 INSERT INTO tabela_permissao VALUES('12','12','1','1');

 INSERT INTO tabela_permissao VALUES('13','13','1','1');

 INSERT INTO tabela_permissao VALUES('14','14','1','1');

 INSERT INTO tabela_permissao VALUES('15','15','1','1');

 INSERT INTO tabela_permissao VALUES('16','16','1','1');

 INSERT INTO tabela_permissao VALUES('17','17','1','1');

 INSERT INTO tabela_permissao VALUES('18','18','1','1');

 INSERT INTO tabela_permissao VALUES('19','19','1','1');

 INSERT INTO tabela_permissao VALUES('20','20','1','1');

 INSERT INTO tabela_permissao VALUES('21','21','1','1');

 INSERT INTO tabela_permissao VALUES('22','22','1','1');

 INSERT INTO tabela_permissao VALUES('23','23','1','1');

 INSERT INTO tabela_permissao VALUES('24','24','1','1');

 INSERT INTO tabela_permissao VALUES('25','25','1','1');

 INSERT INTO tabela_permissao VALUES('26','26','1','1');

 INSERT INTO tabela_permissao VALUES('27','27','1','1');

 INSERT INTO tabela_permissao VALUES('28','28','1','1');

 INSERT INTO tabela_permissao VALUES('29','29','1','1');

 INSERT INTO tabela_permissao VALUES('30','30','1','1');

 INSERT INTO tabela_permissao VALUES('31','31','1','1');

 INSERT INTO tabela_permissao VALUES('32','32','1','1');

 INSERT INTO tabela_permissao VALUES('33','33','1','1');

 INSERT INTO tabela_permissao VALUES('34','34','1','1');

 INSERT INTO tabela_permissao VALUES('35','35','1','1');

 INSERT INTO tabela_permissao VALUES('36','36','1','1');

 INSERT INTO tabela_permissao VALUES('37','37','1','1');

 INSERT INTO tabela_permissao VALUES('38','38','1','1');

 INSERT INTO tabela_permissao VALUES('39','39','1','1');

 INSERT INTO tabela_permissao VALUES('40','40','1','1');

 INSERT INTO tabela_permissao VALUES('41','1','3','1');

 INSERT INTO tabela_permissao VALUES('43','6','3','1');

 INSERT INTO tabela_permissao VALUES('44','7','3','1');

 INSERT INTO tabela_permissao VALUES('45','8','3','1');

 INSERT INTO tabela_permissao VALUES('46','9','3','1');

 INSERT INTO tabela_permissao VALUES('47','10','3','1');

 INSERT INTO tabela_permissao VALUES('48','11','3','1');

 INSERT INTO tabela_permissao VALUES('49','12','3','1');

 INSERT INTO tabela_permissao VALUES('50','13','3','1');

 INSERT INTO tabela_permissao VALUES('51','14','3','1');

 INSERT INTO tabela_permissao VALUES('52','15','3','1');

 INSERT INTO tabela_permissao VALUES('53','16','3','1');

 INSERT INTO tabela_permissao VALUES('54','17','3','1');

 INSERT INTO tabela_permissao VALUES('55','18','3','1');

 INSERT INTO tabela_permissao VALUES('56','19','3','1');

 INSERT INTO tabela_permissao VALUES('57','20','3','1');

 INSERT INTO tabela_permissao VALUES('58','21','3','1');

 INSERT INTO tabela_permissao VALUES('59','22','3','1');

 INSERT INTO tabela_permissao VALUES('60','23','3','1');

 INSERT INTO tabela_permissao VALUES('61','24','3','1');

 INSERT INTO tabela_permissao VALUES('62','25','3','1');

 INSERT INTO tabela_permissao VALUES('63','26','3','1');

 INSERT INTO tabela_permissao VALUES('64','27','3','1');

 INSERT INTO tabela_permissao VALUES('65','28','3','1');

 INSERT INTO tabela_permissao VALUES('66','29','3','1');

 INSERT INTO tabela_permissao VALUES('67','30','3','1');

 INSERT INTO tabela_permissao VALUES('68','31','3','1');

 INSERT INTO tabela_permissao VALUES('69','32','3','1');

 INSERT INTO tabela_permissao VALUES('70','33','3','1');

 INSERT INTO tabela_permissao VALUES('71','34','3','1');

 INSERT INTO tabela_permissao VALUES('72','35','3','1');

 INSERT INTO tabela_permissao VALUES('73','36','3','1');

 INSERT INTO tabela_permissao VALUES('74','37','3','1');

 INSERT INTO tabela_permissao VALUES('75','38','3','1');

 INSERT INTO tabela_permissao VALUES('76','39','3','1');

 INSERT INTO tabela_permissao VALUES('77','40','3','1');

 INSERT INTO tabela_permissao VALUES('78','41','1','1');

 INSERT INTO tabela_permissao VALUES('79','42','1','1');

 INSERT INTO tabela_permissao VALUES('80','43','1','1');

 INSERT INTO tabela_permissao VALUES('81','44','1','1');

 INSERT INTO tabela_permissao VALUES('82','45','1','1');

 INSERT INTO tabela_permissao VALUES('83','47','1','1');

 INSERT INTO tabela_permissao VALUES('84','48','1','1');

 INSERT INTO tabela_permissao VALUES('85','49','1','1');

 INSERT INTO tabela_permissao VALUES('86','50','1','1');

 INSERT INTO tabela_permissao VALUES('87','51','1','1');

 INSERT INTO tabela_permissao VALUES('88','52','1','1');

 INSERT INTO tabela_permissao VALUES('89','53','1','1');

 INSERT INTO tabela_permissao VALUES('90','54','1','1');

 INSERT INTO tabela_permissao VALUES('91','55','1','1');

 INSERT INTO tabela_permissao VALUES('92','56','1','1');

 INSERT INTO tabela_permissao VALUES('93','57','1','1');

 INSERT INTO tabela_permissao VALUES('94','58','1','1');

 INSERT INTO tabela_permissao VALUES('95','59','1','1');

 INSERT INTO tabela_permissao VALUES('96','60','1','1');

 INSERT INTO tabela_permissao VALUES('97','61','1','1');

 INSERT INTO tabela_permissao VALUES('98','62','1','1');

 INSERT INTO tabela_permissao VALUES('99','63','1','1');

 INSERT INTO tabela_permissao VALUES('100','65','1','1');

 INSERT INTO tabela_permissao VALUES('101','66','1','1');

 INSERT INTO tabela_permissao VALUES('102','67','1','1');

 INSERT INTO tabela_permissao VALUES('103','1','2','1');

 INSERT INTO tabela_permissao VALUES('107','5','2','1');

 INSERT INTO tabela_permissao VALUES('108','6','2','1');

 INSERT INTO tabela_permissao VALUES('109','7','2','1');

 INSERT INTO tabela_permissao VALUES('110','8','2','1');

 INSERT INTO tabela_permissao VALUES('111','9','2','1');

 INSERT INTO tabela_permissao VALUES('112','10','2','1');

 INSERT INTO tabela_permissao VALUES('113','11','2','1');

 INSERT INTO tabela_permissao VALUES('114','12','2','1');

 INSERT INTO tabela_permissao VALUES('115','13','2','1');

 INSERT INTO tabela_permissao VALUES('116','14','2','1');

 INSERT INTO tabela_permissao VALUES('117','15','2','1');

 INSERT INTO tabela_permissao VALUES('118','16','2','1');

 INSERT INTO tabela_permissao VALUES('119','17','2','1');

 INSERT INTO tabela_permissao VALUES('120','18','2','1');

 INSERT INTO tabela_permissao VALUES('121','19','2','1');

 INSERT INTO tabela_permissao VALUES('122','20','2','1');

 INSERT INTO tabela_permissao VALUES('123','21','2','1');

 INSERT INTO tabela_permissao VALUES('124','22','2','1');

 INSERT INTO tabela_permissao VALUES('125','23','2','1');

 INSERT INTO tabela_permissao VALUES('126','24','2','1');

 INSERT INTO tabela_permissao VALUES('127','25','2','1');

 INSERT INTO tabela_permissao VALUES('128','26','2','1');

 INSERT INTO tabela_permissao VALUES('129','27','2','1');

 INSERT INTO tabela_permissao VALUES('130','28','2','1');

 INSERT INTO tabela_permissao VALUES('131','29','2','1');

 INSERT INTO tabela_permissao VALUES('132','30','2','1');

 INSERT INTO tabela_permissao VALUES('133','31','2','1');

 INSERT INTO tabela_permissao VALUES('134','32','2','1');

 INSERT INTO tabela_permissao VALUES('135','33','2','1');

 INSERT INTO tabela_permissao VALUES('136','34','2','1');

 INSERT INTO tabela_permissao VALUES('137','35','2','1');

 INSERT INTO tabela_permissao VALUES('138','36','2','1');

 INSERT INTO tabela_permissao VALUES('139','37','2','1');

 INSERT INTO tabela_permissao VALUES('140','38','2','1');

 INSERT INTO tabela_permissao VALUES('141','39','2','1');

 INSERT INTO tabela_permissao VALUES('142','40','2','1');

 INSERT INTO tabela_permissao VALUES('143','41','2','1');

 INSERT INTO tabela_permissao VALUES('144','42','2','1');

 INSERT INTO tabela_permissao VALUES('145','43','2','1');

 INSERT INTO tabela_permissao VALUES('146','44','2','1');

 INSERT INTO tabela_permissao VALUES('147','45','2','1');

 INSERT INTO tabela_permissao VALUES('148','47','2','1');

 INSERT INTO tabela_permissao VALUES('149','48','2','1');

 INSERT INTO tabela_permissao VALUES('150','49','2','1');

 INSERT INTO tabela_permissao VALUES('151','50','2','1');

 INSERT INTO tabela_permissao VALUES('152','51','2','1');

 INSERT INTO tabela_permissao VALUES('153','52','2','1');

 INSERT INTO tabela_permissao VALUES('154','53','2','1');

 INSERT INTO tabela_permissao VALUES('155','54','2','1');

 INSERT INTO tabela_permissao VALUES('156','55','2','1');

 INSERT INTO tabela_permissao VALUES('157','56','2','1');

 INSERT INTO tabela_permissao VALUES('158','57','2','1');

 INSERT INTO tabela_permissao VALUES('159','58','2','1');

 INSERT INTO tabela_permissao VALUES('160','59','2','1');

 INSERT INTO tabela_permissao VALUES('161','60','2','1');

 INSERT INTO tabela_permissao VALUES('162','61','2','1');

 INSERT INTO tabela_permissao VALUES('163','62','2','1');

 INSERT INTO tabela_permissao VALUES('164','63','2','1');

 INSERT INTO tabela_permissao VALUES('165','65','2','1');

 INSERT INTO tabela_permissao VALUES('166','66','2','1');

 INSERT INTO tabela_permissao VALUES('167','67','2','1');

 INSERT INTO tabela_permissao VALUES('168','41','3','1');

 INSERT INTO tabela_permissao VALUES('169','42','3','1');

 INSERT INTO tabela_permissao VALUES('170','43','3','1');

 INSERT INTO tabela_permissao VALUES('171','44','3','1');

 INSERT INTO tabela_permissao VALUES('172','45','3','1');

 INSERT INTO tabela_permissao VALUES('173','47','3','1');

 INSERT INTO tabela_permissao VALUES('174','48','3','1');

 INSERT INTO tabela_permissao VALUES('175','49','3','1');

 INSERT INTO tabela_permissao VALUES('176','50','3','1');

 INSERT INTO tabela_permissao VALUES('177','51','3','1');

 INSERT INTO tabela_permissao VALUES('178','52','3','1');

 INSERT INTO tabela_permissao VALUES('179','53','3','1');

 INSERT INTO tabela_permissao VALUES('180','54','3','1');

 INSERT INTO tabela_permissao VALUES('181','55','3','1');

 INSERT INTO tabela_permissao VALUES('182','56','3','1');

 INSERT INTO tabela_permissao VALUES('183','57','3','1');

 INSERT INTO tabela_permissao VALUES('184','58','3','1');

 INSERT INTO tabela_permissao VALUES('185','59','3','1');

 INSERT INTO tabela_permissao VALUES('186','60','3','1');

 INSERT INTO tabela_permissao VALUES('187','61','3','1');

 INSERT INTO tabela_permissao VALUES('188','62','3','1');

 INSERT INTO tabela_permissao VALUES('189','63','3','1');

 INSERT INTO tabela_permissao VALUES('190','65','3','1');

 INSERT INTO tabela_permissao VALUES('191','66','3','1');

 INSERT INTO tabela_permissao VALUES('192','67','3','1');

 INSERT INTO tabela_permissao VALUES('193','2','3','1');

 INSERT INTO tabela_permissao VALUES('194','3','3','1');

 INSERT INTO tabela_permissao VALUES('195','4','3','1');

 INSERT INTO tabela_permissao VALUES('196','1','5','1');

 INSERT INTO tabela_permissao VALUES('200','5','5','1');

 INSERT INTO tabela_permissao VALUES('201','6','5','1');

 INSERT INTO tabela_permissao VALUES('202','7','5','1');

 INSERT INTO tabela_permissao VALUES('203','8','5','1');

 INSERT INTO tabela_permissao VALUES('204','9','5','1');

 INSERT INTO tabela_permissao VALUES('205','10','5','1');

 INSERT INTO tabela_permissao VALUES('206','11','5','1');

 INSERT INTO tabela_permissao VALUES('207','12','5','1');

 INSERT INTO tabela_permissao VALUES('208','13','5','1');

 INSERT INTO tabela_permissao VALUES('209','14','5','1');

 INSERT INTO tabela_permissao VALUES('210','15','5','1');

 INSERT INTO tabela_permissao VALUES('211','16','5','1');

 INSERT INTO tabela_permissao VALUES('212','17','5','1');

 INSERT INTO tabela_permissao VALUES('213','18','5','1');

 INSERT INTO tabela_permissao VALUES('214','19','5','1');

 INSERT INTO tabela_permissao VALUES('215','20','5','1');

 INSERT INTO tabela_permissao VALUES('216','21','5','1');

 INSERT INTO tabela_permissao VALUES('217','22','5','1');

 INSERT INTO tabela_permissao VALUES('218','23','5','1');

 INSERT INTO tabela_permissao VALUES('219','24','5','1');

 INSERT INTO tabela_permissao VALUES('220','25','5','1');

 INSERT INTO tabela_permissao VALUES('221','26','5','1');

 INSERT INTO tabela_permissao VALUES('222','27','5','1');

 INSERT INTO tabela_permissao VALUES('223','28','5','1');

 INSERT INTO tabela_permissao VALUES('224','29','5','1');

 INSERT INTO tabela_permissao VALUES('225','30','5','1');

 INSERT INTO tabela_permissao VALUES('226','31','5','1');

 INSERT INTO tabela_permissao VALUES('227','32','5','1');

 INSERT INTO tabela_permissao VALUES('228','33','5','1');

 INSERT INTO tabela_permissao VALUES('229','34','5','1');

 INSERT INTO tabela_permissao VALUES('230','35','5','1');

 INSERT INTO tabela_permissao VALUES('231','36','5','1');

 INSERT INTO tabela_permissao VALUES('232','37','5','1');

 INSERT INTO tabela_permissao VALUES('233','38','5','1');

 INSERT INTO tabela_permissao VALUES('234','39','5','1');

 INSERT INTO tabela_permissao VALUES('235','40','5','1');

 INSERT INTO tabela_permissao VALUES('236','41','5','1');

 INSERT INTO tabela_permissao VALUES('237','42','5','1');

 INSERT INTO tabela_permissao VALUES('238','43','5','1');

 INSERT INTO tabela_permissao VALUES('239','44','5','1');

 INSERT INTO tabela_permissao VALUES('240','45','5','1');

 INSERT INTO tabela_permissao VALUES('241','47','5','1');

 INSERT INTO tabela_permissao VALUES('242','48','5','1');

 INSERT INTO tabela_permissao VALUES('243','49','5','1');

 INSERT INTO tabela_permissao VALUES('244','50','5','1');

 INSERT INTO tabela_permissao VALUES('245','51','5','1');

 INSERT INTO tabela_permissao VALUES('246','52','5','1');

 INSERT INTO tabela_permissao VALUES('247','53','5','1');

 INSERT INTO tabela_permissao VALUES('248','54','5','1');

 INSERT INTO tabela_permissao VALUES('249','55','5','1');

 INSERT INTO tabela_permissao VALUES('250','56','5','1');

 INSERT INTO tabela_permissao VALUES('251','57','5','1');

 INSERT INTO tabela_permissao VALUES('252','58','5','1');

 INSERT INTO tabela_permissao VALUES('253','59','5','1');

 INSERT INTO tabela_permissao VALUES('254','60','5','1');

 INSERT INTO tabela_permissao VALUES('255','61','5','1');

 INSERT INTO tabela_permissao VALUES('256','62','5','1');

 INSERT INTO tabela_permissao VALUES('257','63','5','1');

 INSERT INTO tabela_permissao VALUES('258','65','5','1');

 INSERT INTO tabela_permissao VALUES('259','66','5','1');

 INSERT INTO tabela_permissao VALUES('260','67','5','1');

 INSERT INTO tabela_permissao VALUES('261','1','6','1');

 INSERT INTO tabela_permissao VALUES('265','5','6','1');

 INSERT INTO tabela_permissao VALUES('266','6','6','1');

 INSERT INTO tabela_permissao VALUES('267','7','6','1');

 INSERT INTO tabela_permissao VALUES('268','8','6','1');

 INSERT INTO tabela_permissao VALUES('269','9','6','1');

 INSERT INTO tabela_permissao VALUES('270','10','6','1');

 INSERT INTO tabela_permissao VALUES('271','11','6','1');

 INSERT INTO tabela_permissao VALUES('272','12','6','1');

 INSERT INTO tabela_permissao VALUES('273','13','6','1');

 INSERT INTO tabela_permissao VALUES('274','14','6','1');

 INSERT INTO tabela_permissao VALUES('275','15','6','1');

 INSERT INTO tabela_permissao VALUES('276','16','6','1');

 INSERT INTO tabela_permissao VALUES('277','17','6','1');

 INSERT INTO tabela_permissao VALUES('278','18','6','1');

 INSERT INTO tabela_permissao VALUES('279','19','6','1');

 INSERT INTO tabela_permissao VALUES('280','20','6','1');

 INSERT INTO tabela_permissao VALUES('281','21','6','1');

 INSERT INTO tabela_permissao VALUES('282','22','6','1');

 INSERT INTO tabela_permissao VALUES('283','23','6','1');

 INSERT INTO tabela_permissao VALUES('284','24','6','1');

 INSERT INTO tabela_permissao VALUES('285','25','6','1');

 INSERT INTO tabela_permissao VALUES('286','26','6','1');

 INSERT INTO tabela_permissao VALUES('287','27','6','1');

 INSERT INTO tabela_permissao VALUES('288','28','6','1');

 INSERT INTO tabela_permissao VALUES('289','29','6','1');

 INSERT INTO tabela_permissao VALUES('290','30','6','1');

 INSERT INTO tabela_permissao VALUES('291','31','6','1');

 INSERT INTO tabela_permissao VALUES('292','32','6','1');

 INSERT INTO tabela_permissao VALUES('293','33','6','1');

 INSERT INTO tabela_permissao VALUES('294','34','6','1');

 INSERT INTO tabela_permissao VALUES('295','35','6','1');

 INSERT INTO tabela_permissao VALUES('296','36','6','1');

 INSERT INTO tabela_permissao VALUES('297','37','6','1');

 INSERT INTO tabela_permissao VALUES('298','38','6','1');

 INSERT INTO tabela_permissao VALUES('299','39','6','1');

 INSERT INTO tabela_permissao VALUES('300','40','6','1');

 INSERT INTO tabela_permissao VALUES('301','41','6','1');

 INSERT INTO tabela_permissao VALUES('302','42','6','1');

 INSERT INTO tabela_permissao VALUES('303','43','6','1');

 INSERT INTO tabela_permissao VALUES('304','44','6','1');

 INSERT INTO tabela_permissao VALUES('305','45','6','1');

 INSERT INTO tabela_permissao VALUES('306','47','6','1');

 INSERT INTO tabela_permissao VALUES('307','48','6','1');

 INSERT INTO tabela_permissao VALUES('308','49','6','1');

 INSERT INTO tabela_permissao VALUES('309','50','6','1');

 INSERT INTO tabela_permissao VALUES('310','51','6','1');

 INSERT INTO tabela_permissao VALUES('311','52','6','1');

 INSERT INTO tabela_permissao VALUES('312','53','6','1');

 INSERT INTO tabela_permissao VALUES('313','54','6','1');

 INSERT INTO tabela_permissao VALUES('314','55','6','1');

 INSERT INTO tabela_permissao VALUES('315','56','6','1');

 INSERT INTO tabela_permissao VALUES('316','57','6','1');

 INSERT INTO tabela_permissao VALUES('317','58','6','1');

 INSERT INTO tabela_permissao VALUES('318','59','6','1');

 INSERT INTO tabela_permissao VALUES('319','60','6','1');

 INSERT INTO tabela_permissao VALUES('320','61','6','1');

 INSERT INTO tabela_permissao VALUES('321','62','6','1');

 INSERT INTO tabela_permissao VALUES('322','63','6','1');

 INSERT INTO tabela_permissao VALUES('323','65','6','1');

 INSERT INTO tabela_permissao VALUES('324','66','6','1');

 INSERT INTO tabela_permissao VALUES('325','67','6','1');

 INSERT INTO tabela_permissao VALUES('326','5','3','1');

 INSERT INTO tabela_permissao VALUES('327','1','7','1');

 INSERT INTO tabela_permissao VALUES('328','2','7','1');

 INSERT INTO tabela_permissao VALUES('329','3','7','1');

 INSERT INTO tabela_permissao VALUES('330','4','7','1');

 INSERT INTO tabela_permissao VALUES('331','5','7','1');

 INSERT INTO tabela_permissao VALUES('332','6','7','1');

 INSERT INTO tabela_permissao VALUES('333','7','7','1');

 INSERT INTO tabela_permissao VALUES('334','8','7','1');

 INSERT INTO tabela_permissao VALUES('335','9','7','1');

 INSERT INTO tabela_permissao VALUES('336','10','7','1');

 INSERT INTO tabela_permissao VALUES('337','11','7','1');

 INSERT INTO tabela_permissao VALUES('338','12','7','1');

 INSERT INTO tabela_permissao VALUES('339','13','7','1');

 INSERT INTO tabela_permissao VALUES('340','14','7','1');

 INSERT INTO tabela_permissao VALUES('341','15','7','1');

 INSERT INTO tabela_permissao VALUES('342','16','7','1');

 INSERT INTO tabela_permissao VALUES('343','17','7','1');

 INSERT INTO tabela_permissao VALUES('344','18','7','1');

 INSERT INTO tabela_permissao VALUES('345','19','7','1');

 INSERT INTO tabela_permissao VALUES('346','20','7','1');

 INSERT INTO tabela_permissao VALUES('347','21','7','1');

 INSERT INTO tabela_permissao VALUES('348','22','7','1');

 INSERT INTO tabela_permissao VALUES('349','23','7','1');

 INSERT INTO tabela_permissao VALUES('350','24','7','1');

 INSERT INTO tabela_permissao VALUES('351','25','7','1');

 INSERT INTO tabela_permissao VALUES('352','26','7','1');

 INSERT INTO tabela_permissao VALUES('353','27','7','1');

 INSERT INTO tabela_permissao VALUES('354','28','7','1');

 INSERT INTO tabela_permissao VALUES('355','29','7','1');

 INSERT INTO tabela_permissao VALUES('356','30','7','1');

 INSERT INTO tabela_permissao VALUES('357','31','7','1');

 INSERT INTO tabela_permissao VALUES('358','32','7','1');

 INSERT INTO tabela_permissao VALUES('359','33','7','1');

 INSERT INTO tabela_permissao VALUES('360','34','7','1');

 INSERT INTO tabela_permissao VALUES('361','35','7','1');

 INSERT INTO tabela_permissao VALUES('362','36','7','1');

 INSERT INTO tabela_permissao VALUES('363','37','7','1');

 INSERT INTO tabela_permissao VALUES('364','38','7','1');

 INSERT INTO tabela_permissao VALUES('365','39','7','1');

 INSERT INTO tabela_permissao VALUES('366','40','7','1');

 INSERT INTO tabela_permissao VALUES('367','41','7','1');

 INSERT INTO tabela_permissao VALUES('368','42','7','1');

 INSERT INTO tabela_permissao VALUES('369','43','7','1');

 INSERT INTO tabela_permissao VALUES('370','44','7','1');

 INSERT INTO tabela_permissao VALUES('371','45','7','1');

 INSERT INTO tabela_permissao VALUES('372','47','7','1');

 INSERT INTO tabela_permissao VALUES('373','48','7','1');

 INSERT INTO tabela_permissao VALUES('374','49','7','1');

 INSERT INTO tabela_permissao VALUES('375','50','7','1');

 INSERT INTO tabela_permissao VALUES('376','51','7','1');

 INSERT INTO tabela_permissao VALUES('377','52','7','1');

 INSERT INTO tabela_permissao VALUES('378','53','7','1');

 INSERT INTO tabela_permissao VALUES('379','54','7','1');

 INSERT INTO tabela_permissao VALUES('380','55','7','1');

 INSERT INTO tabela_permissao VALUES('381','56','7','1');

 INSERT INTO tabela_permissao VALUES('382','57','7','1');

 INSERT INTO tabela_permissao VALUES('383','58','7','1');

 INSERT INTO tabela_permissao VALUES('384','59','7','1');

 INSERT INTO tabela_permissao VALUES('385','60','7','1');

 INSERT INTO tabela_permissao VALUES('386','61','7','1');

 INSERT INTO tabela_permissao VALUES('387','62','7','1');

 INSERT INTO tabela_permissao VALUES('388','63','7','1');

 INSERT INTO tabela_permissao VALUES('389','65','7','1');

 INSERT INTO tabela_permissao VALUES('390','66','7','1');

 INSERT INTO tabela_permissao VALUES('391','67','7','1');

 INSERT INTO tabela_permissao VALUES('392','2','6','1');

 INSERT INTO tabela_permissao VALUES('393','3','6','1');

 INSERT INTO tabela_permissao VALUES('394','4','6','1');

 INSERT INTO tabela_permissao VALUES('395','2','5','1');

 INSERT INTO tabela_permissao VALUES('396','3','5','1');

 INSERT INTO tabela_permissao VALUES('397','4','5','1');

 INSERT INTO tabela_permissao VALUES('398','2','2','1');

 INSERT INTO tabela_permissao VALUES('399','3','2','1');

 INSERT INTO tabela_permissao VALUES('400','4','2','1');

 INSERT INTO tabela_permissao VALUES('401','1','8','1');

 INSERT INTO tabela_permissao VALUES('402','2','8','1');

 INSERT INTO tabela_permissao VALUES('403','3','8','1');

 INSERT INTO tabela_permissao VALUES('404','4','8','1');

 INSERT INTO tabela_permissao VALUES('405','5','8','1');

 INSERT INTO tabela_permissao VALUES('406','6','8','1');

 INSERT INTO tabela_permissao VALUES('407','7','8','1');

 INSERT INTO tabela_permissao VALUES('408','8','8','1');

 INSERT INTO tabela_permissao VALUES('409','9','8','1');

 INSERT INTO tabela_permissao VALUES('410','10','8','1');

 INSERT INTO tabela_permissao VALUES('411','11','8','1');

 INSERT INTO tabela_permissao VALUES('412','12','8','1');

 INSERT INTO tabela_permissao VALUES('413','13','8','1');

 INSERT INTO tabela_permissao VALUES('414','14','8','1');

 INSERT INTO tabela_permissao VALUES('415','15','8','1');

 INSERT INTO tabela_permissao VALUES('416','16','8','1');

 INSERT INTO tabela_permissao VALUES('417','17','8','1');

 INSERT INTO tabela_permissao VALUES('418','18','8','1');

 INSERT INTO tabela_permissao VALUES('419','19','8','1');

 INSERT INTO tabela_permissao VALUES('420','20','8','1');

 INSERT INTO tabela_permissao VALUES('421','21','8','1');

 INSERT INTO tabela_permissao VALUES('422','22','8','1');

 INSERT INTO tabela_permissao VALUES('423','23','8','1');

 INSERT INTO tabela_permissao VALUES('424','24','8','1');

 INSERT INTO tabela_permissao VALUES('425','25','8','1');

 INSERT INTO tabela_permissao VALUES('426','26','8','1');

 INSERT INTO tabela_permissao VALUES('427','27','8','1');

 INSERT INTO tabela_permissao VALUES('428','28','8','1');

 INSERT INTO tabela_permissao VALUES('429','29','8','1');

 INSERT INTO tabela_permissao VALUES('430','30','8','1');

 INSERT INTO tabela_permissao VALUES('431','31','8','1');

 INSERT INTO tabela_permissao VALUES('432','32','8','1');

 INSERT INTO tabela_permissao VALUES('433','33','8','1');

 INSERT INTO tabela_permissao VALUES('434','34','8','1');

 INSERT INTO tabela_permissao VALUES('435','35','8','1');

 INSERT INTO tabela_permissao VALUES('436','36','8','1');

 INSERT INTO tabela_permissao VALUES('437','37','8','1');

 INSERT INTO tabela_permissao VALUES('438','38','8','1');

 INSERT INTO tabela_permissao VALUES('439','39','8','1');

 INSERT INTO tabela_permissao VALUES('440','40','8','1');

 INSERT INTO tabela_permissao VALUES('441','41','8','1');

 INSERT INTO tabela_permissao VALUES('442','42','8','1');

 INSERT INTO tabela_permissao VALUES('443','43','8','1');

 INSERT INTO tabela_permissao VALUES('444','44','8','1');

 INSERT INTO tabela_permissao VALUES('445','45','8','1');

 INSERT INTO tabela_permissao VALUES('446','47','8','1');

 INSERT INTO tabela_permissao VALUES('447','48','8','1');

 INSERT INTO tabela_permissao VALUES('448','49','8','1');

 INSERT INTO tabela_permissao VALUES('449','50','8','1');

 INSERT INTO tabela_permissao VALUES('450','51','8','1');

 INSERT INTO tabela_permissao VALUES('451','52','8','1');

 INSERT INTO tabela_permissao VALUES('452','53','8','1');

 INSERT INTO tabela_permissao VALUES('453','54','8','1');

 INSERT INTO tabela_permissao VALUES('454','55','8','1');

 INSERT INTO tabela_permissao VALUES('455','56','8','1');

 INSERT INTO tabela_permissao VALUES('456','57','8','1');

 INSERT INTO tabela_permissao VALUES('457','58','8','1');

 INSERT INTO tabela_permissao VALUES('458','59','8','1');

 INSERT INTO tabela_permissao VALUES('459','60','8','1');

 INSERT INTO tabela_permissao VALUES('460','61','8','1');

 INSERT INTO tabela_permissao VALUES('461','62','8','1');

 INSERT INTO tabela_permissao VALUES('462','63','8','1');

 INSERT INTO tabela_permissao VALUES('463','65','8','1');

 INSERT INTO tabela_permissao VALUES('464','66','8','1');

 INSERT INTO tabela_permissao VALUES('465','67','8','1');

CREATE TABLE `tabela_redefinirsenha` (
  `id` int(11) NOT NULL AUTO_INCREMENT,
  `usuario` int(11) NOT NULL,
  `codigo` int(11) NOT NULL,
  `ativo` tinyint(4) NOT NULL,
  PRIMARY KEY (`id`)
) ENGINE=InnoDB DEFAULT CHARSET=utf8mb4;

CREATE TABLE `tabela_sepultamento` (
  `id` int(11) NOT NULL AUTO_INCREMENT,
  `codigo` varchar(20) NOT NULL,
  `sepultura` int(11) NOT NULL,
  `cliente` int(11) NOT NULL,
  `semSepultura` tinyint(4) NOT NULL,
  `gaveta` varchar(50) NOT NULL,
  `nome` varchar(100) NOT NULL,
  `cpf` varchar(14) NOT NULL,
  `rg` varchar(12) NOT NULL,
  `sexo` varchar(50) NOT NULL,
  `cor` varchar(50) NOT NULL,
  `dataNascimento` date NOT NULL,
  `dataSepultamento` date NOT NULL,
  `cartorio` varchar(50) NOT NULL,
  `livro` varchar(50) NOT NULL,
  `folhas` varchar(50) NOT NULL,
  `numeroGuiaSepultamento` varchar(50) NOT NULL,
  `causaMorte` varchar(255) NOT NULL,
  `autorizante` varchar(100) NOT NULL,
  `observacoes` text NOT NULL,
  `movimentacao` int(11) NOT NULL,
  `ativo` tinyint(4) NOT NULL,
  PRIMARY KEY (`id`)
) ENGINE=InnoDB AUTO_INCREMENT=543 DEFAULT CHARSET=utf8mb4;

 INSERT INTO tabela_sepultamento VALUES('1','0001','1','2','0','01','MANOEL JORGE FROSSARD','','1.000.272-3','MASCULINO','BRANCO','1954-10-01','2021-12-13','1º DISTRITO DE NOVA FIBURGO','C-176','11','18637','INDETERMINADA','2-47','','0','1');

 INSERT INTO tabela_sepultamento VALUES('2','0002','52','46','0','01','ROBERTO FREIMAN','','04.612.796-5','MASCULINO','BRANCO','0000-00-00','2021-01-30','1º DISTRITO DE NOVA FIBURGO','C-171','70','17186','INSUFICIENCIA RESPIRATÓRIA','46','','0','1');

 INSERT INTO tabela_sepultamento VALUES('3','0003','52','46','0','02','EMERSON RIBEIRO DAS NEVES','','09.236.147-6','MASCULINO','BRANCO','0000-00-00','2021-01-30','1º DISTRITO DE NOVA FIBURGO','C-171','69','17185','INDETERMINADA','46','','0','1');

 INSERT INTO tabela_sepultamento VALUES('4','0004','49','43','0','01','MARIA IRACEMA RODRIGUES MENDONÇA','','10.265.863-0','FEMININO','BRANCO','0000-00-00','2021-03-09','1º DISTRITO DE NOVA FIBURGO','C-171','206','17325','TROMBOEMBOLISMO PULMONAR','43','','0','1');

 INSERT INTO tabela_sepultamento VALUES('5','0005','24','20','0','01','JOÃO RIZETO DA SILVA','','04.017.903-8','MASCULINO','BRANCO','0000-00-00','2021-03-23','1º DISTRITO DE NOVA FIBURGO','C-171','249','17368','CHOQUE SEPTICO','20-64','','0','1');

 INSERT INTO tabela_sepultamento VALUES('6','0006','26','21','0','01','FLORIZA ROSA DOS SANTOS QUINTA','079.550.277-01','12.072.015-6','FEMININO','BRANCO','0000-00-00','2021-03-22','1º DISTRITO DE NOVA FIBURGO','C-171','252','17371','INDETERMINADA','21','','0','1');

 INSERT INTO tabela_sepultamento VALUES('7','0007','32','26','0','01','SERVULO BOM','','034.612-9','MASCULINO','BRANCO','0000-00-00','2021-05-05','1º DISTRITO DE NOVA FIBURGO','C-172','221','17641','INDETERMINADA','26-32','','0','1');

 INSERT INTO tabela_sepultamento VALUES('8','0008','57','0','0','01','ADALBERTO DA SILVA BRANCO','','80.382.794-8','MASCULINO','BRANCO','0000-00-00','2021-05-05','1º DISTRITO DE NOVA FIBURGO','C-172','258','17678','FALENCIA MULTIPLA DOS ORGAOS, MELANOMA METASTICO','','','0','1');

 INSERT INTO tabela_sepultamento VALUES('9','0009','51','45','0','01','MARIA DO CARMO THER','912.497.407-20','08.151.653-6','FEMININO','BRANCO','0000-00-00','2021-06-19','5º DISTRITO DE NOVA FRIBURGO','C-00012','138','669','DOENÇA CORONARIANA TRIVASCULAR','45-65','','0','1');

 INSERT INTO tabela_sepultamento VALUES('10','0010','40','34','0','01','CRISTINA DA SILVA BEZERRA BARROS','091.075.427-63','12.494.579-1','FEMININO','BRANCO','0000-00-00','2021-07-29','6º DISTRITO DENOVA FRIBURGO','C-00032','35','8843','COVID 19','34-66','','0','1');

 INSERT INTO tabela_sepultamento VALUES('11','0011','43','37','0','01','MARCELA SILVA DA PAIXÃO','','31.003.130-7','FEMININO','BRANCO','2002-02-24','2021-11-28','1º DISTRITO DE NOVA FIBURGO','C-175','241','18567','AVE HEMORRAGICO','37','','0','1');

 INSERT INTO tabela_sepultamento VALUES('12','0012','38','32','0','01','MANOEL SAMUEL SANTOS','','12.661.617-6','MASCULINO','PARDA','0000-00-00','2022-02-17','1º DISTRITO DE NOVA FIBURGO','C-176','281','18907','CHOQUE SEPTICO','32','','0','1');

 INSERT INTO tabela_sepultamento VALUES('13','0013','12','9','0','01','MARIA ALICE GRIPP','041.056.227-06','10.444.150-6','FEMININO','','1938-03-25','2021-03-15','4º DISTRITO NOVA FRIBURGO','C-00005','183','288','ADENOCARCINOMA','9','','0','1');

 INSERT INTO tabela_sepultamento VALUES('14','0014','16','13','0','02','DEIR RODRIGUES FRACÁCIO','','10.755.894-2','FEMININO','BRANCO','0000-00-00','2022-05-30','1º DISTRITO DE NOVA FIBURGO','C-178','7','19234','SEPSE URINARIA','13','','0','1');

 INSERT INTO tabela_sepultamento VALUES('15','0015','53','47','0','02','LEONIDIA DOS SANTOS RAMOS','','21.527.739-3','FEMININO','BRANCO','0000-00-00','2022-07-24','1º DISTRITO DE NOVA FIBURGO','C-178','229','19457','INSUFICIENCIA CARDIACA DESCOMPENSADA','47','','0','1');

 INSERT INTO tabela_sepultamento VALUES('16','0016','17','14','0','03','MAIR BUSSINGER','','','MASCULINO','BRANCO','0000-00-00','2022-08-01','1º DISTRITO DE NOVA FIBURGO','C-178','257','19485','CANCER DE COLON METASTICO','14-16','','0','1');

 INSERT INTO tabela_sepultamento VALUES('17','0017','1','2','0','01','MARIA JOSÉ FROSSARD PAREDES','063.450.747-80','31.279.427-4','FEMININO','','0000-00-00','2019-01-28','3º DISTRITO DE NOVA FRIBURGO','C-00002','90','804','CHOQUE CARDIOGENICO','2','','0','1');

 INSERT INTO tabela_sepultamento VALUES('18','0018','34','28','0','01','VALDINEI BRUST','','08.718.291-1','MASCULINO','BRANCO','1970-07-10','2019-02-13','1º DISTRITO DE NOVA FIBURGO','C-162','110','42924','CHOQUE SEPTICO','28','','0','1');

 INSERT INTO tabela_sepultamento VALUES('19','0019','58','50','0','03','JOVENTINA HERDY','','08.262.043-6','FEMININO','BRANCO','0000-00-00','2019-02-17','1º DISTRITO DE NOVA FIBURGO','C-162','128','42942','INSUFICIENCIA RENAL','50','','0','1');

 INSERT INTO tabela_sepultamento VALUES('20','0020','16','13','0','03','MANOEL JORGE TARDIM KNUPP','','07.766.322-7','MASCULINO','BRANCO','0000-00-00','2019-04-11','1º DISTRITO DE NOVA FIBURGO','C-163','3','43117','CANCER DE LARINGE','13-115','','0','1');

 INSERT INTO tabela_sepultamento VALUES('21','0021','54','48','0','02','ANTÔNIO EDILSON BUSSINGER HECKERT','','07.231.724-1','MASCULINO','BRANCO','0000-00-00','2019-04-25','1º DISTRITO DE NOVA FIBURGO','C-163','62','43176','CANCER ESOFAGO','48-62','','0','1');

 INSERT INTO tabela_sepultamento VALUES('22','0022','31','25','0','02','JOSÉ PAULO GRIPP','','04.233.524-0','MASCULINO','BRANCO','0000-00-00','2019-05-11','1º DISTRITO DE NOVA FIBURGO','C-163','115','43229','PARADA CARDIO RESPIRATORIA','25-31','','0','1');

 INSERT INTO tabela_sepultamento VALUES('23','0023','41','36','0','02','ANTÔNIO BUSSINGER','','10.265.478-7','MASCULINO','BRANCO','0000-00-00','2019-09-12','1º DISTRITO DE NOVA FIBURGO','C-164','279','43693','PNEUMONIA','36','O SR.  RENATO E A SRA. ELIZETE, OPTARAM A NÃO EXUMAR OS RESTOS MORTAIS DA FINADA ZILDA DA CONCEIÇÃO BUSSINGER','0','1');

 INSERT INTO tabela_sepultamento VALUES('24','0024','63','53','0','01','JOSÉ ALVES DA SILVA','','08.583.020-6','MASCULINO','BRANCO','0000-00-00','2019-09-22','1º DISTRITO DE NOVA FIBURGO','C-165','12','43726','FALENCIA MULTIPLA DOS ORGAOS','53','','0','1');

 INSERT INTO tabela_sepultamento VALUES('25','0025','56','49','0','02','CINEZIO RIMES','','24.901.668-4','MASCULINO','BRANCO','0000-00-00','2019-10-07','1º DISTRITO DE NOVA FIBURGO','C-165','60','43774','SEPSE PULMONAR','49-63','','0','1');

 INSERT INTO tabela_sepultamento VALUES('26','0026','14','11','0','02','ANTÔNIO ROBERTO KNUPP','000.000.000-00','00.000.000-0','MASCULINO','BRANCO','0000-00-00','2019-11-20','1º DISTRITO DE NOVA FIBURGO','C-165','192','15488','CIRROSE HEPATICA','11','','0','1');

 INSERT INTO tabela_sepultamento VALUES('27','0027','74','63','0','01','LAIR BERNARDO DA SILVEIRA','000.000.000-00','80.851.000-2','MASCULINO','BRANCO','0000-00-00','2019-11-21','1º DISTRITO DE NOVA FIBURGO','C-165','197','15493','NEOPLASIA DE PROSTATA','63','','0','1');

 INSERT INTO tabela_sepultamento VALUES('28','0028','115','101','0','01','EMILIA DAS VIRGENS LIBÓRIO DE SOUZA','','02.975.778-8','FEMININO','PRETO','0000-00-00','2020-01-02','1º DISTRITO DE NOVA FIBURGO','C-166','58','15656','TROMBOEMBOLISMO PULMONAR','101','','0','1');

 INSERT INTO tabela_sepultamento VALUES('29','0029','95','83','0','01','LAURIDES GUILLAND','000.000.000-00','00.000.000-0','FEMININO','PARDA','0000-00-00','2020-01-06','1º DISTRITO DE NOVA FIBURGO','C-166','171','15771','ALZHEIMER, HAS, SENILIDADE','83','','0','1');

 INSERT INTO tabela_sepultamento VALUES('30','0030','63','53','0','02','CECILIA NOVAES PACHECO','000.000.000-00','04.850.257-9','FEMININO','PARDA','0000-00-00','2020-02-02','1º DISTRITO DE NOVA FIBURGO','C-166','171','15771','ANOREXIA, ANEMIA','53','','0','1');

 INSERT INTO tabela_sepultamento VALUES('31','0031','73','62','0','01','JOSÉ PAULO TEIXEIRÃO','000.000.000-00','04.328.914-9','MASCULINO','BRANCO','0000-00-00','2020-02-09','1º DISTRITO DE NOVA FIBURGO','C-166','191','15791','PNEUMONIA POR BRONCOASPIRAÇÃO','62','','0','1');

 INSERT INTO tabela_sepultamento VALUES('32','0032','72','61','0','02','DAVID DOS SANTOS AZEVEDO','000.000.000-00','23.153.708-5','MASCULINO','BRANCO','0000-00-00','2020-03-30','1º DISTRITO DE NOVA FIBURGO','C-167','62','15963','SEPTICEMIA','61','','0','1');

 INSERT INTO tabela_sepultamento VALUES('33','0033','54','48','0','02','ODETTE BUSSINGER HECKERT','000.000.000-00','1.000.149-1','FEMININO','BRANCO','0000-00-00','2020-04-25','1º DISTRITO DE NOVA FIBURGO','C-167','169','16072','DISFUNSÃO MULTIPLOS DE ORGÃOS','48-62','','0','1');

 INSERT INTO tabela_sepultamento VALUES('34','0034','110','96','0','01','HAMILTON GOMES DA SILVA (MITA)','000.000.000-00','27.051.151-2','MASCULINO','BRANCO','0000-00-00','2020-07-21','1º DISTRITO DE NOVA FIBURGO','C-168','198','16404','NEOPLASIA BASE DE LINGUA','96-116','','0','1');

 INSERT INTO tabela_sepultamento VALUES('35','0035','62','52','0','01','JOÃO PEREIRA DOS SANTOS','','114.237-3','MASCULINO','PRETO','0000-00-00','2020-07-24','1º DISTRITO DE NOVA FIBURGO','C-168','209','16415','INDETERMINADA','52-117','','0','1');

 INSERT INTO tabela_sepultamento VALUES('36','0036','47','41','0','01','ANTÔNIO DURVAL GRIPP','000.000.000-00','0.398.008-0','MASCULINO','BRANCO','0000-00-00','2020-08-18','1º DISTRITO DE NOVA FIBURGO','C-169','9','16516','NEOPLASIA DE PROSTATA','41','','0','1');

 INSERT INTO tabela_sepultamento VALUES('37','0037','36','30','0','01','ELZA GONÇALVES MAYER ','000.000.000-00','08.092.657-9','FEMININO','BRANCO','0000-00-00','2020-08-16','1º DISTRITO DE NOVA FIBURGO','C-168','299','16506','CHOQUE SEPTICO','30','','0','1');

 INSERT INTO tabela_sepultamento VALUES('38','0038','27','22','0','01','JUAREZ PITAGORAS BRANCO ','674.547.988-53','878.060-6','MASCULINO','BRANCO','1956-11-03','2020-09-20','13° BUTANTÃ SP ','','','97456','INSUFICIENCIA RESPIRATÓRIA','22','','0','1');

 INSERT INTO tabela_sepultamento VALUES('39','0039','65','55','0','01','NATIMORTO FILHO DAIANA DA SILVA CAMPOS ','000.000.000-00','00.000.000-0','MASCULINO','PARDA','0000-00-00','2020-10-08','1º DISTRITO DE NOVA FIBURGO','CA-4','181','16713','MORTE INTRA ÚTERO','55','','0','1');

 INSERT INTO tabela_sepultamento VALUES('40','0040','51','45','0','01','MARLENE THER DE AZEVEDO ','000.000.000-00','12.125.968-3','FEMININO','BRANCO','0000-00-00','2020-11-02','1º DISTRITO DE NOVA FIBURGO','C-169','279','16790','INDETERMINADA','45-57','','0','1');

 INSERT INTO tabela_sepultamento VALUES('41','0041','24','20','0','01','MARLON DA SILVA GRIPP','000.000.000-00','32.572.468-0','MASCULINO','BRANCO','0000-00-00','2020-11-21','1º DISTRITO DE NOVA FIBURGO','C-170','55','16867','LESÃO CEREBRAL, PROJETIL DE ARMA DE FOGO','20','','0','1');

 INSERT INTO tabela_sepultamento VALUES('42','0042','39','33','0','01','MARIA BALBINA KLEIN','617.909.587-68','04.778.463-2','FEMININO','BRANCO','0000-00-00','2020-12-24','5º DISTRITO DE NOVA FRIBURGO','C-00012','97','287','INDETERMINADA','33-118','','0','1');

 INSERT INTO tabela_sepultamento VALUES('43','0043','72','61','0','01','RENI DE PAULA SANTOS ','000.000.000-00','0.114.994-2','FEMININO','PARDA','0000-00-00','2021-01-16','1º DISTRITO DE NOVA FIBURGO','C-171','11','17127','INSUFICIENCIA RESPIRATÓRIA','61-82','','0','1');

 INSERT INTO tabela_sepultamento VALUES('44','0044','76','65','0','01','JOÃO BATISTA TARDIM ','000.000.000-00','20.604.986-8','MASCULINO','PARDA','0000-00-00','2021-06-22','1º DISTRITO DE NOVA FIBURGO','C-173','162','17882','SEPSE PULMONAR','65','','0','1');

 INSERT INTO tabela_sepultamento VALUES('45','0045','85','73','0','01','ELIANE REIS GOMES','000.000.000-00','10.552.197-5','FEMININO','PRETO','0000-00-00','2021-08-11','1º DISTRITO DE NOVA FIBURGO','C-174','115','18136','CHOQUE SÉPTICO, COVID 19','73','','0','1');

 INSERT INTO tabela_sepultamento VALUES('46','0046','66','56','0','01','JOSÉ CLAUDIO DE OLIVEIRA ','000.000.000-00','08.034.665-3','MASCULINO','BRANCO','0000-00-00','2021-08-25','1º DISTRITO DE NOVA FIBURGO','C-174','188','18209','COVID 19','56','','0','1');

 INSERT INTO tabela_sepultamento VALUES('47','0047','71','60','0','01','ARACY FROSSARD MARTINS ','','21.837.782-8','FEMININO','BRANCO','0000-00-00','2021-10-03','1º DISTRITO DE NOVA FIBURGO','C-175','41','18364','PNEUMONIA, SEPTICEMIA','60','','0','1');

 INSERT INTO tabela_sepultamento VALUES('48','0048','66','56','0','01','DIOLINDO JUNIOR DE OLIVEIRA','000.000.000-00','08.976.380-9','MASCULINO','BRANCO','0000-00-00','2021-11-26','1º DISTRITO DE NOVA FIBURGO','C-175','234','18560','INDETERMINADA','56-119','','0','1');

 INSERT INTO tabela_sepultamento VALUES('49','0049','80','68','0','01','NEVALDINA PERTOMILLA KLEIN DE MORAES','639.089.217-91','04.721.227-9','FEMININO','','0000-00-00','2021-12-20','5º DISTRITO DE NOVA FRIBURGO','C-00012','162','365','INDETERMINADA','68-120','','0','1');

 INSERT INTO tabela_sepultamento VALUES('50','0050','69','58','0','01','MARIA MADALENA BUSSINGER SARDINHA','','','FEMININO','BRANCO','1969-06-26','2022-05-06','1º DISTRITO DE NOVA FRIBURGO','C-177','233','19160','NEOPLASIA MALIGNA DO CÓLON SIGMOIDE','58','','0','1');

 INSERT INTO tabela_sepultamento VALUES('51','0051','89','77','0','01','LUCIANO DE AZEVEDO SANTOS','','','MASCULINO','PARDA','1983-07-04','2022-06-01','1º DISTRITO DE NOVA FRIBURGO','C-178','26','19253','HEMORRAGIA INTERNA, ROTURA ANEURISMA DA AORTA','77-106','','0','1');

 INSERT INTO tabela_sepultamento VALUES('52','0052','89','77','0','02','ANTÔNIO PEREIRA DOS SANTOS','','','MASCULINO','BRANCO','0000-00-00','2022-09-01','1º DISTRITO DE NOVA FRIBURGO ','C-179','77','19605','INSUFICIÊNCIA RESPIRATÓRIA','77-106','','0','1');

 INSERT INTO tabela_sepultamento VALUES('53','0053','20','17','0','01','LUIZ OSMAR BUSSINGER','','','MASCULINO','BRANCO','1937-12-12','2022-11-22','1º DISTRITO DE NOVA FRIBURGO','C-180','73','19904','FIBRILAÇÃO VENTRICULAR','17','','0','1');

 INSERT INTO tabela_sepultamento VALUES('54','0054','80','68','0','01','NEVALDINA PETROMILLA KLEIN DE MORAES','639.089.217-91','04.721.227-9','FEMININO','','1937-05-30','2021-12-20','5º DISTRITO DE NOVA FRIBURGO','C-00012','162','693','INDETERMINADA','68-120','','0','0');

 INSERT INTO tabela_sepultamento VALUES('55','0055','27','22','0','01','PAULO JORGE DE OLIVEIRA','','','MASCULINO','','0000-00-00','2018-01-08','1º DISTRITO DE SÃO GONÇALO','C-00001','90','90','SEPSE URINÁRIA','','','0','1');

 INSERT INTO tabela_sepultamento VALUES('56','0056','6','4','0','01','JOSÉ VALDIR CONSTANTINO','','','MASCULINO','BRANCO','0000-00-00','2018-01-24','1º DISTRITO DE NOVA FRIBURGO ','C-157','257','13146','NEOPLASIA MALIGNA BRONQUICA','','','0','1');

 INSERT INTO tabela_sepultamento VALUES('57','0057','38','32','0','01','ANTÔNIO ELOY MARCHON','','','MASCULINO','PARDA','0000-00-00','2018-03-13','1º DISTRITO DE NOVA FRIBURGO','C-158','121','13310','INDETERMINADA, INSUFICIENCIA CARDÍACA','','','0','1');

 INSERT INTO tabela_sepultamento VALUES('58','0058','14','11','0','01','MANOEL ANTÔNIO KNUPP','','','MASCULINO','BRANCO','0000-00-00','2018-04-13','1º DISTRITO DE NOVA FRIBURGO','C-158','241','13433','INSUFICIÊNCIA RESPIRATÓRIA','','','0','1');

 INSERT INTO tabela_sepultamento VALUES('59','0059','36','30','0','01','MANOEL TOLENTINO MAYER','','','MASCULINO','BRANCO','0000-00-00','2018-06-06','1º DISTRITO DE NOVA FRIBURGO','C-159','147','13640','PNEUMONIA, INSUFICIENCIA RESPIRATÓRIA','','','0','1');

 INSERT INTO tabela_sepultamento VALUES('60','0060','43','37','0','01','MARIA EUTHALIA DA SILVA','','','FEMININO','BRANCO','0000-00-00','2018-07-04','1º DISTRITO DE NOVA FRIBURGO','C-159','253','13746','INSUFICIÊNCIA RESPIRATÓRIA AGUGA','','','0','1');

 INSERT INTO tabela_sepultamento VALUES('61','0061','56','49','0','01','CLAUDIO RIMES','074.744.277-02','11.439.260-8','MASCULINO','','0000-00-00','2018-11-10','1º DISTRITO DE BOM JARDIM RJ','C-00015','169','6198','PARADA CARDIO RESPIRATÓRIA','','','0','1');

 INSERT INTO tabela_sepultamento VALUES('62','0062','72','61','0','01','EURIDES DA SILVA','519.335.867-53','11.117.842-2','MASCULINO','','0000-00-00','2018-11-12','CARTÓRIO ÚNICO DE CANTAGALO','C-00031','215','5361','PNEUMONIA','61-121','','0','1');

 INSERT INTO tabela_sepultamento VALUES('63','0063','58','50','0','01','ANTÔNIO HERDY','','','MASCULINO','BRANCO','0000-00-00','2018-12-11','1º DISTRITO DE NOVA FRIBURGO','C-161','213','14308','INSUFICIÊNCIA RESPIRATÓRIA','50','','0','1');

 INSERT INTO tabela_sepultamento VALUES('64','0064','96','84','0','01','RAFAEL DOS SANTOS MARQUES','','','MASCULINO','BRANCO','0000-00-00','2018-12-26','1º DISTRITO DE NOVA FRIBURGO','C-161','258','14353','RUPTURA DE ANEURISMA CEREBRAL','84','','0','1');

 INSERT INTO tabela_sepultamento VALUES('65','0065','98','86','0','01','LEDIR CARMELINDA DIAS SCHUENCKEL','968.420.327-68','22.299.911-2','FEMININO','','0000-00-00','2017-04-15','6º DISTRITO DE NOVA FRIBURGO','C-00027','255','7563','PNEUMONIA','86','','0','1');

 INSERT INTO tabela_sepultamento VALUES('66','0066','93','81','0','01','CYBELLI PETRINI DE OLIVEIRA','','','FEMININO','BRANCO','0000-00-00','2017-04-16','1º DISTRITO DE NOVA FRIBURGO','C-154','33','12016','SEPSE PULMONAR','81','','0','1');

 INSERT INTO tabela_sepultamento VALUES('67','0067','79','67','0','01','JOSEBRAL BERNARDO DA SILVEIRA','','','MASCULINO','BRANCO','0000-00-00','2017-04-19','1º DISTRITO DE NOVA FRIBURGO','C-154','47','12030','CHOQUE SÉPTICO','67','','0','1');

 INSERT INTO tabela_sepultamento VALUES('68','0068','72','61','0','01','ANALÚ TEIXEIRA DOS SANTOS','','','FEMININO','BRANCO','0000-00-00','2017-05-24','2º DISTRITO DE DUQUE DE CAXIAS','C-13','84','3684','CHOQUE CARDIOGENIO','61-82','','0','1');

 INSERT INTO tabela_sepultamento VALUES('69','0069','99','87','0','01','ANTONIO NILSON DOS SANTOS','','','MASCULINO','PARDA','0000-00-00','2017-05-28','1º DISTRITO DE NOVA FRIBURGO','C-154','211','12195','CIRROSEHEPÁTICA, ALCOOLISMO','87','','0','1');

 INSERT INTO tabela_sepultamento VALUES('70','0070','40','34','0','01','URSOLINA DOS SANTOS','','','FEMININO','BRANCO','0000-00-00','2017-05-28','1º DISTRITO DE NOVA FRIBURGO','C-154','213','12197','FALENCIA ORGANICA MULTIPLA','34','','0','1');

 INSERT INTO tabela_sepultamento VALUES('71','0071','53','47','0','01','ROBSON OUVERNEY RAMOS','','','MASCULINO','BRANCO','0000-00-00','2017-07-24','1º DISTRITO DE NOVA FRIBURGO','C-155','176','12462','HEMORRAGIA DAS MENINGES','47','','0','1');

 INSERT INTO tabela_sepultamento VALUES('72','0072','64','54','0','01','HEITOR DA SILVA MIRANDA','','','MASCULINO','BRANCO','0000-00-00','2017-09-29','1º DISTRITO DE NOVA FRIBURGO','C-156','154','12742','DOENÇA DA MEMBRANA HIALINA','54','','0','1');

 INSERT INTO tabela_sepultamento VALUES('73','0073','16','13','0','01','AUGUSTO MANOEL FRACACIO','','','MASCULINO','BRANCO','0000-00-00','2017-10-28','1º DISTRITO DE NOVA FRIBURGO','C-156','267','12855','INSUFICIENCIA RESPIRATORIA AGUDA','13','','0','1');

 INSERT INTO tabela_sepultamento VALUES('74','0074','19','16','0','01','VANDA CABRAL','','','FEMININO','BRANCO','0000-00-00','2017-12-30','1º DISTRITO DE NOVA FRIBURGO','C-157','177','13065','INDETERMINADA','16','','0','1');

 INSERT INTO tabela_sepultamento VALUES('75','0075','15','12','0','01','ANTONIO RODRIGUES MACARIO','','','MASCULINO','BRANCO','0000-00-00','2017-12-31','1º DISTRITO DE NOVA FRIBURGO','C-157','183','13071','INDETERMINADA','12','','0','1');

 INSERT INTO tabela_sepultamento VALUES('76','0076','110','96','0','01','JONATHAS LORENÇO GAMA','','','MASCULINO','BRANCO','0000-00-00','2016-03-26','1º DISTRITO DE NOVA FRIBURGO','C-148','264','10438','PNEUMONIA E ADSCESSO PULMONAR','96','','0','1');

 INSERT INTO tabela_sepultamento VALUES('77','0077','69','58','0','01','MARIA AUGUSTA DA CONCEIÇÃO','','','FEMININO','BRANCO','0000-00-00','2016-04-15','1º DISTRITO DE NOVA FRIBURGO','C-149','40','10515','SEPSE, PNEUMONIA','58','','0','1');

 INSERT INTO tabela_sepultamento VALUES('78','0078','1','2','0','01','LAUDELINA SILVA MARRETA','','','FEMININO','BRANCO','0000-00-00','2016-05-24','1º DISTRITO DE NOVA FRIBURGO','C-149','199','10675','CHOQUE SÉPTICO','2','','0','1');

 INSERT INTO tabela_sepultamento VALUES('79','0079','9','6','0','01','ALBERTO MARTINS DA SILVA','998.932.237-68','11.117.544-4','MASCULINO','','0000-00-00','2016-05-28','6º DISTRITO DE NOVA FRIBURGO','C-00027','153','7461','PARADA CARDIO RESPIRATORIA','','','0','1');

 INSERT INTO tabela_sepultamento VALUES('80','0080','66','56','0','01','ROZANA DE OLIVEIRA SANTOS','','','FEMININO','PARDA','0000-00-00','2016-07-13','1º DISTRITO DE NOVA FRIBURGO','C-150','112','10890','INSUFICIENCIA HEPATICA','','','0','1');

 INSERT INTO tabela_sepultamento VALUES('81','0081','51','45','0','01','PEDRO PAULO THER','','','MASCULINO','','0000-00-00','2016-07-28','5º DISTRITO DE NOVA FRIBURGO','C-00011','162','493','INFARTO DO MIOCARDIO','','','0','1');

 INSERT INTO tabela_sepultamento VALUES('82','0082','21','17','0','01','ORTELINA BERNARDA DA SILVEIRA','015.747.127-64','08.976.437-7','FEMININO','','0000-00-00','2016-07-29','1º DISTRITO DE BOM JARDIM','C-00014','2','5731','PARADA CARDIO RESPIRATORIA','','','0','1');

 INSERT INTO tabela_sepultamento VALUES('83','0083','75','64','0','01','CLAUDIO PEREIRA DOS SANTOS','','','MASCULINO','BRANCO','0000-00-00','2016-08-16','1º DISTRITO DE NOVA FRIBURGO','C-150','282','11061','HEMORRAGIA DAS MENINGES','','','0','1');

 INSERT INTO tabela_sepultamento VALUES('84','0084','56','49','0','01','LAILTON IBRAIM','','','MASCULINO','','0000-00-00','2016-10-03','','','','','TRAUMATISMO CRANIO ENCEFALICO','','','0','1');

 INSERT INTO tabela_sepultamento VALUES('85','0085','49','43','0','01','EDIMAR RODRIGUES MENDONÇA','','07.401.521-5','MASCULINO','PARDA','0000-00-00','2016-09-07','1º DISTRITO DE NOVA FRIBURGO','C-152','23','11404','SEPSE PULMONAR','','','0','1');

 INSERT INTO tabela_sepultamento VALUES('86','0086','69','58','0','01','LEONARDO MIRA DE CASTRO','','24.554.984-5','MASCULINO','BRANCO','0000-00-00','2015-01-06','1º DISTRITO DE NOVA FRIBURGO','C-142','284','8624','TRAUMATISMO CRANIO ENCEFALICO','','','0','1');

 INSERT INTO tabela_sepultamento VALUES('87','0087','22','17','0','01','MANOEL SERGIO BUSSINGER','','06.876.080-0','MASCULINO','BRANCO','0000-00-00','2015-01-13','1º DISTRITO DE NOVA FRIBURGO','C-143','4','8644','INFARTO AGUDO DO MIOCARDIO','','','0','1');

 INSERT INTO tabela_sepultamento VALUES('88','0088','24','20','0','01','JOSE PAULO DA SILVA JUNIOR','','21.689.090-5','MASCULINO','BRANCO','0000-00-00','2015-01-25','1º DISTRITO DE NOVA FRIBURGO','C-143','51','8691','ELETROPLESSÃO','','','0','1');

 INSERT INTO tabela_sepultamento VALUES('89','0089','90','78','0','01','PRADO QUELI HERINGER','','06.490.926-0','MASCULINO','BRANCO','0000-00-00','2015-02-22','1º DISTRITO DE NOVA FRIBURGO','C-143','157','8800','ROTURA DE ANEURISMA DA PORÇÃO TORÁCICA DA AORTA','','TRANSLADADO PARA A SEPULTURA C.3','0','1');

 INSERT INTO tabela_sepultamento VALUES('90','0090','5','4','0','01','JOSE EVANIR CONSTANTINO','','81.246.356-0','MASCULINO','BRANCO','0000-00-00','2015-03-05','1º DISTRITO DE NOVA FRIBURGO','C-143','203','8846','SEPSE PULMONAR REFRATÁRIA','','','0','1');

 INSERT INTO tabela_sepultamento VALUES('91','0091','11','8','0','01','ALEXANDRE RIMES WENDERROSCKY','','21.076.532-7','MASCULINO','BRANCO','0000-00-00','2015-04-21','1º DISTRITO DE NOVA FRIBURGO','C-144','82','9031','HEMORRAGIA DAS MENINGES','','','0','1');

 INSERT INTO tabela_sepultamento VALUES('92','0092','46','40','0','01','MARIA CONCEIÇÃO TOBIAS GAMA','','12.329.601-4','FEMININO','BRANCO','0000-00-00','2015-07-12','1º DISTRITO DE NOVA FRIBURGO','C-145','118','9373','INDETERMINADA','','','0','1');

 INSERT INTO tabela_sepultamento VALUES('93','0093','56','49','0','01','MARIA IRENE PINHO DOS SANTOS','','13.025.753-8','FEMININO','BRANCO','0000-00-00','2015-07-23','1º DISTRITO DE NOVA FRIBURGO','C-145','178','9433','ANEMIA AGUDA ','','','0','1');

 INSERT INTO tabela_sepultamento VALUES('94','0094','103','91','0','01','ARY NELSON DOS SANTOS','968.287.227-87','','MASCULINO','','0000-00-00','2015-11-03','CARTORIO UNICO DE CANTAGALO','C-00029','203','4750','INDETERMINADA','','','0','1');

 INSERT INTO tabela_sepultamento VALUES('95','0095','58','50','0','01','MARIA NATHALINA HERDY ','','08.262.044-4','FEMININO','BRANCO','0000-00-00','2015-11-14','1º DISTRITO DE NOVA FRIBURGO','C-147','30','9898','SEPSE, ULCERA VARICOSA CRONICA','','','0','1');

 INSERT INTO tabela_sepultamento VALUES('96','0096','13','10','0','01','JOAO FRANCISCO MAYER','','80.421.218-1','MASCULINO','BRANCO','0000-00-00','2015-12-27','1º DISTRITO DE NOVA FRIBURGO','C-147','227','10097','INDETERMINADA','','','0','1');

 INSERT INTO tabela_sepultamento VALUES('97','0097','30','24','0','01','MARIA ADALGIZA MEYER','','05.719.345-0','FEMININO','BRANCO','0000-00-00','2014-03-03','1º DISTRITO DE NOVA FRIBURGO','C-138','224','7336','CANCER DE ENDOMETRIO','','','0','1');

 INSERT INTO tabela_sepultamento VALUES('98','0098','66','56','0','01','ANABELA DE OLIVEIRA','','08.780.863-0','FEMININO','BRANCO','0000-00-00','2014-03-10','1º DISTRITO DE NOVA FRIBURGO','C-138','256','7368','TROMBOEMBOLISMO PULMONAR','','','0','1');

 INSERT INTO tabela_sepultamento VALUES('99','0099','60','50','0','01','AGRINALDO DE OLIVEIRA RAMOS','','06.665.183-7','MASCULINO','BRANCO','0000-00-00','2014-06-27','1º DISTRITO DE NOVA FRIBURGO','C-140','65','7790','HIPERTENSAO ARTERIAL SISTEMICA','','','0','1');

 INSERT INTO tabela_sepultamento VALUES('100','0100','72','61','0','01','LUIZ CARLOS SANTOS','','08.262.730-8','MASCULINO','BRANCO','0000-00-00','2014-07-19','1º DISTRITO DE NOVA FRIBURGO','C-140','162','7887','PNEUMONIA BRONCOASPIRAÇÃO','','','0','1');

 INSERT INTO tabela_sepultamento VALUES('101','0101','104','92','0','01','REGINA LUCIA SOUZA FERREIRA','','06.898.313-1','FEMININO','','0000-00-00','2014-09-16','13º REGISTRO CIVIL DE CAMPO GRANDE-RJ','C-00026','121','7621','INSUFICIENCIA RESPIRATORIA','','','0','1');

 INSERT INTO tabela_sepultamento VALUES('102','0102','73','62','0','01','JOSE VANDERLEI DOS SANTOS','','23.082.536-6','MASCULINO','BRANCO','0000-00-00','2014-10-02','1º DISTRITO DE NOVA FRIBURGO','C-141','208','8237','INSUFICIENCIA RESPIRATORIA','','','0','1');

 INSERT INTO tabela_sepultamento VALUES('103','0103','27','22','0','01','WAGNER DE CASTRO BRANCO','760.064.257-34','06.490.477-4','MASCULINO','BRANCO','0000-00-00','2014-10-07','3º REGISTRO CIVIL DE PESSOAS NATURAIS DA CAPITAL -','C-319','207','87997','NEOPLASIA MALIGNA DO PANCREAS','','','0','1');

 INSERT INTO tabela_sepultamento VALUES('104','0104','44','38','0','01','SEDIR CABRAL','','05.406.627-9','MASCULINO','BRANCO','0000-00-00','2014-11-22','1º DISTRITO DE NOVA FRIBURGO','C-142','119','8455','SINDROME NEOPLASICA','','','0','1');

 INSERT INTO tabela_sepultamento VALUES('105','0105','11','8','0','01','MARIA IRACEMA WANDEROSFKY','','08.151.711-2','FEMININO','BRANCO','0000-00-00','2013-02-22','1º DISTRITO DE NOVA FRIBURGO','C-134','7','11137','INSUFICIENCIA RESPIRATORIA AGUDA','','','0','1');

 INSERT INTO tabela_sepultamento VALUES('106','0106','13','10','0','01','JOAO ADEMIR MAYER','','04.682.863-8','MASCULINO','BRANCO','0000-00-00','2013-04-02','1º DISTRITO DE NOVA FRIBURGO','C-134','162','6052','DISTURBIO DE FUNÇÃO HEPÁTICA','','','0','1');

 INSERT INTO tabela_sepultamento VALUES('107','0107','102','90','0','01','MARIA DA CONCEIÇÃO DOS SANTOS REGLY','','585.443-4','FEMININO','BRANCO','0000-00-00','2013-04-20','1º DISTRITO DE NOVA FRIBURGO','6134','243','6134','FALENCIA RESPIRATORIA','','','0','1');

 INSERT INTO tabela_sepultamento VALUES('108','0108','72','61','0','01','LUIZ PEREIRA DOS SANTOS','','12.484.228-7','MASCULINO','BRANCO','0000-00-00','2013-04-29','1º DISTRITO DE NOVA FRIBURGO','C-134','272','6164','HEMORRAGIA DIGESTIVA ALTA','','','0','1');

 INSERT INTO tabela_sepultamento VALUES('109','0109','100','88','0','01','MANOEL PEDRO WENDEROSCH','','11.260.125-7','MASCULINO','BRANCO','0000-00-00','2013-05-09','1º DISTRITO DE NOVA FRIBURGO','C-135','37','6230','CHOQUE SÉPTICO','','','0','1');

 INSERT INTO tabela_sepultamento VALUES('110','0110','81','69','0','01','ORACY BUSSINGER QUENUP','','04.199.232-2','FEMININO','BRANCO','0000-00-00','2013-06-04','1º DISTRITO DE NOVA FRIBURGO','C-135','158','6353','INSUFICIENCIA RESPIRATORIA','','','0','1');

 INSERT INTO tabela_sepultamento VALUES('111','0111','106','94','0','01','JESSE FELIX TEIXEIRA','','21.180.483-6','MASCULINO','PARDA','0000-00-00','2013-06-27','1º DISTRITO DE NOVA FRIBURGO','C-135','260','6455','CHOQUE HOMONOFICO CAUSADO POR PAF','','','0','1');

 INSERT INTO tabela_sepultamento VALUES('112','0112','105','93','0','01','JOAO NEVES DOS SANTOS','','29.460.939-0','MASCULINO','BRANCO','0000-00-00','2013-10-14','1º DISTRITO DE NOVA FRIBURGO','C-137','','','INFARTO DO MIOCARDIO','','','0','1');

 INSERT INTO tabela_sepultamento VALUES('113','0113','75','64','0','01','JANDIRA GONÇALVES DOS SANTOS','','1.000.049-5','FEMININO','BRANCO','0000-00-00','2012-03-14','1º DISTRITO DE NOVA FRIBURGO','C-129','166','4527','INSUFICIENCIA RESPIRATORIA','','','0','1');

 INSERT INTO tabela_sepultamento VALUES('114','0114','13','10','0','01','DEJANIRA DE FATIMA CARLOS','','10.861.916-4','FEMININO','BRANCO','0000-00-00','2012-03-26','1º DISTRITO DE NOVA FRIBURGO','C-129','220','4581','TRAUMATISMO DO CRANIO E TORAX COM HEMORRAGIA','','','0','1');

 INSERT INTO tabela_sepultamento VALUES('115','0115','68','57','0','01','PEDRO PEREIRA DOS SANTOS','','04.850.737-0','MASCULINO','BRANCO','0000-00-00','2012-04-29','1º DISTRITO DE NOVA FRIBURGO','C-130','27','33241','ANEURISMA DA AORTA ABDOMINAL','','','0','1');

 INSERT INTO tabela_sepultamento VALUES('116','0116','83','71','0','01','JOSE ARTHULINO KAIN','','85.507-5','MASCULINO','BRANCO','0000-00-00','2012-05-06','1º DISTRITO DE NOVA FRIBURGO','C-130','53','4717','INDETERMINADA','','','0','1');

 INSERT INTO tabela_sepultamento VALUES('117','0117','80','68','0','01','LEVI DE MORAES','','05.400.890-9','MASCULINO','BRANCO','0000-00-00','2012-09-16','1º DISTRITO DE NOVA FRIBURGO','C-131','280','5252','FALENCIA DE MULTIPLOS ORGÃOS','','','0','1');

 INSERT INTO tabela_sepultamento VALUES('118','0118','69','58','0','01','NILTO BUSSINGER','','511.428-8','MASCULINO','BRANCO','0000-00-00','2012-09-23','1º DISTRITO DE NOVA FRIBURGO','C-132','6','5278','SEPSE PULMONAR','','','0','1');

 INSERT INTO tabela_sepultamento VALUES('119','0119','83','71','0','01','MARIA GLORIA DA SILVA','','11.535.314-6','FEMININO','PARDA','0000-00-00','2011-01-25','1º DISTRITO DE NOVA FRIBURGO','C-124','38','2876','INFARTO AGUDO DO MIOCARDIO','','','0','1');

 INSERT INTO tabela_sepultamento VALUES('120','0120','64','54','0','01','MARIA NAZARETH MIRANDA GRIPP','','','FEMININO','BRANCO','0000-00-00','2011-01-13','1º DISTRITO DE NOVA FRIBURGO','C-124','26','31440','ASFIXIA MECANICA, SOTERRAMENTO','','','0','1');

 INSERT INTO tabela_sepultamento VALUES('121','0121','64','54','0','02','JOSÉ CLAUDIO GRIPP','','','MASCULINO','BRANCO','0000-00-00','2011-01-13','1º DISTRITO DE NOVA FRIBURGO','C-124','27','31441','ASFIXIA MECANICA, SOTERRAMENTO','','','0','1');

 INSERT INTO tabela_sepultamento VALUES('122','0122','64','54','0','03','FELIPE MIRANDA GRIPP','','','MASCULINO','BRANCO','0000-00-00','2011-01-13','1º DISTRITO DE NOVA FRIBURGO','C-124','25','31439','ASFIXIA MECANICA, SOTERRAMENTO','','','0','1');

 INSERT INTO tabela_sepultamento VALUES('123','0123','116','102','0','01','WALDETAR MIZERETH','','02.036.107-2','MASCULINO','BRANCO','0000-00-00','2011-04-04','1º DISTRITO DE NOVA FRIBURGO','C-125','97','3240','ENFISEMA PULMONAR','','','0','1');

 INSERT INTO tabela_sepultamento VALUES('124','0124','81','69','0','01','LUIZ GONZAGA QUENUPP','','','MASCULINO','BRANCO','0000-00-00','2011-05-02','1º DISTRITO DE NOVA FRIBURGO','C-125','177','3320','SEPTICEMIA, INFECÇÃO URINÁRIA','','','0','1');

 INSERT INTO tabela_sepultamento VALUES('125','0125','9','6','0','01','SEBASTIANA GONÇALVES DA ROZA SANA','010.281.107-58','08.034.614-1','FEMININO','','0000-00-00','2011-06-06','6º DISTRITO DE NOVA FRIBURGO','C-00026','35','7043','INSUFICIENCIA RESPIRATORIA AGUDA','','','0','1');

 INSERT INTO tabela_sepultamento VALUES('126','0126','2','1','0','01','MANOEL MOACYR MAYER','','05.406.558-6','MASCULINO','BRANCO','0000-00-00','2011-07-29','1º DISTRITO DE NOVA FRIBURGO','C-126','259','3708','CHOQUE CARDIOGENIO','','','0','1');

 INSERT INTO tabela_sepultamento VALUES('127','0127','15','12','0','01','IVO EDILHO BRUST','','04.328.303-5','MASCULINO','BRANCO','0000-00-00','2011-09-13','1º DISTRITO DE NOVA FRIBURGO','C-127','134','3885','CHOQUE SÉPTICO','','','0','1');

 INSERT INTO tabela_sepultamento VALUES('128','0128','50','44','0','01','MANOEL OUVERNEY','','123.662-7','MASCULINO','BRANCO','0000-00-00','2011-11-15','1º DISTRITO DE NOVA FRIBURGO','C-128','59','4111','AFOGAMENTO, ETILISMO','','','0','1');

 INSERT INTO tabela_sepultamento VALUES('129','0129','81','69','0','01','JOSE ELISEU QUENUP','','135.374-8','MASCULINO','','0000-00-00','2011-12-18','1º DISTRITO DE TERESÓPOLIS RJ','C-00086','218','40944','DISFUNÇÃO ORGÂNICA MULTIPLA','','','0','1');

 INSERT INTO tabela_sepultamento VALUES('130','0130','53','47','0','01','ODIR DE OLIVEIRA RAMOS','','','MASCULINO','BRANCO','0000-00-00','2010-01-18','1º DISTRITO DE NOVA FRIBURGO','C-119','33','1350','INSUFICIENCIA RESPIRATORIA AGUDA','','','0','1');

 INSERT INTO tabela_sepultamento VALUES('131','0131','55','48','0','01','ALMIRO CARLOS GONÇALVES','','','MASCULINO','BRANCO','0000-00-00','2010-03-22','1º DISTRITO DE NOVA FRIBURGO','C-119','270','1587','INSUFICIENCIA RESPIRATORIA','','','0','1');

 INSERT INTO tabela_sepultamento VALUES('132','0132','10','7','0','01','NELSON MANOEL MINEIRO','','01.154.098-5','MASCULINO','BRANCO','0000-00-00','2010-03-31','1º DISTRITO DE NOVA FRIBURGO','C-141','156','4550','PARADA CARDIO RESPIRATORIA','','','0','1');

 INSERT INTO tabela_sepultamento VALUES('133','0133','56','49','0','01','MOACIR RIMES','','04.682.857-0','MASCULINO','BRANCO','0000-00-00','2010-04-19','1º DISTRITO DE NOVA FRIBURGO','C-120','53','1672','INDETERMINADA','','','0','1');

 INSERT INTO tabela_sepultamento VALUES('134','0134','20','17','0','01','ALBERTINA CABRAL BUSSINGER','','06.406.634-3','FEMININO','BRANCO','0000-00-00','2010-04-28','1º DISTRITO DE NOVA FRIBURGO','C-120','96','1715','INSUFICIENCIA RESPIRATORIA','','','0','1');

 INSERT INTO tabela_sepultamento VALUES('135','0135','70','59','0','01','MARIA CARMEM GONÇALVES PINTO','','122.840-8','FEMININO','BRANCO','0000-00-00','2010-07-01','1º DISTRITO DE NOVA FRIBURGO','C-121','39','1964','INSUFICIENCIA DE MULTIPLOS ORGÃOS','','','0','1');

 INSERT INTO tabela_sepultamento VALUES('136','0136','53','47','0','01','SERGIO DOS SANTOS RAMOS','','06.575.550-6','MASCULINO','BRANCO','0000-00-00','2010-09-06','CARTORIO DISTRITAL DO CAJURU  CURITIBA ','','','','CHOQUE HIPOVILÊMICO','','','0','1');

 INSERT INTO tabela_sepultamento VALUES('137','0137','30','24','0','01','ANTONIA LAURIDES','','','FEMININO','BRANCO','0000-00-00','2010-10-02','1º DISTRITO DE NOVA FRIBURGO','C-123','24','2560','PNEUMONIA, NOSOCOMIAL','','','0','1');

 INSERT INTO tabela_sepultamento VALUES('138','0138','43','37','0','01','ANTONIO MARCOS DA SILVA','036.769.777-77','10.123.674-3','MASCULINO','','0000-00-00','2009-02-17','1º DISTRITO DE NOVA FRIBURGO','C-114','278','28692','INSUFICIENCIA RESPIRATORIA','','','0','1');

 INSERT INTO tabela_sepultamento VALUES('139','0139','51','45','0','01','WALDEMAR FRANCISCO THER','998.861.207-97','3.410-9','MASCULINO','','0000-00-00','2009-04-24','1º DISTRITO DE NOVA FRIBURGO','C-115','217','28931','INFARTO AGUDO DO MIOCARDIO','','','0','1');

 INSERT INTO tabela_sepultamento VALUES('140','0140','15','12','0','01','JOSE HONORIO MACARIO','880.094.247-49','06.490.267-9','MASCULINO','','0000-00-00','2009-05-11','1º DISTRITO DE NOVA FRIBURGO','C-115','279','28993','ENCEFALOPATIA HEPATICA','','','0','1');

 INSERT INTO tabela_sepultamento VALUES('141','0141','16','13','0','01','CLAUDIO MANOEL FRACACIO','029.633.897-44','','MASCULINO','','0000-00-00','2009-07-07','1º DISTRITO DE NOVA FRIBURGO','C-116','217','29231','CHOQUE SEPTICO','','','0','1');

 INSERT INTO tabela_sepultamento VALUES('142','0142','46','40','0','01','ELPIDIO GONÇALVES GAMA FILHO','','12.661.530-1','MASCULINO','','0000-00-00','2009-08-03','1º DISTRITO DE NOVA FRIBURGO','C-117','11','29325','CAQUEIXA NEOPLASICA','','','0','1');

 INSERT INTO tabela_sepultamento VALUES('143','0143','16','13','0','02','MARIA DE LOURDES TARDIN KNUPP','','1.000.431-3','FEMININO','','0000-00-00','2009-09-30','1º DISTRITO DE NOVA FRIBURGO','C-117','224','29538','INSUFICIENCIA RESPIRATORIA AGUDA','','','0','1');

 INSERT INTO tabela_sepultamento VALUES('144','0144','76','65','0','01','GUILHERMINA TARDEM','','','FEMININO','','0000-00-00','2008-01-06','1º DISTRITO DE NOVA FRIBURGO','C-109','245','27159','INDETERMINADA','','','0','1');

 INSERT INTO tabela_sepultamento VALUES('145','0145','83','71','0','01','ARTHUR RONALDO KLEIN','','07.556.215-7','MASCULINO','','0000-00-00','2008-03-30','1º DISTRITO DE NOVA FRIBURGO','C-110','224','27438','INSUFICIENCIA RESPIRATORIA','','','0','1');

 INSERT INTO tabela_sepultamento VALUES('146','0146','24','20','0','02','JOSE PAULO DA SILVA','019.120.557-59','','MASCULINO','','0000-00-00','2008-06-06','1º DISTRITO DE NOVA FRIBURGO','C-111','205','27719','METASTASES CEREBRAIS','','','0','1');

 INSERT INTO tabela_sepultamento VALUES('147','0147','56','49','0','02','DINEA RIMES DA SILVA','','06.730.252-1','FEMININO','','0000-00-00','2007-03-12','1º DISTRITO DE NOVA FRIBURGO','C-105','262','25976','INFARTO DO MIOCARDIO','','','0','1');

 INSERT INTO tabela_sepultamento VALUES('148','0148','38','32','0','02','GUILHERME JOAO DE OLIVEIRA','494.120.867-68','','MASCULINO','','0000-00-00','2007-05-13','1º DISTRITO DE NOVA FRIBURGO','C-106','165','26179','ACIDENTE VASCULAR CEREBRAL','','','0','1');

 INSERT INTO tabela_sepultamento VALUES('149','0149','5','4','0','01','AUGUSTA RIMES','','90.004.831-5','FEMININO','','0000-00-00','2007-05-17','1º DISTRITO DE NOVA FRIBURGO','C-106','177','26191','FALENCIA MULTIPLA DOS ORGAOS','','','0','1');

 INSERT INTO tabela_sepultamento VALUES('150','0150','60','50','0','02','ATHAYDE HERDY','','04.682.682-2','MASCULINO','','0000-00-00','2007-05-27','1º DISTRITO DE NOVA FRIBURGO','C-106','217','26231','CANCER DE PROSTATA','','','0','1');

 INSERT INTO tabela_sepultamento VALUES('151','0151','94','82','0','01','ATHAYDE WENDROSKI','','','MASCULINO','','0000-00-00','2007-06-11','5º DISTRITO DE NOVA FRIBURGO','C-00011','40','371','INSUFICIENCIA RESPIRATORIA AGUDA','','','0','1');

 INSERT INTO tabela_sepultamento VALUES('152','0152','75','64','0','01','JULIA GAMA','115.471.307-50','04.199.606-7','FEMININO','','0000-00-00','2007-07-05','1º DISTRITO DE NOVA FRIBURGO','C-107','105','26419','INDETERMINADA','','','0','1');

 INSERT INTO tabela_sepultamento VALUES('153','0153','84','72','0','02','EDUARDO DE MENDONÇA  RAMOS','028.342.787-68','100.104-0','MASCULINO','','0000-00-00','2007-09-01','1º DISTRITO DE NOVA FRIBURGO','C-108','39','26653','TABAGISMO','','','0','1');

 INSERT INTO tabela_sepultamento VALUES('154','0154','87','75','0','01','MARIA ILDA SANCHES','','','FEMININO','','0000-00-00','2007-09-29','1º DISTRITO DE NOVA FRIBURGO','C-108','146','26760','DIABETES + ITU','','EXUMADA','0','1');

 INSERT INTO tabela_sepultamento VALUES('155','0155','50','44','0','02','WAGNER BARROSO BOHER','','','MASCULINO','','0000-00-00','2006-01-23','6º DISTRITO DE NOVA FRIBURGO','23-C','299','6479','ANEMIA AGUDA POR HEMORRAGIA EXTERNA','','','0','1');

 INSERT INTO tabela_sepultamento VALUES('156','0156','19','16','0','01','MANOEL CABRAL FILHO','','11.302.399-8','MASCULINO','','0000-00-00','2006-02-15','6º DISTRITO DE NOVA FRIBURGO','24-C','056','6536','PNEUMONIA','','','0','1');

 INSERT INTO tabela_sepultamento VALUES('157','0157','51','45','0','01','JOANA DE LOURDES BENTO DA SILVA','','05.997.395-2','FEMININO','','0000-00-00','2006-03-29','1º DISTRITO DE NOVA FRIBURGO','101-C','118','24632','FALENCIA RESPIRATORIA','','','0','1');

 INSERT INTO tabela_sepultamento VALUES('158','0158','29','24','0','01','WANDA CABRAL BRUST','','0.942.827-5','FEMININO','','0000-00-00','2006-06-04','1º DISTRITO DE NOVA FRIBURGO','102-C','86','24900','TUMOR PANCREAS','','','0','1');

 INSERT INTO tabela_sepultamento VALUES('159','0159','70','59','0','02','MANOEL PINTO','','','MASCULINO','','0000-00-00','2006-07-03','3º CIRCUNSCRIÇÃO RIO DE JANEIRO','C-00254','106','68397','NEOPLASIA  CEREBRAL','','','0','1');

 INSERT INTO tabela_sepultamento VALUES('160','0160','80','68','0','02','DARLI KLEIN DE MORAES','','05.719.821-0','MASCULINO','','0000-00-00','2006-08-05','1º DISTRITO DE NOVA FRIBURGO','103-C','60','25174','CANCER DE CABECA DE PANCREAS','','','0','1');

 INSERT INTO tabela_sepultamento VALUES('161','0161','95','83','0','01','SILVIO GUILLAND','','03.432.812-0','MASCULINO','','0000-00-00','2006-12-04','1º DISTRITO DE NOVA FRIBURGO','104-C','229','25643','INDETERMINADA','','','0','1');

 INSERT INTO tabela_sepultamento VALUES('162','0162','102','90','0','01','DILVA DOS SANTOS DA COSTA','','','FEMININO','','0000-00-00','2006-10-22','5º DISTRITO DE NOVA FRIBURGO','C-00011','20','351','INSUFICIENCIA RENAL','','','0','1');

 INSERT INTO tabela_sepultamento VALUES('163','0163','40','34','0','02','LEIR SILVA SANTOS','','84.941-4','MASCULINO','','0000-00-00','2006-12-18','1º DISTRITO DE NOVA FRIBURGO','104-C','270','25684','ANEMIA AGUDA','','','0','1');

 INSERT INTO tabela_sepultamento VALUES('164','0164','0','0','1','01','SEVERINA GAMA DOS SANTOS','010.263.887-08','11.284.095-4','FEMININO','','0000-00-00','2005-02-10','1º DISTRITO DE NOVA FRIBURGO','99-C','140','24054','DISSECÇÃO AGUDA DE AORTA ABDOMINAL','','','0','1');

 INSERT INTO tabela_sepultamento VALUES('165','0165','77','66','0','01','MANOEL JORGE GRIPP','','12.464.397-4','MASCULINO','','0000-00-00','2005-10-03','6º DISTRITO DE NOVA FRIBURGO','23-C','065','6245','INSUFICIÊNCIA RESPIRATÓRIA','','','0','1');

 INSERT INTO tabela_sepultamento VALUES('166','0166','52','46','0','01','MARIA DA CONCEÇÃO FREIMAN','517.715.517-04','1.000.079-4','FEMININO','','0000-00-00','2005-10-05','6º DISTRITO DE NOVA FRIBURGO','23-C','075','6255','INSUFICIÊNCIA RESPIRATÓRIA','','','0','1');

 INSERT INTO tabela_sepultamento VALUES('167','0167','33','27','0','01','FERMANDO PEREIRA DOS SANTOS','','06.876.183-2','MASCULINO','','0000-00-00','2005-11-16','6º DISTRITO DE NOVA FRIBURGO','23-C','174','6354','ACIDNTE VASCULAR ENCEFÁLICO HEMORRAGICO','','','0','1');

 INSERT INTO tabela_sepultamento VALUES('168','0168','0','0','1','','EURIDES DOS SANTOS','','08.034.439-3','FEMININO','','0000-00-00','2006-01-31','6º DISTRITO DE NOVA FRIBURGO','24-C','026','6506','SEPSIS BRONCOASPIRAÇÃO','','','0','1');

 INSERT INTO tabela_sepultamento VALUES('169','0169','0','0','1','','ANTONIO PEREIRA DOS SANTOS','','06.813.280-2','MASCULINO','','0000-00-00','2006-04-14','1º DISTRITO DE NOVA FRIBURGO','101-C','183','24697','FALÊNCIA RESPIRATÓRIA','','','0','1');

 INSERT INTO tabela_sepultamento VALUES('170','0170','0','0','1','','JORGE BATISTA KLEIN','','','MASCULINO','','0000-00-00','2006-08-01','8º CIRCUNSCRIÇÃO TIJUCA - RJ','C-00840','297','213258','MELANOMA MALIGNO DE PELE','','','0','1');

 INSERT INTO tabela_sepultamento VALUES('171','0171','0','0','1','','ALVERINA PEREIRA DOS SANTOS','','08.931.288-8','FEMININO','','0000-00-00','2006-08-29','1º DISTRITO DE NOVA FRIBURGO','103-C','152','25266','INSUFICIÊNCIA RESPIRATÓRIA','','','0','1');

 INSERT INTO tabela_sepultamento VALUES('172','0172','0','0','1','','MARCELO DA SILVA LEITE','','','MASCULINO','','0000-00-00','2007-10-15','1º DISTRITO DE NOVA FRIBURGO','108-C','218','26832','INFARTO DO MIOCARDIO','','','0','1');

 INSERT INTO tabela_sepultamento VALUES('173','0173','0','0','1','','MARIA JOSE LEOCADIO','','','FEMININO','','0000-00-00','2008-04-10','OFÍCIO ÚNICO DE RIO DAS OSTRAS','C-00003','137','1030','FALÊNCIA ORGÂNICA MULTIPLA','','','0','1');

 INSERT INTO tabela_sepultamento VALUES('174','0174','0','0','1','','OSORIO PEREIRA DOS SANTOS','','08.034.826-1','MASCULINO','','0000-00-00','2008-06-25','1º DISTRITO DE NOVA FRIBURGO','111-C','294','27808','SÚBITA, HIPERTENSÃO ARTERIAL','','','0','1');

 INSERT INTO tabela_sepultamento VALUES('175','0175','0','0','1','','MARIA DE LOURDES DOS SANTOS SILVA','','11.498.232-5','FEMININO','','0000-00-00','2009-03-10','1º DISTRITO DE NOVA FRIBURGO','115-C','67','28781','INSUFICIÊNCIA RESPIRATÓRIA','','','0','1');

 INSERT INTO tabela_sepultamento VALUES('176','0176','0','0','1','','CHRISTOPHER PATRICK SIMS','','','MASCULINO','BRANCO','0000-00-00','2010-01-08','1º DISTRITO DE NOVA FRIBURGO','118-C','291','29905','CHOQUE CARDIOGENICO','','','0','1');

 INSERT INTO tabela_sepultamento VALUES('177','0177','0','0','1','','UWE PETER KOHNEN','','','MASCULINO','BRANCO','0000-00-00','2010-07-04','1º DISTRITO DE NOVA FRIBURGO','C-121','45','30559','CHOQUE SÉPTICO','','','0','1');

 INSERT INTO tabela_sepultamento VALUES('178','0178','0','0','1','','GELSON MASCIMENTO DE AZEVEDO','','','MASCULINO','BRANCO','0000-00-00','2010-09-27','1º DISTRITO DE NOVA FRIBURGO','C-122','67','30881','INDETERMINADA','','','0','1');

 INSERT INTO tabela_sepultamento VALUES('179','0179','0','0','1','','MANOEL JAIR DOS SANTOS','','','MASCULINO','PRETO','0000-00-00','2010-10-21','1º DISTRITO DE NOVA FRIBURGO','C-122','179','30993','INSUFICIÊNCIA RESPIRATÓRIA AGUDA','','','0','1');

 INSERT INTO tabela_sepultamento VALUES('180','0180','0','0','1','','MARIA SIRLETE QUENUPP DA SILVA','','','FEMININO','BRANCO','0000-00-00','0000-00-00','1º DISTRITO DE NOVA FRIBURGO','C-128','41','32655','ADENOCARCINOMA OANCREÁTICO','','','0','1');

 INSERT INTO tabela_sepultamento VALUES('181','0181','0','0','1','','LUIZ CLAUDIO DE AZEVEDO RODRIGUES','','','MASCULINO','','0000-00-00','2012-07-16','','C-00297','24','81214','ACIDENTE VASCULAR ENCEFÁLICO HEMORRAGICO','','','0','1');

 INSERT INTO tabela_sepultamento VALUES('182','0182','0','0','1','','ALBINO GONÇALVES GAMA','','','MASCULINO','','0000-00-00','2012-12-05','3º DISTRITO DE NOVA FRIBURGO','C-00001','109','625','LESÃO CEREBRAL','','','0','1');

 INSERT INTO tabela_sepultamento VALUES('183','0183','0','0','1','','MIRACELVA VERLI MILER','','','FEMININO','BRANCO','0000-00-00','2012-12-06','1º DISTRITO DE NOVA FRIBURGO','C-132','270','34084','ANEMIA AGUDA HEMORRÁGICA EXTERNA','','','0','1');

 INSERT INTO tabela_sepultamento VALUES('184','0184','0','0','1','','MARIO VERLY SANTOS','','','MASCULINO','BRANCO','0000-00-00','2014-05-05','1º DISTRITO DE NOVA FRIBURGO','C-139','168','36082','SINDROME CONSUPTIVA','','','0','1');

 INSERT INTO tabela_sepultamento VALUES('185','0185','0','0','1','','CARMELITA DOS SANTOS BARBOSA','','','FEMININO','PARDA','0000-00-00','2014-07-11','1º DISTRITO DE NOVA FRIBURGO','C-139','300','36214','CHOQUE SÉPTICO','','','0','1');

 INSERT INTO tabela_sepultamento VALUES('186','0186','0','0','1','','LUIZA GOMES QUINTA','','','FEMININO','BRANCO','0000-00-00','2013-05-09','1º DISTRITO DE NOVA FRIBURGO','C-135','36','34750','INFARTO AGUDO DO MIOCARDIO','','','0','1');

 INSERT INTO tabela_sepultamento VALUES('187','0187','66','56','0','01','BRAULINO PEREIRA DOS SANTOS','','89.552-2','MASCULINO','','0000-00-00','2005-11-25','6º DISTRITO DE NOVA FRIBURGO','23-C','195','6375','INDETERMINADA','','','0','1');

 INSERT INTO tabela_sepultamento VALUES('188','0188','0','0','1','','VALDIR MARTINS','','13.417.353-3','MASCULINO','','0000-00-00','2004-03-07','1º DISTRITO DE NOVA FRIBURGO','97-C','205','23519','CHOQUE SÉPTICO','','','0','1');

 INSERT INTO tabela_sepultamento VALUES('189','0189','0','0','1','','MARGARETE KOHNEN','','','FEMININO','','0000-00-00','2004-04-21','CARTÓRIO DE LUMIAR- NOVA FRIBURGO-RJ','10','188','323','INSUFICIÊNCIA RESPIRATÓRIA','','','0','1');

 INSERT INTO tabela_sepultamento VALUES('190','0190','15','12','0','01','ASSIS CABRAL','','05.977.886-0','MASCULINO','','0000-00-00','2004-06-09','6º DISTRITO DE NOVA FRIBURGO','19-C','139','5119','INFARTO AGUDO DO MIOCARDIO','','','0','1');

 INSERT INTO tabela_sepultamento VALUES('191','0191','87','75','0','01','SALVADOR GODINHO DE OLIVEIRA','','05.519.056-5','MASCULINO','','0000-00-00','2004-07-18','6º DISTRITO DE NOVA FRIBURGO','19-C','247','5227','FERIMENTOS TRANSFIXANTES DO TÓRAX','','TRANSLADADO PARA O NICHO 12','0','1');

 INSERT INTO tabela_sepultamento VALUES('192','0192','0','0','1','','MANOEL DE JESUS SCHUENCKEL','029.633.517-71','','MASCULINO','','0000-00-00','2004-07-20','6º DISTRITO DE NOVA FRIBURGO','19-C','262','5242','A.V.C HEMORRÁGICO','','','0','1');

 INSERT INTO tabela_sepultamento VALUES('193','0193','15','12','0','01','IZOLINA TARDIN CABRAL','113.001.807-57','','FEMININO','','0000-00-00','2004-10-07','6º DISTRITO DE NOVA FRIBURGO','20-C','113','5393','INDETERMINADA','','','0','1');

 INSERT INTO tabela_sepultamento VALUES('194','0194','0','0','1','','NATALINO VALDEMAR KLEIN','','04.961.021-5','MASCULINO','','0000-00-00','2004-10-14','6º DISTRITO DE NOVA FRIBURGO','20-C','126','5406','INDETERMINADA','','TRANSLADADO PARA A SEPULTURA B.6','0','1');

 INSERT INTO tabela_sepultamento VALUES('195','0195','89','77','1','','TIMÓTEO MOURA','','','MASCULINO','','0000-00-00','2004-11-16','6º DISTRITO DE NOVA FRIBURGO','20-C','194','5474','INSUFICIÊNCIA CARDÍACA','','EXUMADO. SEP.K.7','0','1');

 INSERT INTO tabela_sepultamento VALUES('196','0196','9','6','0','01','LINDOMAR SANA DA SILVA','','','MASCULINO','','0000-00-00','2003-05-05','1º DISTRITO DE ITABORAI - RJ','C-0049','44','36260','TRAUMATISMO CRÂNIO, HERORRAGIA CEREBRAL','','','0','1');

 INSERT INTO tabela_sepultamento VALUES('197','0197','0','0','1','','PEDRO JUAREZ DE OLIVEIRA','','','MASCULINO','','0000-00-00','2003-05-20','6º DISTRITO DE NOVA FRIBURGO','16-C','085','4165','INSUFICIÊNCIA HEPÁTICA','','','0','1');

 INSERT INTO tabela_sepultamento VALUES('198','0198','0','0','1','','MARTHA DOS SANTOS','','04.328.493-4','FEMININO','','0000-00-00','2003-05-20','6º DISTRITO DE NOVA FRIBURGO','16-C','086','4166','INSUFICIÊNCIA RESPIRATÓRIA, SENILIDADE','','','0','1');

 INSERT INTO tabela_sepultamento VALUES('199','0199','16','13','0','01','SIRLENE PEREIRA DA SILVA QUENUPP','','10.184.471-0','FEMININO','','0000-00-00','2003-07-20','6º DISTRITO DE NOVA FRIBURGO','16-C','243','4323','INSUFICIÊNCIA CARDÍACA  CONGESTIVA','','','0','1');

 INSERT INTO tabela_sepultamento VALUES('200','0200','0','0','1','','TEREZA CLEM','019.117.117-41','','FEMININO','','0000-00-00','2003-08-15','6º DISTRITO DE NOVA FRIBURGO','17-C','026','4406','INSUFICIÊNCIA RESPIRATÓRIA, ASFIXIA POR CONSTRIÇÃO MECÂNICA','','EXUMADO PARA O NICHO 12','0','1');

 INSERT INTO tabela_sepultamento VALUES('201','0201','54','48','0','01','CARMELITA TARDIN BUSSINGER','043.880.807-05','','FEMININO','','0000-00-00','2003-09-26','6º DISTRITO DE NOVA FRIBURGO','17-C','129','4509','COLECITOIDE AGUDA','','','0','1');

 INSERT INTO tabela_sepultamento VALUES('202','0202','53','47','0','01','FLORENCIA RIMES RAMOS','','','FEMININO','','0000-00-00','2003-12-01','6º DISTRITO DE NOVA FRIBURGO','17-C','298','4678','SENILIDADE, INSUFICIÊNCIA CARDIOVASCULAR','','','0','1');

 INSERT INTO tabela_sepultamento VALUES('203','0203','0','0','1','','VALDIR MARTINS','','13.417.353-3','MASCULINO','','0000-00-00','2004-03-07','1º DISTRITO DE NOVA FRIBURGO','97-C','205','23519','CHOQUE SÉPTICO','','','0','0');

 INSERT INTO tabela_sepultamento VALUES('204','0204','72','61','0','01','ORIVAL DE OLIVEIRA','005.709.137-48','','MASCULINO','','0000-00-00','2002-02-21','6º DISTRITO DE NOVA FRIBURGO','12-C','234','3114','EMORRAGIA EXTERNA','','','0','1');

 INSERT INTO tabela_sepultamento VALUES('205','0205','110','96','0','01','ALCIDES FERNANDES NETO','','','MASCULINO','','0000-00-00','2002-03-05','12ª CIRCUNSCRIÇÃO FREGUESIA DE IRAJÁ E JACAREPAGUA','C-0329','179','59379','INSUFICIÊNCIA RESPIRATÓRIA','','','0','1');

 INSERT INTO tabela_sepultamento VALUES('206','0206','27','22','0','01','EMILIO ALONSO GARCIA','','57.891-3','MASCULINO','','0000-00-00','2002-03-13','6º DISTRITO DE NOVA FRIBURGO','12-C','274','3154','CÂNCER DE ESÔFAGO','','','0','1');

 INSERT INTO tabela_sepultamento VALUES('207','0207','27','22','0','02','ALIPIO ALCHIMEDES BRANCO','084.303.067-49','06.876.803-5','MASCULINO','','0000-00-00','2002-07-01','6º DISTRITO DE NOVA FRIBURGO','13-C','237','3417','FIBRILAÇÃO VENTRICULAR','','','0','1');

 INSERT INTO tabela_sepultamento VALUES('208','0208','35','29','0','01','ONEY LEOCADIO','818.737.787-91','06.406.536-0','MASCULINO','','0000-00-00','2002-08-27','6º DISTRITO DE NOVA FRIBURGO','14-C','088','5568','FALÊNCIA MULTIPLA DOS ÓRGÃOS','','','0','1');

 INSERT INTO tabela_sepultamento VALUES('209','0209','0','0','1','','NATIMORTO, FILHO DE LEANDRO BRUST FALCÃO','','','MASCULINO','','0000-00-00','2002-10-14','1º DISTRITO DE NOVA FRIBURGO','3-CA','130','936','ANÓXIA INTRA UTERINO','','','0','1');

 INSERT INTO tabela_sepultamento VALUES('210','0210','41','36','0','01','ZILDA DA CONCEIÇÃO BUSSINGER','843.120.417-68','','FEMININO','','0000-00-00','2001-04-03','6º DISTRITO DE NOVA FRIBURGO','10-C','019','2299','INDETERMINADA','','','0','1');

 INSERT INTO tabela_sepultamento VALUES('211','0211','74','63','0','01','MARILZA DA SILVEIRA HOLTZ','','','FEMININO','','0000-00-00','2001-06-12','6º DISTRITO DE NOVA FRIBURGO','10-C','195','2475','CHOQUE CARDIOGENICO','','','0','1');

 INSERT INTO tabela_sepultamento VALUES('212','0212','51','45','0','01','ANA BEATRIS DA SILVA THER','','','FEMININO','','0000-00-00','2001-06-13','6º DISTRITO DE NOVA FRIBURGO','10-C','201','2481','INSUFICIÊNCIA RESPIRATÓRIA','','','0','1');

 INSERT INTO tabela_sepultamento VALUES('213','0213','0','0','1','','ANITA FARIA DE MORAES DO COUTO','','','FEMININO','','0000-00-00','2001-07-09','6º DISTRITO DE NOVA FRIBURGO','10-C','267','2547','INDETERMINADA','','','0','1');

 INSERT INTO tabela_sepultamento VALUES('214','0214','0','0','1','','JOSÉ ALVINO DE OLIVEIRA','102.230.107-15','291.335-9','MASCULINO','','0000-00-00','2001-09-27','6º DISTRITO DE NOVA FRIBURGO','11-C','205','2785','FIBRILAÇÃO VENTRICULAR','','','0','1');

 INSERT INTO tabela_sepultamento VALUES('215','0215','95','83','0','01','EURIDES GUILLAND','','','MASCULINO','','0000-00-00','2001-12-19','6º DISTRITO DE NOVA FRIBURGO','12-C','102','2982','INFECÇÃO RESPIRATÓRIA','','','0','1');

 INSERT INTO tabela_sepultamento VALUES('216','0216','0','0','1','','HELIO RIBEIRO MOREIRA','','','MASCULINO','','0000-00-00','2001-12-17','CARTÓRIO DE REGISTRO CIVIL  UBATUBA - SP','C-30','55 V ','4471','AFOGAMENTO','','','0','1');

 INSERT INTO tabela_sepultamento VALUES('217','0217','49','43','0','01','MARIO DE MENDONÇA','','','MASCULINO','','0000-00-00','2000-02-02','6º DISTRITO DE NOVA FRIBURGO','3-C','123','1004','ACIDENTE VASCULAR CEREBRAL','','','0','1');

 INSERT INTO tabela_sepultamento VALUES('218','0218','12','9','0','01','SEDIONEL JOAQUIM DE MELLO','','112.039-1','MASCULINO','','0000-00-00','2000-05-10','6º DISTRITO DE NOVA FRIBURGO','5-C','021','1301','ENCEFALOPATIA HIPÓXICA','','','0','1');

 INSERT INTO tabela_sepultamento VALUES('219','0219','64','54','0','01','AUGUSTA LAURINDA','517.917.307-87','','FEMININO','','0000-00-00','2000-08-09','6º DISTRITO DE NOVA FRIBURGO','6-C','135','1615','INSUFICIÊNCIA RESPIRATÓRIA AGUDA','','','0','1');

 INSERT INTO tabela_sepultamento VALUES('220','0220','3','1','0','01','CECILIA PEREIRA DOS SANTOS GAMA','043.878.097-36','','FEMININO','','0000-00-00','2000-08-10','6º DISTRITO DE NOVA FRIBURGO','6-C','141','1621','FALÊNCIA MULTIPLA DOS ÓRGÃOS','','','0','1');

 INSERT INTO tabela_sepultamento VALUES('221','0221','0','0','1','','MANOEL VALTIM DA SILVA','','','MASCULINO','','0000-00-00','2000-11-21','6º DISTRITO DE NOVA FRIBURGO','8-C','050','1930','INFARTO DO MIOCARDIO','','','0','1');

 INSERT INTO tabela_sepultamento VALUES('222','0222','44','38','0','01','SERGIO CABRAL','','','MASCULINO','','0000-00-00','2000-11-29','6º DISTRITO DE NOVA FRIBURGO','8-C','085','1965','SEPTICEMIA','','','0','1');

 INSERT INTO tabela_sepultamento VALUES('223','0223','3','1','0','01','JOSE GAMA','','','MASCULINO','','0000-00-00','1999-02-26','6º DISTRITO DE NOVA FRIBURGO','2-C','53','294','GASTROENTERITE','','','0','1');

 INSERT INTO tabela_sepultamento VALUES('224','0224','24','20','0','01','ILDA RIZZETO DA SILVA','','','FEMININO','','0000-00-00','1999-03-03','6º DISTRITO DE NOVA FRIBURGO','2-C','58 V','315','EMBOLIA PULMONAR','','','0','1');

 INSERT INTO tabela_sepultamento VALUES('225','0225','20','17','0','01','DOMINGOS BUSSINGER','','','MASCULINO','','0000-00-00','1999-06-01','1º DISTRITO DE NOVA FRIBURGO','91-C','283','21797','INDETERMINADA','','','0','1');

 INSERT INTO tabela_sepultamento VALUES('226','0226','80','68','0','01','ALMERINO FARIA DE MORAES','','','MASCULINO','','0000-00-00','1999-07-20','6º DISTRITO DE NOVA FRIBURGO','2-C','88 V','435','INSUFICIÊNCIA RESPIRATÓRIA','','','0','1');

 INSERT INTO tabela_sepultamento VALUES('227','0227','30','24','0','01','DOLORES DE JESUS WERLY','','','FEMININO','','0000-00-00','1999-08-19','6º DISTRITO DE NOVA FRIBURGO','2-C','110','521','CANCER DE ESOFAGO','','','0','1');

 INSERT INTO tabela_sepultamento VALUES('228','0228','13','10','0','01','CLARA KLAIN MAYER','','','FEMININO','','0000-00-00','1999-09-13','1º DISTRITO DE NOVA FRIBURGO','92-C','121','21935','CHOQUE SÉPTICO','','','0','1');

 INSERT INTO tabela_sepultamento VALUES('229','0229','0','0','1','','ANTONIO TAVARES DE SOUZA','','','MASCULINO','','0000-00-00','1999-10-29','6º DISTRITO DE NOVA FRIBURGO','2-C','164 V','739','INDETERMINADA','','','0','1');

 INSERT INTO tabela_sepultamento VALUES('230','0230','0','0','1','','THEODORA GAMA','','','FEMININO','','0000-00-00','1999-11-12','6º DISTRITO DE NOVA FRIBURGO','2-C','172 V','771','HEMORRAGIA DIGESTIVA','','','0','1');

 INSERT INTO tabela_sepultamento VALUES('231','0231','0','0','1','','FRANCISCO PEREIRA DOS SANTOS','','','MASCULINO','','0000-00-00','1998-05-03','1º DISTRITO DE NOVA FRIBURGO','89-C','43','8769','PNEUMONIA','','','0','1');

 INSERT INTO tabela_sepultamento VALUES('232','0232','43','37','0','01','JOSE JURANDIR DA SILVA','','','MASCULINO','','0000-00-00','1998-05-19','1º DISTRITO DE NOVA FRIBURGO','69-C','103 V','20527','INFARTO DO MIOCARDIO','','','0','1');

 INSERT INTO tabela_sepultamento VALUES('233','0233','9','6','0','01','PAULO SANA','','','MASCULINO','','0000-00-00','1998-06-09','1º DISTRITO DE NOVA FRIBURGO','89-C','130','20633','PNEUMONIA','','','0','1');

 INSERT INTO tabela_sepultamento VALUES('234','0234','0','0','1','','LOURDES CABRAL BOM','','','FEMININO','','0000-00-00','1998-07-20','1º DISTRITO DE NOVA FRIBURGO','89-C','193 V','20886','ACIDENTE VASCULAR CEREBRAL','','','0','1');

 INSERT INTO tabela_sepultamento VALUES('235','0235','0','0','1','','WALDYR DE CASTRO','','','MASCULINO','','0000-00-00','1998-08-27','1º DISTRITO DE NOVA FRIBURGO','90-C','69','20984','INSUFICIÊNCIA RESPIRATÓRIA','','','0','1');

 INSERT INTO tabela_sepultamento VALUES('236','0236','61','51','0','01','JOSE OSMARIO BALMANT','','','MASCULINO','','0000-00-00','1998-10-20','1º DISTRITO DE NOVA FRIBURGO','90-C','233','21147','RUPTURA DE ANEURISMA DISSECANTE DE ARTERIA  AORTA','','','0','1');

 INSERT INTO tabela_sepultamento VALUES('237','0237','11','8','0','01','EUGENIO BERNARDO DA SILVEIRA','','','MASCULINO','','0000-00-00','1998-10-29','1º DISTRITO DE NOVA FRIBURGO','90-C','279','21193','A.V.E HIPERTENSAO ARTERIAL','','','0','1');

 INSERT INTO tabela_sepultamento VALUES('238','0238','17','14','0','01','MANOEL ALFREDO KLEIN','','','MASCULINO','','0000-00-00','1997-04-01','12ª CIRCUNSCRIÇÃO FREGUESIA DE IRAJÁ E JACAREPAGUA','2SC-0076','14','57214','FALÊNCIA MULTIPLA DOS ÓRGÃOS','','SEPULTADO NA COVA RASA F.6 E TRANSLADADO PARA B.6','0','1');

 INSERT INTO tabela_sepultamento VALUES('239','0239','0','0','1','','ROBERTO PEREIRA DOS SANTOS','','','MASCULINO','','0000-00-00','1997-04-28','1º DISTRITO DE NOVA FRIBURGO','88-C','73 V','19207','DISSOCIAÇÃO ELETRO MECÂNICA','','','0','1');

 INSERT INTO tabela_sepultamento VALUES('240','0240','0','0','1','','ORLANDO NAVEGANTES PINHEIRO','','','MASCULINO','','0000-00-00','1997-05-12','1º DISTRITO DE NOVA FRIBURGO','88-C','88','19265','HEMORRAGIA DIGESTIVA ALTA','','','0','1');

 INSERT INTO tabela_sepultamento VALUES('241','0241','16','13','0','01','MANOEL ANTONIO ','','','MASCULINO','','0000-00-00','1997-06-02','1º DISTRITO DE NOVA FRIBURGO','88-C','112','19360','CHOQUE SÉPTICO','','','0','1');

 INSERT INTO tabela_sepultamento VALUES('242','0242','56','49','0','01','MARIA AUGUSTA RIMA','','','FEMININO','','0000-00-00','1997-06-05','1º DISTRITO DE NOVA FRIBURGO','88-C','118 V','19387','INSUFICIÊNCIA RESPIRATÓRIA','','','0','1');

 INSERT INTO tabela_sepultamento VALUES('243','0243','81','69','0','01','ANTONIO AMERICO QUENUP','','','MASCULINO','','0000-00-00','1997-07-01','1º DISTRITO DE NOVA FRIBURGO','88-C','148 V','19507','INSUFICIÊNCIA RESPIRATÓRIA','','','0','1');

 INSERT INTO tabela_sepultamento VALUES('244','0244','0','0','1','','MILTON FERNANDES','','','MASCULINO','','0000-00-00','1997-09-11','5ª CIRCUNSCRIÇÃO REGISTRO CIVIL LAGOA E GAVEA - RJ','482-C','169','101352','POILITRAUMATISMO E LESÕES VISCERAIS','','','0','1');

 INSERT INTO tabela_sepultamento VALUES('245','0245','0','0','1','','NATIMORTO FILHO DE JOSE ELIAS SANA','','','MASCULINO','','0000-00-00','1997-09-22','1º DISTRITO DE NOVA FRIBURGO','2-C-AUX','88','746','ANOXIA INTRA UTERINA','','','0','1');

 INSERT INTO tabela_sepultamento VALUES('246','0246','44','38','0','01','CONCEIÇAO BUSSINGER CABRAL','','','FEMININO','','0000-00-00','1997-10-13','1º DISTRITO DE NOVA FRIBURGO','88-C','239 V','19871','INSUFICIÊNCIA RESPIRATÓRIA','','','0','1');

 INSERT INTO tabela_sepultamento VALUES('247','0247','22','17','0','01','ORCILIO BUSSINGER','','','MASCULINO','','0000-00-00','1997-10-16','1º DISTRITO DE NOVA FRIBURGO','88-C','243 V','19887','INSUFICIENCIA RESPIRATORIA  AGUDA','','','0','1');

 INSERT INTO tabela_sepultamento VALUES('248','0248','56','49','0','01','AUGUSTO RHIMES','','','MASCULINO','','0000-00-00','1997-11-14','1º DISTRITO DE NOVA FRIBURGO','88-C','266V','19978','CANCER DE ESTOMAGO','','','0','1');

 INSERT INTO tabela_sepultamento VALUES('249','0249','11','8','0','01','MANOEL JAIR WENDERROSCKY','','','MASCULINO','','0000-00-00','1997-12-10','1º DISTRITO DE NOVA FRIBURGO','88-C','284','20049','ADENOCARCINOMA BEXIGA','','','0','1');

 INSERT INTO tabela_sepultamento VALUES('250','0250','54','48','0','01','ALCIDIMIRO BUSSINGER','','','MASCULINO','','0000-00-00','1996-01-02','1º DISTRITO DE NOVA FRIBURGO','86-C','110','17552','INSUFICIÊNCIA RESPIRATÓRIA','','','0','1');

 INSERT INTO tabela_sepultamento VALUES('251','0251','54','48','0','02','JORGE BUSSINGER','','','MASCULINO','','0000-00-00','1996-01-24','1º DISTRITO DE NOVA FRIBURGO','86-C','127 V','17623','INSUFICIENCIA HEPATICA','','','0','1');

 INSERT INTO tabela_sepultamento VALUES('252','0252','46','40','0','01','LUIZ GONÇALVES GAMA','','','MASCULINO','','0000-00-00','1996-02-13','1º DISTRITO DE NOVA FRIBURGO','86-C','140','17673','TRAUMATISMO RAQUE MEDULAR','','','0','1');

 INSERT INTO tabela_sepultamento VALUES('253','0253','0','0','1','','WANDERSON PABLO DOS SANTOS','','','MASCULINO','','0000-00-00','1996-04-22','1º DISTRITO DE NOVA FRIBURGO','86-C','191','17876','ANEMIA AGUDA POR HEMORRAGIA INTERNA','','','0','1');

 INSERT INTO tabela_sepultamento VALUES('254','0254','74','63','0','01','MARIA JOSEPHA DE ABREU SILVEIRA','','','FEMININO','BRANCO','0000-00-00','1996-05-10','1º DISTRITO DE NOVA FRIBURGO','86-C','207 V','17943','INSUFICIENCIA CARDIACA CONGESTIVA','','','0','1');

 INSERT INTO tabela_sepultamento VALUES('255','0255','1','2','0','01','MANOEL FROSSARD','','','MASCULINO','','0000-00-00','1996-05-29','1º DISTRITO DE NOVA FRIBURGO','86-C','226','18016','INSUFICIÊNCIA RESPIRATÓRIA','','','0','1');

 INSERT INTO tabela_sepultamento VALUES('256','0256','0','0','1','','LOANA APARECIDA GUIMARAES FROSSARD','','','FEMININO','','0000-00-00','1996-06-25','1º DISTRITO DE NOVA FRIBURGO','86-C','255','18132','INSUFICIÊNCIA RESPIRATÓRIA','','','0','1');

 INSERT INTO tabela_sepultamento VALUES('257','0257','16','13','0','01','DURVAL KNUPP','','','MASCULINO','','0000-00-00','1996-07-09','1º DISTRITO DE NOVA FRIBURGO','86-C','272','18201','DOENÇA SEPTICAGENERALIZADA','','','0','1');

 INSERT INTO tabela_sepultamento VALUES('258','0258','0','0','1','','JOVELINA CABRAL GRIPP','','','FEMININO','','0000-00-00','1996-09-09','1º DISTRITO DE NOVA FRIBURGO','87-C','155','18470','INSUFICIENCIA CARDIACA','','','0','1');

 INSERT INTO tabela_sepultamento VALUES('259','0259','95','83','0','01','ISMAEL GUILLAND','','','MASCULINO','','0000-00-00','1996-12-11','1º DISTRITO DE NOVA FRIBURGO','87-C','447','18762','FRATURAS COMINUTIVAS DO CRANIO','','','0','1');

 INSERT INTO tabela_sepultamento VALUES('260','0260','87','75','0','01','MARIA JOSE KLEM DE OLIVEIRA','','','FEMININO','','0000-00-00','1995-06-02','6ª CIRCUNSCRIÇÃO DA CAPITAL - RJ','C.362','296','38930','DISTURBIO METABOLICO','','EXUMADO PARA O NICHO 12','0','1');

 INSERT INTO tabela_sepultamento VALUES('261','0261','0','0','1','','JORDELINO PEREIRA DOS SANTOS','','','MASCULINO','','0000-00-00','1995-06-10','1º DISTRITO DE NOVA FRIBURGO','85-C','412','16927','CHOQUE SÉPTICO','','','0','1');

 INSERT INTO tabela_sepultamento VALUES('262','0262','0','0','1','','MANOEL ROBERTO GONÇALVES','','','MASCULINO','','0000-00-00','1995-06-09','1º DISTRITO DE NOVA FRIBURGO','85-C','438','16953','INSUFICIÊNCIA RESPIRATÓRIA','','','0','1');

 INSERT INTO tabela_sepultamento VALUES('263','0263','19','16','0','01','EDIOCELE CABRAL DA SILVA','','','FEMININO','','0000-00-00','1995-06-12','1º DISTRITO DE NOVA FRIBURGO','16','171','5582','TROMBO EMBOLISMO PULMONAR','','','0','1');

 INSERT INTO tabela_sepultamento VALUES('264','0264','0','0','1','','NATIMORTO DE VERA LUCIA DA ROCHA','','','FEMININO','','0000-00-00','1995-07-03','1º DISTRITO DE NOVA FRIBURGO','2-C AUX','63','645','ANOXIA INTRA UTERINA','','','0','1');

 INSERT INTO tabela_sepultamento VALUES('265','0265','0','0','1','','GERALDINA LACK','','','FEMININO','','0000-00-00','1995-08-10','1º DISTRITO DE NOVA FRIBURGO','86-C','007','17140','A.V.C, ANEMIA, TUMOR DE ESTOMAGO','','','0','1');

 INSERT INTO tabela_sepultamento VALUES('266','0266','0','0','1','','JOSE EDUARDO PEREIRA DOS SANTOS','','','MASCULINO','','0000-00-00','1995-11-22','1º DISTRITO DE NOVA FRIBURGO','86-C','84 V','17450','CHOQUE SÉPTICO','','','0','1');

 INSERT INTO tabela_sepultamento VALUES('267','0267','50','44','0','01','ADHEMARIO BORHER','','','MASCULINO','','0000-00-00','1994-02-22','1º DISTRITO DE NOVA FRIBURGO','84-C','27','15421','CHOQUE SÉPTICO','','','0','1');

 INSERT INTO tabela_sepultamento VALUES('268','0268','0','0','1','','VANESSA GUIMARAES PEREIRA FROSSARD','','','FEMININO','','0000-00-00','1994-06-21','1º DISTRITO DE NOVA FRIBURGO','84-C','125 V','15814','BRONASPASMO SEVERO','','','0','1');

 INSERT INTO tabela_sepultamento VALUES('269','0269','15','12','0','02','DULCIA MAYER','','','FEMININO','','0000-00-00','1994-07-19','1º DISTRITO DE NOVA FRIBURGO','84-C','160V','15955','INSUFICIENCIA CARDIACA CONGESTIVA','','','0','1');

 INSERT INTO tabela_sepultamento VALUES('270','0270','45','39','0','01','MARIA BERNARDA DA SILVEIRA GONÇALVES','','','FEMININO','','0000-00-00','1994-09-22','1º DISTRITO DE NOVA FRIBURGO','84-C','220 V ','16195','PARADA CARDIO RESPIRATÓRIA','','','0','1');

 INSERT INTO tabela_sepultamento VALUES('271','0271','66','56','0','01','MANOEL DE OLIVEIRA','','','MASCULINO','','0000-00-00','1993-07-16','1º DISTRITO DE NOVA FRIBURGO','82-C','566','14681','INSUFICIÊNCIA RESPIRATÓRIA','','','0','1');

 INSERT INTO tabela_sepultamento VALUES('272','0272','19','16','0','01','WALDIR CABRAL','','','MASCULINO','','0000-00-00','1992-08-11','1º DISTRITO DE NOVA FRIBURGO','81-C','159 V','13554','INDETERMINADA','','','0','1');

 INSERT INTO tabela_sepultamento VALUES('273','0273','53','47','0','01','ADMARIO DO REGO CABRAL','','','MASCULINO','','0000-00-00','1992-12-02','1º DISTRITO DE NOVA FRIBURGO','81-C','258 V','13949','ACIDENTE VASCULAR CEREBRAL','','','0','1');

 INSERT INTO tabela_sepultamento VALUES('274','0274','73','62','0','01','ZILDA RIBEIRO MOREIRA','','','FEMININO','','0000-00-00','1991-03-25','1º DISTRITO DE NOVA FRIBURGO','80-C','129 V','12234','INSUFICIÊNCIA RESPIRATÓRIA','','','0','1');

 INSERT INTO tabela_sepultamento VALUES('275','0275','112','98','0','01','LAMARTINE DE CASTRO BRANCO','','','MASCULINO','','0000-00-00','1991-12-03','1º DISTRITO DE NOVA FRIBURGO','80-C','268','12787','INSUFICIENCIA RESPIRATORIA  AGUDA','','','0','1');

 INSERT INTO tabela_sepultamento VALUES('276','0276','64','54','0','01','ANTONIO ALBINO MIRANDA','','','MASCULINO','','0000-00-00','1990-02-02','1º DISTRITO DE NOVA FRIBURGO','78-C','556','11074','INFARTO AGUDO DO MIOCARDIO','','','0','1');

 INSERT INTO tabela_sepultamento VALUES('277','0277','61','51','0','01','PAULO ANTONIO BALMANT','','','MASCULINO','','0000-00-00','1990-02-25','1º DISTRITO DE NOVA FRIBURGO','79-C','29','11147','SEPTICEMIA','','','0','1');

 INSERT INTO tabela_sepultamento VALUES('278','0278','43','37','0','01','MARIA DOMINGOS BENTO DA SILVA','','','FEMININO','','0000-00-00','1990-11-05','1º DISTRITO DE NOVA FRIBURGO','80-C','40 V','11878','ARRITMIA CARDÍACA','','','0','1');

 INSERT INTO tabela_sepultamento VALUES('279','0279','50','44','0','01','JULIA DE OLIVEIRA BOHER','','','FEMININO','','0000-00-00','1989-01-12','1º DISTRITO DE NOVA FRIBURGO','014','143','4356','COR PULMONALE CRONICO ','','','0','1');

 INSERT INTO tabela_sepultamento VALUES('280','0280','61','51','0','01','MARIO ANTONIO BALMANT','','','MASCULINO','','0000-00-00','1988-11-23','1º DISTRITO DE NOVA FRIBURGO','C-77','176','10020','DISTURBIO METABÓLICO','','','0','1');

 INSERT INTO tabela_sepultamento VALUES('281','0281','52','46','0','01','JOAO NATALICIO KLEIN','','','MASCULINO','','0000-00-00','1987-09-18','1º DISTRITO DE NOVA FRIBURGO','76-C','223 V','9009','CARCINOMA DE ESTOMAGO E PULMÃO','','','0','1');

 INSERT INTO tabela_sepultamento VALUES('282','0282','9','6','0','01','TULENTINO SANA','','','MASCULINO','','0000-00-00','1986-11-19','1º DISTRITO DE NOVA FRIBURGO','76','92','8483','INSUFICIENCIA RESPIRATÓRIA','','','0','1');

 INSERT INTO tabela_sepultamento VALUES('283','0283','0','0','1','','LAURINDA MICHAELA DE SOUZA SANTOS','','','FEMININO','','0000-00-00','1984-08-31','1º DISTRITO DE NOVA FRIBURGO','12','76 V','2520','ACIDENTE VASCULAT CEREBRAL','','','0','1');

 INSERT INTO tabela_sepultamento VALUES('284','0284','0','0','1','','SIRLEY CAPITULINO DE AZEVEDO','','','MASCULINO','BRANCO','0000-00-00','1983-04-06','1º DISTRITO DE NOVA FRIBURGO','74','46','5899','ENFARTO DO MIOCARDIO','','','0','1');

 INSERT INTO tabela_sepultamento VALUES('285','0285','0','0','1','','JOSE PEREIRA DOS SANTOS','','','MASCULINO','PARDA','0000-00-00','1983-04-16','1º DISTRITO DE NOVA FRIBURGO','11','220V','1898','CIRROSE HEPATICA','','','0','1');

 INSERT INTO tabela_sepultamento VALUES('286','0286','0','0','1','','AULYDIA ORSULINA TARDIM DA SILVA','','','FEMININO','BRANCO','0000-00-00','1982-04-14','1º DISTRITO DE NOVA FRIBURGO','73','164','5172','INDETERMINADA','','','0','1');

 INSERT INTO tabela_sepultamento VALUES('287','0287','80','68','0','01','MARIA IREDI MORAES','','','FEMININO','','0000-00-00','1982-04-26','6º CIRCUNSCRIÇÃO DO RIO DE JANEIRO','319','208','13101','EDEMA AGUDO DO PULMÃO','','','0','1');

 INSERT INTO tabela_sepultamento VALUES('288','0288','112','98','0','01','ALCIDNEY BRANCO','','','MASCULINO','BRANCO','0000-00-00','1982-05-27','1º DISTRITO DE NOVA FRIBURGO','73','188','5267','INGESTÃO DE RADIOTHOX','','','0','1');

 INSERT INTO tabela_sepultamento VALUES('289','0289','0','0','1','','EUGENIO DE SOUZA','','','MASCULINO','PARDA','0000-00-00','1982-07-31','1º DISTRITO DE NOVA FRIBURGO','73','223','5407','PARADA CARDIACA','','','0','1');

 INSERT INTO tabela_sepultamento VALUES('290','0290','0','0','1','','JORGE ALEX BARROZO BRANCO','','','MASCULINO','BRANCO','0000-00-00','1982-09-16','1º DISTRITO DE NOVA FRIBURGO','73','247 V','5505','ENTERO INFECÇÃO, DESNUTRIÇÃO','','','0','1');

 INSERT INTO tabela_sepultamento VALUES('291','0291','0','0','1','','JORGE ALEX BARROZO BRANCO','','','MASCULINO','BRANCO','0000-00-00','1982-09-16','1º DISTRITO DE NOVA FRIBURGO','73','247 V','5505','ENTERO INFECÇÃO, DESNUTRIÇÃO','','','0','0');

 INSERT INTO tabela_sepultamento VALUES('292','0292','112','98','0','02','HENRIQUE DA SILVA BRANCO','','','MASCULINO','BRANCO','0000-00-00','1982-09-22','1º DISTRITO DE NOVA FRIBURGO','73','249 V','5514','HEMORRAGIA EXTERNA CONTUDENTE ANEMIA AGUDA POR FERIDA CORTANTE','','','0','1');

 INSERT INTO tabela_sepultamento VALUES('293','0293','0','0','1','','DARCILIA EVA DA CONCEICAO','','','FEMININO','PARDA','0000-00-00','1982-09-09','1º DISTRITO DE NOVA FRIBURGO','73','271','5900','CHOQUE SÉPTICO','','','0','1');

 INSERT INTO tabela_sepultamento VALUES('294','0294','19','16','0','01','FRANCELINA CLEMENCIA TARDIN','','','FEMININO','','0000-00-00','1981-06-20','1º DISTRITO DE NOVA FRIBURGO','11','82','1024','ARTERIOSCLEROSE GENERALISADA','','','0','1');

 INSERT INTO tabela_sepultamento VALUES('295','0295','0','0','1','','IZOLINA CABRAL BRANCO','','','FEMININO','','0000-00-00','1981-08-13','1º DISTRITO DE NOVA FRIBURGO','73','26 V','4621','INSUFICIENCIA CARDIACA','','','0','1');

 INSERT INTO tabela_sepultamento VALUES('296','0296','0','0','1','','DELFINO PEREIRA DOS SANTOS','','','MASCULINO','','0000-00-00','1981-12-07','1º DISTRITO DE NOVA FRIBURGO','73','85 V','4858','INDETERMINADA','','','0','1');

 INSERT INTO tabela_sepultamento VALUES('297','0297','0','0','1','','MANOEL DOMINGOS','','','MASCULINO','','0000-00-00','1979-06-24','2º DISTRITO DE BOM JARDIM RJ','C.***','212 V','074','PARADA CARDIO RESPIRATÓRIA','','','0','1');

 INSERT INTO tabela_sepultamento VALUES('298','0298','0','0','1','','SEBATIAO PEREIRA DOS SANTOS','','','MASCULINO','','0000-00-00','1979-12-03','1º DISTRITO DE NOVA FRIBURGO','11','5','1037','INDETERMINADA','','','0','1');

 INSERT INTO tabela_sepultamento VALUES('299','0299','0','0','1','','ADRIANO RODRIGUES','','','MASCULINO','','0000-00-00','1978-03-21','1º DISTRITO DE NOVA FRIBURGO','69','162 V','1842','BRONCO PNEUMONIA','','','0','1');

 INSERT INTO tabela_sepultamento VALUES('300','0300','72','61','0','01','JOSE PEREIRA DOS SANTOS','','','MASCULINO','','0000-00-00','1978-05-15','1º DISTRITO DE NOVA FRIBURGO','10','187','566','SENILIDADE','','','0','1');

 INSERT INTO tabela_sepultamento VALUES('301','0301','0','0','1','','SILVINO PEREIRA DOS SANTOS','','','MASCULINO','','0000-00-00','1978-05-17','1º DISTRITO DE NOVA FRIBURGO','10','188','569','SEM ASSISTENCIA MEDICA','','','0','1');

 INSERT INTO tabela_sepultamento VALUES('302','0302','0','0','1','','MARIA LUIZA CHUENCK','','','FEMININO','','0000-00-00','1978-06-26','1º DISTRITO DE NOVA FRIBURGO','8','49','5574','CAQUEIXA','','','0','1');

 INSERT INTO tabela_sepultamento VALUES('303','0303','0','0','1','','FORTUNATO BAZZICHI','','','MASCULINO','','0000-00-00','1978-09-08','1º DISTRITO DE NOVA FRIBURGO','70','23 V','2164','HEMORRAGIA CEREBRAL','','','0','1');

 INSERT INTO tabela_sepultamento VALUES('304','0304','0','0','1','','JOSE LUIZ PEREIRA DOS SANTOS','','','MASCULINO','','0000-00-00','1978-09-15','1º DISTRITO DE NOVA FRIBURGO','69','200 V','1918','LARINGOTRAQUIOBRONQUITE','','','0','1');

 INSERT INTO tabela_sepultamento VALUES('305','0305','95','83','0','01','AVELINO DO REGO CABRAL','','','MASCULINO','','0000-00-00','1978-10-18','1º DISTRITO DE NOVA FRIBURGO','70','64','2245','FRATURA DO COLO DE FEMO ','','','0','1');

 INSERT INTO tabela_sepultamento VALUES('306','0306','0','0','1','','ELAINE CRISTINA DOS SANTOS MARCHON','','','FEMININO','','0000-00-00','1978-10-31','1º DISTRITO DE NOVA FRIBURGO','70','79','2275','INDETERMINADA','','','0','1');

 INSERT INTO tabela_sepultamento VALUES('307','0307','30','24','0','01','OVIDIO ESPERANÇA DE MIRANDA','','','MASCULINO','','0000-00-00','1978-11-16','13º  CIRCUNSCRIÇÃO CAMPO GRANDE RJ','2-F-32','133','2625','INSUFICIENCIA RESPIRATÓRIA','','','0','1');

 INSERT INTO tabela_sepultamento VALUES('308','0308','0','0','1','','DEMETRIO  PEREIRA DOS SANTOS','','','MASCULINO','','0000-00-00','1978-12-08','1º DISTRITO DE NOVA FRIBURGO','10','234','754','ARTERIOSCLEROSE CEREBRAL','','','0','1');

 INSERT INTO tabela_sepultamento VALUES('309','0309','0','0','1','','GILMAR SANA DA SILVA','','','MASCULINO','','0000-00-00','1977-01-20','1º DISTRITO DE NOVA FRIBURGO','68','27','972','SEM ASSISTENCIA MEDICA','','','0','1');

 INSERT INTO tabela_sepultamento VALUES('310','0310','36','30','0','01','MARIA ELIZABETE OUVERNEY MAYER','','','FEMININO','','0000-00-00','1977-08-15','1º DISTRITO DE NOVA FRIBURGO','68','272','1462','INTOXICAÇÃO POR INGESTÃO VOLUNTÁRIA DE RHODIATOX','','','0','1');

 INSERT INTO tabela_sepultamento VALUES('311','0311','36','30','0','02','JOSE OSMAR MAYER','','','MASCULINO','','0000-00-00','1977-08-15','1º DISTRITO DE NOVA FRIBURGO','68','271 V','1461','INTOXICAÇÃO POR INGESTÃO VOLUNTÁRIA DE RHODIATOX','','','0','1');

 INSERT INTO tabela_sepultamento VALUES('312','0312','67','56','0','01','RUBERVAL OUVERNEY','','','MASCULINO','','0000-00-00','1976-01-18','1º DISTRITO DE NOVA FRIBURGO','66','161 V','041','INSUFICIENCIA RESPIRATÓRIA','','','0','1');

 INSERT INTO tabela_sepultamento VALUES('313','0313','0','0','1','','MARIA SANTA BOHRER','','','FEMININO','','0000-00-00','1976-01-17','1º DISTRITO DE NOVA FRIBURGO','10','57 V','049','SEM ASSISTENCIA MEDICA','','','0','1');

 INSERT INTO tabela_sepultamento VALUES('314','0314','0','0','1','','JANE FRANCISCO','','','FEMININO','','0000-00-00','1976-05-11','1º DISTRITO DE NOVA FRIBURGO','67','2','322','BRONCO PNEUMONIA','','','0','1');

 INSERT INTO tabela_sepultamento VALUES('315','0315','74','63','0','01','JOEL BERNARDO DA SILVEIRA','','','MASCULINO','','0000-00-00','1976-07-19','1º DISTRITO DE NOVA FRIBURGO','67','96','510','HEMORRAGIA EXTERNA','','','0','1');

 INSERT INTO tabela_sepultamento VALUES('316','0316','74','63','0','02','GENEBRAL BERNARDO DA SILVEIRA','','','MASCULINO','','0000-00-00','1976-09-08','1º DISTRITO DE NOVA FRIBURGO','67','165','648','INDETERMINADA','','','0','1');

 INSERT INTO tabela_sepultamento VALUES('317','0317','43','37','0','01','CEDIMIRO GONÇALVES DE OLIVEIRA','','','MASCULINO','','0000-00-00','1976-10-31','1º DISTRITO DE NOVA FRIBURGO','67','227','772','INFARTO DO MIOCARDIO','','','0','1');

 INSERT INTO tabela_sepultamento VALUES('318','0318','0','0','1','','OCTAVIO FAUSTINO DE MENDONÇA','','','MASCULINO','','0000-00-00','1976-11-17','1º DISTRITO DE NOVA FRIBURGO','67','248 V','815','SEM ASSISTENCIA MEDICA','','','0','1');

 INSERT INTO tabela_sepultamento VALUES('319','0319','39','33','0','01','IRINEU AMERICO MARCHON','','','MASCULINO','','0000-00-00','1975-05-20','1º DISTRITO DE NOVA FRIBURGO','9','77 V','6482','INSUFICIENCIA RESPIRATÓRIA','','','0','1');

 INSERT INTO tabela_sepultamento VALUES('320','0320','113','99','0','01','MARLI RODRIGUES MACARIO','','','FEMININO','','0000-00-00','1975-07-07','1º DISTRITO DE NOVA FRIBURGO','9','200','6973','SEM ASSISTENCIA MEDICA','','','0','1');

 INSERT INTO tabela_sepultamento VALUES('321','0321','0','0','1','','JERRY ADRIANE CABRAL','','','MASCULINO','','0000-00-00','1974-07-17','1º DISTRITO DE NOVA FRIBURGO','9','103 V','6587','PNEUMONIA','','','0','1');

 INSERT INTO tabela_sepultamento VALUES('322','0322','0','0','1','','ROSIMERI BENTO DA SILVA','','','FEMININO','','0000-00-00','1974-08-28','1º DISTRITO DE NOVA FRIBURGO','64','254','23924','SEM ASSISTENCIA MEDICA','','','0','1');

 INSERT INTO tabela_sepultamento VALUES('323','0323','0','0','1','','MARIA NATALICIA LACK','','','FEMININO','','0000-00-00','1973-02-14','1º DISTRITO DE NOVA FRIBURGO','8','154','5993','SEM ASSISTENCIA MEDICA','','','0','1');

 INSERT INTO tabela_sepultamento VALUES('324','0324','0','0','1','','ALESSANDRA OUVERNEY','','','FEMININO','','0000-00-00','1973-03-28','','','','','BRONCO PNEUMONIA','','','0','1');

 INSERT INTO tabela_sepultamento VALUES('325','0325','0','0','1','','GERUZA MUNHÃO','','','FEMININO','BRANCO','0000-00-00','1973-06-04','1º DISTRITO DE NOVA FRIBURGO','8','199 V','6174','SEM ASSISTENCIA MEDICA','','','0','1');

 INSERT INTO tabela_sepultamento VALUES('326','0326','0','0','1','','LINDOMAR THER OUVERNEY','','','MASCULINO','','0000-00-00','1973-08-01','','','','','','','','0','1');

 INSERT INTO tabela_sepultamento VALUES('327','0327','0','0','1','','RONILDA MERECI','','','FEMININO','','0000-00-00','1973-11-21','','','','','','','','0','1');

 INSERT INTO tabela_sepultamento VALUES('328','0328','0','0','1','','CEDNEA RANGEL BOHER','','','FEMININO','','0000-00-00','1972-01-07','','','','','','','','0','1');

 INSERT INTO tabela_sepultamento VALUES('329','0329','0','0','1','','JOSE WANDERLEY BHRER','','','MASCULINO','','0000-00-00','1972-01-24','1º DISTRITO DE NOVA FRIBURGO','8','58','5609','INDETERMINADA','','','0','1');

 INSERT INTO tabela_sepultamento VALUES('330','0330','0','0','1','','VERONICA SILVIA KNUPP SODRE','','','FEMININO','','0000-00-00','1972-02-22','1º DISTRITO DE NOVA FRIBURGO','8','69','5637','HIPERTENSÃO ARTERIAL','','','0','1');

 INSERT INTO tabela_sepultamento VALUES('331','0331','0','0','1','','MANOEL FRANCISCO BORHER','','','MASCULINO','','0000-00-00','1972-05-09','1º DISTRITO DE NOVA FRIBURGO','62','118','22453','SEM ASSISTENCIA MEDICA','','','0','1');

 INSERT INTO tabela_sepultamento VALUES('332','0332','67','56','0','01','ELIZIA FRACACIO','','','FEMININO','','0000-00-00','1971-01-11','1º DISTRITO DE NOVA FRIBURGO','61','3 V','21624','EDEMA AGUDO DO PULMÃO','','','0','1');

 INSERT INTO tabela_sepultamento VALUES('333','0333','0','0','1','','NILTON CEZAR KINUP','','','MASCULINO','','0000-00-00','1971-07-21','1º DISTRITO DE NOVA FRIBURGO','61','175 V','21968','BRONCO PNEUMONIA','','','0','1');

 INSERT INTO tabela_sepultamento VALUES('334','0334','61','51','0','01','MARIA CABRAL BALMANT','','','FEMININO','','0000-00-00','1971-09-14','1º DISTRITO DE NOVA FRIBURGO','8','20 V','5461','INFARTO DO MIOCARDIO','','','0','1');

 INSERT INTO tabela_sepultamento VALUES('335','0335','0','0','1','','TANIA MARIA PIMENTEL','','','FEMININO','','0000-00-00','1971-10-16','','','','','','','','0','1');

 INSERT INTO tabela_sepultamento VALUES('336','0336','0','0','1','','LUCIDIA LOPES DOS SANTOS','','','FEMININO','PARDA','0000-00-00','1970-01-23','','','','','','','','0','1');

 INSERT INTO tabela_sepultamento VALUES('337','0337','0','0','1','','MARIA PERCENTINA  KNUPP','','','FEMININO','BRANCO','0000-00-00','1970-02-13','1º DISTRITO DE NOVA FRIBURGO','60','36','21089','INSUFICIENCIA VENTRICULAR ESQUERDA','','','0','1');

 INSERT INTO tabela_sepultamento VALUES('338','0338','0','0','1','','ELEITA CONCEICAO FRIEMAN GRIPP','','','FEMININO','BRANCO','0000-00-00','1970-03-04','1º DISTRITO DE NOVA FRIBURGO','6','111 V','4829','EDEMA AGUDO DO PULMÃO','','','0','1');

 INSERT INTO tabela_sepultamento VALUES('339','0339','0','0','1','','SOLANGE PIMENTEL','','','FEMININO','BRANCO','0000-00-00','1970-08-21','1º DISTRITO DE NOVA FRIBURGO','6','167','5050','SEM ASSISTENCIA MEDICA','','','0','1');

 INSERT INTO tabela_sepultamento VALUES('340','0340','0','0','1','','HENRIQUE BERNARDO SCHUENCK','','','MASCULINO','BRANCO','0000-00-00','1970-09-14','1º DISTRITO DE NOVA FRIBURGO','6','174','5078','SEM ASSISTENCIA MEDICA','','','0','1');

 INSERT INTO tabela_sepultamento VALUES('341','0341','0','0','1','','ELAUZINA DOS SANTOS FARIA','','','FEMININO','PARDA','0000-00-00','1970-10-22','','','','','','','','0','1');

 INSERT INTO tabela_sepultamento VALUES('342','0342','0','0','1','','VERA LUCIA DA SILVA KLEIM','','','FEMININO','BRANCO','0000-00-00','1969-01-16','1º DISTRITO DE NOVA FRIBURGO','5','165','4246','SEM ASSISTENCIA MEDICA','','','0','1');

 INSERT INTO tabela_sepultamento VALUES('343','0343','0','0','1','','JOSE PEREIRA DOS SANTOS','','','MASCULINO','PARDA','0000-00-00','1969-07-02','1º DISTRITO DE NOVA FRIBURGO','201','29','20819','SEM ASSISTENCIA MEDICA','','','0','1');

 INSERT INTO tabela_sepultamento VALUES('344','0344','67','56','0','01','JULIO DE OLIVEIRA ABREU','','','MASCULINO','PARDA','0000-00-00','1969-08-21','1º DISTRITO DE NOVA FRIBURGO','59','','20887','HEMORRAGIA CEREBRAL','','','0','1');

 INSERT INTO tabela_sepultamento VALUES('345','0345','0','0','1','','CUSTODIO PEREIRA DOS SANTOS','','','MASCULINO','PARDA','0000-00-00','1969-08-26','1º DISTRITO DE NOVA FRIBURGO','6','46','4568','SEM ASSISTENCIA MEDICA','','','0','1');

 INSERT INTO tabela_sepultamento VALUES('346','0346','0','0','1','','GENECI DOS SANTOS MORAES','','','MASCULINO','BRANCO','0000-00-00','1969-10-01','1º DISTRITO DE NOVA FRIBURGO','6','60 V','4627','BRONCO PNEUMONIA','','','0','1');

 INSERT INTO tabela_sepultamento VALUES('347','0347','62','52','0','01','ANNA LOPES DOS SANTOS','','','FEMININO','PARDA','0000-00-00','1969-10-08','1º DISTRITO DE NOVA FRIBURGO','6','64 V','4642','ACIDENTE VASCULAR CEREBRAL','','','0','1');

 INSERT INTO tabela_sepultamento VALUES('348','0348','0','0','1','','ROZA DE ARAUJO','','','FEMININO','BRANCO','0000-00-00','1968-04-11','1º DISTRITO DE NOVA FRIBURGO','58','192','20201','SEM ASSISTENCIA MEDICA','','','0','1');

 INSERT INTO tabela_sepultamento VALUES('349','0349','0','0','1','','MANOEL THOMÉ GRIPP','','','MASCULINO','BRANCO','0000-00-00','1968-04-19','1º DISTRITO DE NOVA FRIBURGO','5','97','3975','SEM ASSISTENCIA MEDICA','','','0','1');

 INSERT INTO tabela_sepultamento VALUES('350','0350','22','17','0','01','JOSE CARLOS BERNARDO DA SILVEIRA','','','MASCULINO','BRANCO','0000-00-00','1968-05-27','1º DISTRITO DE NOVA FRIBURGO','5','104','4005','ENCEFALITE','','','0','1');

 INSERT INTO tabela_sepultamento VALUES('351','0351','0','0','1','','MARIA DOLORES MARTINS DA SILVA','','','FEMININO','BRANCO','0000-00-00','1968-07-08','1º DISTRITO DE NOVA FRIBURGO','58','262','20341','INDETERMINADA','','','0','1');

 INSERT INTO tabela_sepultamento VALUES('352','0352','95','83','0','01','MARIA GUILAND','','','FEMININO','PARDA','0000-00-00','1968-10-01','5','140','140','4146','SEM ASSISTENCIA MEDICA','','','0','1');

 INSERT INTO tabela_sepultamento VALUES('353','0353','112','98','0','01','ARQUIMIRO BRANCO','','','MASCULINO','BRANCO','0000-00-00','1967-03-18','1º DISTRITO DE NOVA FRIBURGO','4','180','3590','INSUFICIENCIA CARDIACA','','','0','1');

 INSERT INTO tabela_sepultamento VALUES('354','0354','0','0','1','','NATIMORTO FILHO DE EDITHE FALCAO','','','MASCULINO','BRANCO','0000-00-00','1967-05-03','1º DISTRITO DE NOVA FRIBURGO','4','190','3549','SEM ASSISTENCIA MEDICA','','','0','1');

 INSERT INTO tabela_sepultamento VALUES('355','0355','0','0','1','','MIGUEL DA COSTA PIMENTEL','','','MASCULINO','BRANCO','0000-00-00','1967-07-28','1º DISTRITO DE NOVA FRIBURGO','5','14 V','3645','SEM ASSISTENCIA MEDICA','','','0','1');

 INSERT INTO tabela_sepultamento VALUES('356','0356','0','0','1','','MARIA GONCALVES','','','FEMININO','BRANCO','0000-00-00','1967-11-13','1º DISTRITO DE NOVA FRIBURGO','5','48','3778','SEM ASSISTENCIA MEDICA','','','0','1');

 INSERT INTO tabela_sepultamento VALUES('357','0357','0','0','1','','CIRLEI FREIMAN','','','MASCULINO','BRANCO','0000-00-00','1967-11-27','','','','','','','','0','1');

 INSERT INTO tabela_sepultamento VALUES('358','0358','0','0','1','','MARTIM DANIEL PARETES','','','MASCULINO','BRANCO','0000-00-00','1966-01-05','1º DISTRITO DE NOVA FRIBURGO','52','32 V','19145','SEM ASSISTENCIA MEDICA','','','0','1');

 INSERT INTO tabela_sepultamento VALUES('359','0359','0','0','1','','DILMA ROSIMAR KLEM','','','FEMININO','BRANCO','0000-00-00','1966-01-26','1º DISTRITO DE NOVA FRIBURGO','57','39 V','19174','BRONCO PNEUMONIA','','','0','1');

 INSERT INTO tabela_sepultamento VALUES('360','0360','70','59','0','01','MARIANO PINTO','','','MASCULINO','PARDA','0000-00-00','1966-06-30','1º DISTRITO DE NOVA FRIBURGO','57','93','15387','HEMORRAGIA INTRA CRANEANA','','','0','1');

 INSERT INTO tabela_sepultamento VALUES('361','0361','0','0','1','','ROSELI KNUPP','','','FEMININO','BRANCO','0000-00-00','1966-07-04','1º DISTRITO DE NOVA FRIBURGO','4','124','3281','SEM ASSISTENCIA MEDICA','','','0','1');

 INSERT INTO tabela_sepultamento VALUES('362','0362','0','0','1','','NATIMORTO FILHA DE IZALTINO KLEIN ','','','FEMININO','BRANCO','0000-00-00','1966-09-12','1º DISTRITO DE NOVA FRIBURGO','4','141 V','3356','INDETERMINADA','','','0','1');

 INSERT INTO tabela_sepultamento VALUES('363','0363','17','14','0','01','MANOEL VALDIR KLEIN BUSSINGER','','','MASCULINO','BRANCO','0000-00-00','1966-09-26','1º DISTRITO DE NOVA FRIBURGO','4','145','3371','DEBILIDADE CONGENITA','','','0','1');

 INSERT INTO tabela_sepultamento VALUES('364','0364','0','0','1','','AUGUSTO CONSTANTINO','','','MASCULINO','BRANCO','0000-00-00','1966-11-24','1º DISTRITO DE NOVA FRIBURGO','4','157','3417','SEM ASSISTENCIA MEDICA','','','0','1');

 INSERT INTO tabela_sepultamento VALUES('365','0365','0','0','1','','GABRIEL FRANCISCO DE PAULA','','','MASCULINO','PARDA','0000-00-00','1966-12-15','1º DISTRITO DE NOVA FRIBURGO','4','162','3438','INSUFICIENCIA CARDIACA','','','0','1');

 INSERT INTO tabela_sepultamento VALUES('366','0366','95','83','0','01','IZABEL FERREIRA DOS SANTOS GUILANDE','','','FEMININO','','0000-00-00','1965-01-10','','','','','','','','0','1');

 INSERT INTO tabela_sepultamento VALUES('367','0367','0','0','1','','NATIMORTO FILHA DE JOSE HILARIO KNUPP','','','FEMININO','','0000-00-00','1965-01-11','1º DISTRITO DE NOVA FRIBURGO','4','28','2903','SEM ASSISTENCIA MÉDICA','','','0','1');

 INSERT INTO tabela_sepultamento VALUES('368','0368','0','0','1','','NATIMORTO FILHA DE JOSE HILARIO KNUPP','','','FEMININO','','0000-00-00','1965-01-11','1º DISTRITO DE NOVA FRIBURGO','4','28 V','2904','SEM ASSISTENCIA MÉDICA','','','0','1');

 INSERT INTO tabela_sepultamento VALUES('369','0369','95','83','0','02','SILVINA GUILANDE DOS SANTOS ','','','FEMININO','PARDA','0000-00-00','1965-05-04','1º DISTRITO DE NOVA FRIBURGO','4','50','2990','PNEUMOPATIA  AGUDA','','','0','1');

 INSERT INTO tabela_sepultamento VALUES('370','0370','0','0','1','','JOVENTINA ROSA DE JESUS','','','FEMININO','BRANCO','0000-00-00','1965-09-14','1º DISTRITO DE NOVA FRIBURGO','56','287 V','18966','SEM ASSISTENCIA MÉDICA','','','0','1');

 INSERT INTO tabela_sepultamento VALUES('371','0371','0','0','1','','NATIMORTO FILHA DE WALDETAR MIZERETH','','','FEMININO','BRANCO','0000-00-00','1965-09-21','1º DISTRITO DE NOVA FRIBURGO','4','75','3091','DESCOLAMENTO PREMATURA DA PLACENTA','','','0','1');

 INSERT INTO tabela_sepultamento VALUES('372','0372','0','0','1','','MARIA SANTA BERÇOT','','','FEMININO','BRANCO','0000-00-00','1966-10-11','1º DISTRITO DE NOVA FRIBURGO','4','79 V','3109','INTOXICAÇÃO PELO  ACIDO CIAMIDRICO','','','0','1');

 INSERT INTO tabela_sepultamento VALUES('373','0373','0','0','1','','NATIMORTO FILHA DE ZENI DE SOUZA SILVA','','','FEMININO','BRANCO','0000-00-00','1964-01-03','1º DISTRITO DE NOVA FRIBURGO','3','263 V','2646','INDETERMINADA','','','0','1');

 INSERT INTO tabela_sepultamento VALUES('374','0374','0','0','1','','JULIA MUNIZ FALCAO','','','FEMININO','','0000-00-00','1964-05-01','','','','','','','','0','1');

 INSERT INTO tabela_sepultamento VALUES('375','0375','0','0','1','','NATIMORTO FILHO DE ILDA SANCHES','','','MASCULINO','BRANCO','0000-00-00','1964-05-05','1º DISTRITO DE NOVA FRIBURGO','3','294','2769','INDETERMINADA','','','0','1');

 INSERT INTO tabela_sepultamento VALUES('376','0376','0','0','1','','JOSE MUNIZ DA SILVA','','','MASCULINO','BRANCO','0000-00-00','1964-08-15','1º DISTRITO DE NOVA FRIBURGO','4','10 V','2832','SEM ASSISTENCIA MÉDICA','','','0','1');

 INSERT INTO tabela_sepultamento VALUES('377','0377','0','0','1','','LEONINA  LEMOS SOUZA','','','FEMININO','PARDA','0000-00-00','1964-12-21','1º DISTRITO DE NOVA FRIBURGO','9','393','3370','SEM ASSISTENCIA MÉDICA','','','0','1');

 INSERT INTO tabela_sepultamento VALUES('378','0378','0','0','1','','ROBERTO VIEIRA DOS SANTOS','','','MASCULINO','PARDA','0000-00-00','1963-03-02','1º DISTRITO DE NOVA FRIBURGO','3','197 V','2383','NEFROPATIA','','','0','1');

 INSERT INTO tabela_sepultamento VALUES('379','0379','92','80','0','01','JULIO CEZAR DAUDT MIZERETH','','','MASCULINO','BRANCO','0000-00-00','1963-04-13','1º DISTRITO DE NOVA FRIBURGO','3','203 V','2407','TOXICOSE','','','0','1');

 INSERT INTO tabela_sepultamento VALUES('380','0380','0','0','1','','JULIO FERREIRA','','','MASCULINO','PARDA','0000-00-00','1963-04-22','1º DISTRITO DE NOVA FRIBURGO','3','206','2417','INDETERMINADA','','','0','1');

 INSERT INTO tabela_sepultamento VALUES('381','0381','0','0','1','','MARIA DE FATIMA SANTOS','','','FEMININO','BRANCO','0000-00-00','1963-04-24','AMPARO','4','76 V','1813','INDETERMINADA','','','0','1');

 INSERT INTO tabela_sepultamento VALUES('382','0382','112','98','0','02','ALIPIO DA SILVA BRANCO','','','MASCULINO','BRANCO','0000-00-00','1963-06-04','1º DISTRITO DE NOVA FRIBURGO','3','170 V','2274','SINDROME TOXICO ALIMENTAR','','','0','1');

 INSERT INTO tabela_sepultamento VALUES('383','0383','0','0','1','','MARIA HELENA LACH MACHADO','','','FEMININO','BRANCO','0000-00-00','1963-10-02','1º DISTRITO DE NOVA FRIBURGO','3','125','2119','BRONCO PNEUMONIA','','','0','1');

 INSERT INTO tabela_sepultamento VALUES('384','0384','0','0','1','','NATIMORTO FILHO DE MANOEL THER DOS SANTOS','','','MASCULINO','','0000-00-00','1963-10-04','','','','','INDETERMINADA','','','0','1');

 INSERT INTO tabela_sepultamento VALUES('385','0385','0','0','1','','MARIA JOSE RAPHAEL ','','','FEMININO','','0000-00-00','1963-11-28','1º DISTRITO DE NOVA FRIBURGO','56','66','18087','ALCALOSE MATABOLICA','','','0','1');

 INSERT INTO tabela_sepultamento VALUES('386','0386','0','0','1','','REGINA ROSA','','','FEMININO','PRETO','0000-00-00','1962-01-29','1º DISTRITO DE NOVA FRIBURGO','3','125 V','2095','INDETERMINADA','','','0','1');

 INSERT INTO tabela_sepultamento VALUES('387','0387','95','83','0','03','LUIZ GUILAND JUNIOR','','','MASCULINO','','0000-00-00','1962-05-21','','','','','INDETERMINADA','','','0','1');

 INSERT INTO tabela_sepultamento VALUES('388','0388','114','100','0','01','MARIA ERNESTINA JANDRE','','','FEMININO','BRANCO','0000-00-00','1962-11-05','1º DISTRITO DE NOVA FRIBURGO','3','17 V','2294','INDETERMINADA','','EXUMADA','0','1');

 INSERT INTO tabela_sepultamento VALUES('389','0389','0','0','1','','NATIMORTO FILHO DE JOÃO LUIZ GRIPP','','','MASCULINO','BRANCO','0000-00-00','1962-11-14','1º DISTRITO DE NOVA FRIBURGO','3','178','2304','SEM ASSISTENCIA MÉDICA','','','0','1');

 INSERT INTO tabela_sepultamento VALUES('390','0390','0','0','1','','PAULO SERGIO BENTO DA SILVA','','','MASCULINO','BRANCO','0000-00-00','1961-01-12','1º DISTRITO DE NOVA FRIBURGO','3','57 V','1823','ASFIXIA POR AFOGAMENTO','','','0','1');

 INSERT INTO tabela_sepultamento VALUES('391','0391','0','0','1','','CLEMENCIA RIMES','','','FEMININO','BRANCO','0000-00-00','1961-02-09','1º DISTRITO DE NOVA FRIBURGO','3','60','1832','INDETERMINADA','','','0','1');

 INSERT INTO tabela_sepultamento VALUES('392','0392','66','56','0','01','MANOEL JULIO DE OLIVEIRA','','','MASCULINO','BRANCO','0000-00-00','1961-05-29','1º DISTRITO DE NOVA FRIBURGO','3','77 V','1903','TOXICOSE','','','0','1');

 INSERT INTO tabela_sepultamento VALUES('393','0393','0','0','1','','MARIA SILVA GARCIA','','','FEMININO','BRANCO','0000-00-00','1961-06-27','1º DISTRITO DE NOVA FRIBURGO','3','85 V','1934','ANEMIA CRONICA','','','0','1');

 INSERT INTO tabela_sepultamento VALUES('394','0394','0','0','1','','NATIMORTO FILHA DE ALMIRO CARLOS DE OLIVEIRA','','','FEMININO','BRANCO','0000-00-00','1961-07-05','1º DISTRITO DE NOVA FRIBURGO','3','87 V','1942','INDETERMINADA','','','0','1');

 INSERT INTO tabela_sepultamento VALUES('395','0395','0','0','1','','NATIMORTO ','','','FEMININO','','0000-00-00','1961-10-31','AMPARO','4','63','1781','SEM ASSISTENCIA MÉDICA','','','0','1');

 INSERT INTO tabela_sepultamento VALUES('396','0396','0','0','1','','NATIMORTO FILHA DE ARTHUR ALZIRO FREIMAN','','','FEMININO','','0000-00-00','1961-12-26','','','','','INDETERMINADA','','','0','1');

 INSERT INTO tabela_sepultamento VALUES('397','0397','0','0','1','','MARIA ELISETE GARCIA','','','FEMININO','','0000-00-00','1961-12-12','','','','','INDETERMINADA','','','0','1');

 INSERT INTO tabela_sepultamento VALUES('398','0398','59','50','0','01','ANTONIO PEDRO HERDY','','','MASCULINO','BRANCO','0000-00-00','1960-08-18','AMPARO','4','53 V','1758','INDETERMINADA','','','0','1');

 INSERT INTO tabela_sepultamento VALUES('399','0399','0','0','1','','DOMINGOS RENATO KNUPP','','','MASCULINO','BRANCO','0000-00-00','1960-10-10','1º DISTRITO DE NOVA FRIBURGO','3','36','1736','COLITE DESENLIOFORME','','','0','1');

 INSERT INTO tabela_sepultamento VALUES('400','0400','0','0','1','','MARILDA LACK','','','FEMININO','BRANCO','0000-00-00','1960-10-18','AMPARO','4','55 V A 56','1764','SEM ASSISTENCIA MÉDICA','','','0','1');

 INSERT INTO tabela_sepultamento VALUES('401','0401','0','0','1','','NATIMORTO FILHO DE ALCIDES GOMES DA QUINTA','','','MASCULINO','BRANCO','0000-00-00','1960-11-17','1º DISTRITO DE NOVA FRIBURGO','3','47 V','1782','SEM ASSISTENCIA MÉDICA','','','0','1');

 INSERT INTO tabela_sepultamento VALUES('402','0402','0','0','1','','NATIMORTO  FILHO DE JOAO MANOEL FREIMAN','','','MASCULINO','BRANCO','0000-00-00','1959-01-12','1º DISTRITO DE NOVA FRIBURGO','2','124','1291','SEM ASSISTENCIA MÉDICA','','','0','1');

 INSERT INTO tabela_sepultamento VALUES('403','0403','0','0','1','','MANOEL FREIMAN FILHO','','','MASCULINO','','0000-00-00','1959-02-11','','','','','','','','0','1');

 INSERT INTO tabela_sepultamento VALUES('404','0404','0','0','1','','OSMAR BARROSO','','','MASCULINO','BRANCO','0000-00-00','1959-03-09','1º DISTRITO DE NOVA FRIBURGO','2','136','1339','INSUFICIENCIA CARDIACA','','','0','1');

 INSERT INTO tabela_sepultamento VALUES('405','0405','0','0','1','','CLEMENCIA KNUPP','','','FEMININO','BRANCO','0000-00-00','1959-03-17','1º DISTRITO DE NOVA FRIBURGO','2','137 V','1345','INSUFICIENCIA CARDIACA','','SEPULTADA E EXUMADA NA SEP. C.6','0','1');

 INSERT INTO tabela_sepultamento VALUES('406','0406','0','0','1','','CARLOS ALBERTO ERMANDES','','','MASCULINO','','0000-00-00','1959-06-14','','','','','','','','0','1');

 INSERT INTO tabela_sepultamento VALUES('407','0407','0','0','1','','JORZELINA DA ROSA','','','FEMININO','PARDA','0000-00-00','1959-06-30','AMPARO','4','44','1734','NATURAL','','','0','1');

 INSERT INTO tabela_sepultamento VALUES('408','0408','0','0','1','','FLORENCIA MARCHON','','','FEMININO','BRANCO','0000-00-00','1959-06-26','1º DISTRITO DE NOVA FRIBURGO','2','155 V','1416','INSUFICIENCIA CARDIO RENAL','','','0','1');

 INSERT INTO tabela_sepultamento VALUES('409','0409','0','0','1','','NATIMORTO ','','','MASCULINO','','0000-00-00','1959-07-24','1º DISTRITO DE NOVA FRIBURGO','2','159','1431','PREMATURO','','','0','1');

 INSERT INTO tabela_sepultamento VALUES('410','0410','0','0','1','','ANTONIO CELSO BENTO DA SILVA','','','MASCULINO','BRANCO','0000-00-00','1959-11-16','1º DISTRITO DE NOVA FRIBURGO','2','178','1507','BRONCO PNEUMONIA','','','0','1');

 INSERT INTO tabela_sepultamento VALUES('411','0411','0','0','1','','NATIMORTO FILHA DE DORCELINA MARIA FALCAO','','','FEMININO','PARDA','0000-00-00','1959-12-14','1º DISTRITO DE NOVA FRIBURGO','2','185 V','1137','INDETERMINADA','','','0','1');

 INSERT INTO tabela_sepultamento VALUES('412','0412','0','0','1','','NATIMORTO','','','MASCULINO','PARDA','0000-00-00','1958-03-07','AMPARO','4','32 V','1708','NATURAL','','','0','1');

 INSERT INTO tabela_sepultamento VALUES('413','0413','0','0','1','','ANA CATARINA HERINGER','','','FEMININO','BRANCO','0000-00-00','1958-05-20','1º DISTRITO DE NOVA FRIBURGO','2','77','1102','SEM ASSISTENCIA MÉDICA','','','0','1');

 INSERT INTO tabela_sepultamento VALUES('414','0414','0','0','1','','MARIA DE AZEVEDO','','','FEMININO','BRANCO','0000-00-00','1958-10-25','1º DISTRITO DE NOVA FRIBURGO','2','107 V','122','DEBILIDADE CONGENITA','','','0','1');

 INSERT INTO tabela_sepultamento VALUES('415','0415','0','0','1','','MANOEL GUILAND (NATIMORTO)','','','MASCULINO','PARDA','0000-00-00','1958-11-14','1º DISTRITO DE NOVA FRIBURGO','2','111 V','1240','INDETERMINADA','','','0','1');

 INSERT INTO tabela_sepultamento VALUES('416','0416','0','0','1','','MARIA DULCE DOS SANTOS ','','','FEMININO','PARDA','0000-00-00','1957-02-22','4º DISTRITO DE NOVA FRIBURGO','4','23 V','1685','INDETERMINADA','','','0','1');

 INSERT INTO tabela_sepultamento VALUES('417','0417','0','0','1','','DEJACIRA ORENA KNUPP MUNIZ','','','FEMININO','BRANCO','0000-00-00','1957-09-12','5º DISTRITO DE NOVA FRIBURGO','9','188','2960','SEM ASSISTENCIA MÉDICA','','','0','1');

 INSERT INTO tabela_sepultamento VALUES('418','0418','0','0','1','','NATIMORTO FILHO DE JOSE ANTONIO RODRIGUES','','','MASCULINO','BRANCO','0000-00-00','1957-10-28','1º DISTRITO DE NOVA FRIBURGO','2','41 V','962','INDETERMINADA','','','0','1');

 INSERT INTO tabela_sepultamento VALUES('419','0419','0','0','1','','MARIA NILDA WENDERROSCKY','','','FEMININO','BRANCO','0000-00-00','1956-01-16','1º DISTRITO DE NOVA FRIBURGO','1','122','484','DISTURBIO NUTRITIVO','','','0','1');

 INSERT INTO tabela_sepultamento VALUES('420','0420','0','0','1','','NATIMORTO FILHO DE ARTHUR ALZIRO FREIMAN','','','MASCULINO','BRANCO','0000-00-00','1956-01-21','1º DISTRITO DE NOVA FRIBURGO','1','122','486','INDETERMINADA','','','0','1');

 INSERT INTO tabela_sepultamento VALUES('421','0421','0','0','1','','DULCINEIA FROSSARD','','','FEMININO','BRANCO','0000-00-00','1956-03-12','4º DISTRITO DE NOVA FRIBURGO','4','16 V E 17','1669','NATURAL','','','0','1');

 INSERT INTO tabela_sepultamento VALUES('422','0422','0','0','1','','MARIA APARECIDA DA ROCHA','','','FEMININO','PARDA','0000-00-00','1956-04-04','1º DISTRITO DE NOVA FRIBURGO','1','137','544','INDETERMINADA','','','0','1');

 INSERT INTO tabela_sepultamento VALUES('423','0423','0','0','1','','NATIMORTO FILHO DE LUIZ BARROSO','','','MASCULINO','BRANCO','0000-00-00','1956-04-12','1º DISTRITO DE NOVA FRIBURGO','1','138 V','550','INDETERMINADA','','','0','1');

 INSERT INTO tabela_sepultamento VALUES('424','0424','0','0','1','','NATIMORTO FILHO DE JOAO MANOEL FREIMAN','','','MASCULINO','PARDA','0000-00-00','1956-07-06','5º DISTRITO DE NOVA FRIBURGO','9','150','2885','SEM ASSISTENCIA MÉDICA','','','0','1');

 INSERT INTO tabela_sepultamento VALUES('425','0425','22','17','0','02','MARIA DE LOURDES BAERNARDO DA SILVEIRA','','','FEMININO','BRANCO','0000-00-00','1956-08-03','1º DISTRITO DE NOVA FRIBURGO','1','164','652','NEFROSE','','','0','1');

 INSERT INTO tabela_sepultamento VALUES('426','0426','0','0','1','','NATIMORTO FILHO DE JOSE DE AZEVEDO','','','MASCULINO','BRANCO','0000-00-00','1956-09-17','1º DISTRITO DE NOVA FRIBURGO','1','169 V','674','INDETERMINADA','','','0','1');

 INSERT INTO tabela_sepultamento VALUES('427','0427','0','0','1','','MANOEL JANDRE DE OLIVEIRA JUNIOR','','','MASCULINO','BRANCO','0000-00-00','1956-10-29','4º DISTRITO DE NOVA FRIBURGO','4','20','1677','NATURAL','','','0','1');

 INSERT INTO tabela_sepultamento VALUES('428','0428','0','0','1','','NATIMORTO FILHO DE JOVELINA DE OLIVEIRA WANDERROSCK','','','MASCULINO','BRANCO','0000-00-00','1955-06-13','4º DISTRITO DE NOVA FRIBURGO','4','7','1646','NATURAL','','','0','1');

 INSERT INTO tabela_sepultamento VALUES('429','0429','0','0','1','','MARIA DAS GRAÇAS CABRAL ','','','FEMININO','BRANCO','0000-00-00','1955-07-25','1º DISTRITO DE NOVA FRIBURGO','2','115 V','1432','INDETERMINADA','','','0','1');

 INSERT INTO tabela_sepultamento VALUES('430','0430','0','0','1','','JOSE MANOEL CABRAL','','','MASCULINO','BRANCO','0000-00-00','1955-09-22','1º DISTRITO DE NOVA FRIBURGO','1','105','416','SIFILIS CONGENITA','','','0','1');

 INSERT INTO tabela_sepultamento VALUES('431','0431','0','0','1','','NATIMORTO FILHO DE PEDRO LAGOA','','','MASCULINO','BRANCO','0000-00-00','1955-10-06','1º DISTRITO DE NOVA FRIBURGO','1','108','429','DISTOXIA FETAL','','','0','1');

 INSERT INTO tabela_sepultamento VALUES('432','0432','0','0','1','','MARIZA HUBACK DOS SANTOS','','','FEMININO','BRANCO','0000-00-00','1955-10-16','4º DISTRITO DE NOVA FRIBURGO','4','10 V A 11','1655','SEM ASSISTENCIA MÉDICA','','','0','1');

 INSERT INTO tabela_sepultamento VALUES('433','0433','0','0','1','','NATIMORTO FILHO DE DORVALINO TEIXEIRA','','','MASCULINO','','0000-00-00','1955-12-27','','','','','','','','0','1');

 INSERT INTO tabela_sepultamento VALUES('434','0434','0','0','1','','VANDERLEY KLEIN','','','MASCULINO','BRANCO','0000-00-00','1954-01-05','4º DISTRITO DE NOVA FRIBURGO','3','184 V','1598','NATURAL','','','0','1');

 INSERT INTO tabela_sepultamento VALUES('435','0435','0','0','1','','LUIZ ALFREDO TARDEM','','','MASCULINO','BRANCO','0000-00-00','1954-03-04','1º DISTRITO DE NOVA FRIBURGO','51','30','14327','INSUFICIENCIA CARDIO RENAL','','','0','1');

 INSERT INTO tabela_sepultamento VALUES('436','0436','32','26','0','01','NATHALINO OZORIO BOM','','','MASCULINO','BRANCO','0000-00-00','1954-05-22','4º DISTRITO DE NOVA FRIBURGO','3','188 V','1607','NATURAL','','','0','1');

 INSERT INTO tabela_sepultamento VALUES('437','0437','0','0','1','','MARIA DA SILVA','','','FEMININO','BRANCO','0000-00-00','1954-06-16','1º DISTRITO DE NOVA FRIBURGO','','','124','GASTRO INDUITE','','','0','1');

 INSERT INTO tabela_sepultamento VALUES('438','0438','0','0','1','','SONIA REGINA SANDRAT','','','FEMININO','BRANCO','0000-00-00','1954-06-30','1º DISTRITO DE NOVA FRIBURGO','1','136','136','NEFRITE','','','0','1');

 INSERT INTO tabela_sepultamento VALUES('439','0439','19','16','0','02','DORCELINA CABRAL','','','FEMININO','BRANCO','0000-00-00','1954-08-26','1º DISTRITO DE NOVA FRIBURGO','1','175','','ANEMIA AGUDA','','','0','1');

 INSERT INTO tabela_sepultamento VALUES('440','0440','0','0','1','','NATIMORTO FILHO DE LUIZ AFFONSO BARROSO','','','MASCULINO','BRANCO','0000-00-00','1953-04-01','1º DISTRITO DE NOVA FRIBURGO','50','48  E 48 V','13870','SEM ASSISTENCIA MÉDICA','','','0','1');

 INSERT INTO tabela_sepultamento VALUES('441','0441','0','0','1','','MARIA ROSA KLEIN','','','FEMININO','BRANCO','0000-00-00','1953-05-03','4º DISTRITO DE NOVA FRIBURGO','3','177','1582','NATURAL','','','0','1');

 INSERT INTO tabela_sepultamento VALUES('442','0442','0','0','1','','NATIMORTO FILHA DE FRANCISCI GUILANDE','','','FEMININO','PARDA','0000-00-00','1953-07-07','1º DISTRITO DE NOVA FRIBURGO','50','104 V A 105','14013','DEBILIDADE CONGENITA','','','0','1');

 INSERT INTO tabela_sepultamento VALUES('443','0443','0','0','1','','JOSÉ CLAUDIO BUSSINGER','','','MASCULINO','BRANCO','0000-00-00','1953-08-01','1º DISTRITO DE NOVA FRIBURGO','50','132 V E 133','14082','','','SEPULTADO NA COVA C.5, EXUMADO AUTORIZADO PELA SRA. VALDETE','0','1');

 INSERT INTO tabela_sepultamento VALUES('444','0444','0','0','1','','MARIA IRACEMA DOS SANTOS','','','FEMININO','PARDA','0000-00-00','1952-02-13','4º DISTRITO DE NOVA FRIBURGO','3','158','1536','NATURAL','','','0','1');

 INSERT INTO tabela_sepultamento VALUES('445','0445','0','0','1','','ALMERINDA RODRIGUES DA SILVA','','','FEMININO','BRANCO','0000-00-00','1952-03-20','5º DISTRITO DE NOVA FRIBURGO','9','41','2668','NATURAL','','','0','1');

 INSERT INTO tabela_sepultamento VALUES('446','0446','0','0','1','','DEJANIRA DA SILVEIRA','','','FEMININO','PARDA','0000-00-00','1952-03-22','4º DISTRITO DE NOVA FRIBURGO','3','161','','NATURAL','','','0','1');

 INSERT INTO tabela_sepultamento VALUES('447','0447','0','0','1','','MARIA CAROLINA FREIMAN','','','FEMININO','BRANCO','0000-00-00','1952-03-31','4º DISTRITO DE NOVA FRIBURGO','3','161 V E 162','1545','NATURAL','','','0','1');

 INSERT INTO tabela_sepultamento VALUES('448','0448','0','0','1','','LOURENÇO IZIDORO GOMES','','','MASCULINO','PARDA','0000-00-00','1952-05-23','1º DISTRITO DE NOVA FRIBURGO','49','82 V A 83','13462','INTOXICAÇÃO CANCEROSA','','','0','1');

 INSERT INTO tabela_sepultamento VALUES('449','0449','0','0','1','','NATIMORTO FILHO DE LEMIO AURELIANO','','','MASCULINO','PARDA','0000-00-00','1952-09-15','','','','','CAUSA TRAUMATICA QUEDA','','','0','1');

 INSERT INTO tabela_sepultamento VALUES('450','0450','0','0','1','','JOAO LUIZ BUSSINGER','','','MASCULINO','BRANCO','0000-00-00','1952-10-22','4º DISTRITO DE NOVA FRIBURGO','3','170','1565','NATURAL','','','0','1');

 INSERT INTO tabela_sepultamento VALUES('451','0451','0','0','1','','ALCIDINEI MARCHON','','','MASCULINO','BRANCO','0000-00-00','1952-10-29','1º DISTRITO DE NOVA FRIBURGO','49','','','DISTROFIA PLURICARENCIAL','','','0','1');

 INSERT INTO tabela_sepultamento VALUES('452','0452','0','0','1','','GUARIN FERNANDES DOS SANTOS','','','MASCULINO','BRANCO','0000-00-00','1952-11-18','1º DISTRITO DE NOVA FRIBURGO','49','18 E 18 V','13708','BRONQUITE CAPILAR','','','0','1');

 INSERT INTO tabela_sepultamento VALUES('453','0453','0','0','1','','EUGENIO A. BUSSINGER','','','MASCULINO','BRANCO','0000-00-00','1952-11-05','1º DISTRITO DE NOVA FRIBURGO','49','188 V A 189','13724','NEOPLASIA DO APARELHO DIGESTIVO','','','0','1');

 INSERT INTO tabela_sepultamento VALUES('454','0454','0','0','1','','MARIA THEREZINHA MARCHON','','','FEMININO','PARDA','0000-00-00','1952-11-12','4º DISTRITO DE NOVA FRIBURGO','3','170V','1566','NATURAL','','','0','1');

 INSERT INTO tabela_sepultamento VALUES('455','0455','0','0','1','','NELCY ALVES DA SILVEIRA','','','MASCULINO','PARDA','0000-00-00','1952-12-08','1º DISTRITO DE NOVA FRIBURGO','49','191V A 192','13728','INDETERMINADA','','','0','1');

 INSERT INTO tabela_sepultamento VALUES('456','0456','0','0','1','','MARIA GLORIA CHEREDE DE OLIVEIRA','','','FEMININO','BRANCO','0000-00-00','1952-12-26','1º DISTRITO DE NOVA FRIBURGO','49','198 V A 199','13748','DISTROFIA ALIMENTAR','','','0','1');

 INSERT INTO tabela_sepultamento VALUES('457','0457','0','0','1','','LUZIA FREIMAN','','','FEMININO','BRANCO','0000-00-00','1951-01-02','1º DISTRITO DE NOVA FRIBURGO','47','89 V A 90','12511','INDETERMINADA','','','0','1');

 INSERT INTO tabela_sepultamento VALUES('458','0458','0','0','1','','MARCIA DA CONCEIÇAO RIMES','','','FEMININO','BRANCO','0000-00-00','1951-01-18','4º DISTRITO DE NOVA FRIBURGO','3','142 V A 143','1499','NATURAL','','','0','1');

 INSERT INTO tabela_sepultamento VALUES('459','0459','19','16','0','01','MANOEL DO REGO CABRAL','','','MASCULINO','BRANCO','0000-00-00','1951-04-04','1º DISTRITO DE NOVA FRIBURGO','47','166 V A 167','12698','INSUFICIENCIA CARDIO RENAL','','','0','1');

 INSERT INTO tabela_sepultamento VALUES('460','0460','0','0','1','','CARLOS GOMES ','','','MASCULINO','BRANCO','0000-00-00','1951-04-12','1º DISTRITO DE NOVA FRIBURGO','47','174','12714','COLAPSIO CARDIACO','','','0','1');

 INSERT INTO tabela_sepultamento VALUES('461','0461','0','0','1','','MARIA HENRIQUETA HECKERT','','','FEMININO','BRANCO','0000-00-00','1951-07-03','4º DISTRITO DE NOVA FRIBURGO','3','146 V A 147','1509','NATURAL','','','0','1');

 INSERT INTO tabela_sepultamento VALUES('462','0462','0','0','1','','NATIMORTO FILHO DE JOAQUIM JOSE DA COSTA','','','MASCULINO','PRETO','0000-00-00','1951-07-09','1º DISTRITO DE NOVA FRIBURGO','48','36 V A 37','12865','INDETERMINADA','','','0','1');

 INSERT INTO tabela_sepultamento VALUES('463','0463','0','0','1','','JOSE LUIZ DE AQUINO','','','MASCULINO','BRANCO','0000-00-00','1951-09-15','1º DISTRITO DE NOVA FRIBURGO','48','77 V A 78','12965','12965','','','0','1');

 INSERT INTO tabela_sepultamento VALUES('464','0464','0','0','1','','WALDYR AMERICO GRIPP','','','MASCULINO','BRANCO','0000-00-00','1951-10-01','1º DISTRITO DE NOVA FRIBURGO','48','91 E 91 V','12998','INDETERMINADA','','','0','1');

 INSERT INTO tabela_sepultamento VALUES('465','0465','0','0','1','','NATIMORTO FILHO DE FRANCISCO GUILLANDE','','','MASCULINO','PARDA','0000-00-00','1951-10-11','1º DISTRITO DE NOVA FRIBURGO','48','98 V A 99','13017','DISTOCIA FETAL','','','0','1');

 INSERT INTO tabela_sepultamento VALUES('466','0466','0','0','1','','AURELINO KNUPP','','','MASCULINO','BRANCO','0000-00-00','1951-12-07','1º DISTRITO DE NOVA FRIBURGO','48','149 V A 150','13140','TOXICOSE','','','0','1');

 INSERT INTO tabela_sepultamento VALUES('467','0467','0','0','1','','MARIA MARLENE DA SILVA','','','FEMININO','BRANCO','0000-00-00','1951-12-28','4º DISTRITO DE NOVA FRIBURGO','3','155 V A 156','1531','NATURAL','','','0','1');

 INSERT INTO tabela_sepultamento VALUES('468','0468','0','0','1','','ANTONIO ROGERIO KNUPP','','','MASCULINO','BRANCO','0000-00-00','1950-02-05','4º DISTRITO DE NOVA FRIBURGO','3','127','1460','NATURAL','','','0','1');

 INSERT INTO tabela_sepultamento VALUES('469','0469','0','0','1','','LEONEL GRIPP','','','MASCULINO','BRANCO','0000-00-00','1950-03-18','4º DISTRITO DE NOVA FRIBURGO','3','127 V','1465','NATURAL','','','0','1');

 INSERT INTO tabela_sepultamento VALUES('470','0470','0','0','1','','JOAO AMERICO GRIPP','','','MASCULINO','BRANCO','0000-00-00','1950-03-29','4º DISTRITO DE NOVA FRIBURGO','3','131','1469','NATURAL','','','0','1');

 INSERT INTO tabela_sepultamento VALUES('471','0471','0','0','1','','RUTH LOPES DOS SANTOS','','','FEMININO','PARDA','0000-00-00','1950-05-21','4º DISTRITO DE NOVA FRIBURGO','3','134','1468','NATURAL','','','0','1');

 INSERT INTO tabela_sepultamento VALUES('472','0472','0','0','1','','FRANCISCA BERNARDA DA SILVEIRA','','','FEMININO','BRANCO','0000-00-00','1950-06-16','1º DISTRITO DE NOVA FRIBURGO','46','170','12219','INSUFICIENCIA CARDIO RENAL','','','0','1');

 INSERT INTO tabela_sepultamento VALUES('473','0473','0','0','1','','GILVANO DE JESUS','','','MASCULINO','PARDA','0000-00-00','1950-07-20','1º DISTRITO DE NOVA FRIBURGO','46','174 E 174 V','12227','INDETERMINADA','','','0','1');

 INSERT INTO tabela_sepultamento VALUES('474','0474','0','0','1','','MARIA GRACINDA DOS SANTOS','','','FEMININO','BRANCO','0000-00-00','1950-07-27','4º DISTRITO DE NOVA FRIBURGO','3','136  E 136 V','1483','NATURAL','','','0','1');

 INSERT INTO tabela_sepultamento VALUES('475','0475','0','0','1','','MARLENE PEREIRA DOS SANTOS','','','FEMININO','PARDA','0000-00-00','1950-08-23','1º DISTRITO DE NOVA FRIBURGO','47','6 E 6 V','12305','INDETERMINADA','','','0','1');

 INSERT INTO tabela_sepultamento VALUES('476','0476','16','13','0','02','MANOEL RODRIGUES','','','MASCULINO','BRANCO','0000-00-00','1950-09-11','5º DISTRITO DE NOVA FRIBURGO','8','183','2545','SEM ASSISTENCIA MÉDICA','','','0','1');

 INSERT INTO tabela_sepultamento VALUES('477','0477','0','0','1','','RAYMUNDO FIGUEIREDO','','','MASCULINO','BRANCO','0000-00-00','1949-03-08','1º DISTRITO DE NOVA FRIBURGO','45','17 V E 18','11383','GASTRO ENTERITE','','','0','1');

 INSERT INTO tabela_sepultamento VALUES('478','0478','0','0','1','','MARIA DOS SANTOS','','','FEMININO','BRANCO','0000-00-00','1949-03-23','4º DISTRITO DE NOVA FRIBURGO','3','110 E 110 V','1423','NATURAL','','','0','1');

 INSERT INTO tabela_sepultamento VALUES('479','0479','0','0','1','','NATIMORTO FILHO DE JOSE FRANKLIN DE FIGUEIREDO','','','MASCULINO','BRANCO','0000-00-00','1949-04-22','1º DISTRITO DE NOVA FRIBURGO','45','60 E60 V','11477','SEM ASSISTENCIA MÉDICA','','','0','1');

 INSERT INTO tabela_sepultamento VALUES('480','0480','0','0','1','','MARIA LUCIA CABRAL','','','FEMININO','PARDA','0000-00-00','1949-06-15','1º DISTRITO DE NOVA FRIBURGO','45','111 E 111 V','11594','GASTRO ENTERITE','','','0','1');

 INSERT INTO tabela_sepultamento VALUES('481','0481','0','0','1','','NATIMORTO FILHO DE CECILIA MARIA DE OLIVEIRA FROSSARD','','','MASCULINO','BRANCO','0000-00-00','1949-06-27','4º DISTRITO DE NOVA FRIBURGO','3','116 V E 117','1436','SEM ASSISTENCIA MÉDICA','','','0','1');

 INSERT INTO tabela_sepultamento VALUES('482','0482','0','0','1','','EMILIA MARIA CUSTODIO','','','FEMININO','PARDA','0000-00-00','1949-07-08','1º DISTRITO DE NOVA FRIBURGO','45','127 V A 128','11632','HEMORRAGIA CEREBRAL','','','0','1');

 INSERT INTO tabela_sepultamento VALUES('483','0483','0','0','1','','ELZA LACK','','','FEMININO','BRANCO','0000-00-00','1949-10-12','5º DISTRITO DE NOVA FRIBURGO','8','151','2471','BRONQUITE CAPILAR','','','0','1');

 INSERT INTO tabela_sepultamento VALUES('484','0484','0','0','1','','MANOEL GETULIO DE PAULA','','','MASCULINO','PRETO','0000-00-00','1949-11-09','1º DISTRITO DE NOVA FRIBURGO','46','13 E 13 V','11829','DISTROFIA PLURICARENCIAL','','','0','1');

 INSERT INTO tabela_sepultamento VALUES('485','0485','0','0','1','','LUCIA DA SILVA','','','FEMININO','PARDA','0000-00-00','1948-03-03','1º DISTRITO DE NOVA FRIBURGO','43','119 V A 120','10667','GASTRO ENTERITE','','','0','1');

 INSERT INTO tabela_sepultamento VALUES('486','0486','0','0','1','','AGUIDA MARIA DA CONCEIÇÃO','','','FEMININO','PARDA','0000-00-00','1949-03-18','1º DISTRITO DE NOVA FRIBURGO','43','123 E 123 V','10675','SENILIDADE','','','0','1');

 INSERT INTO tabela_sepultamento VALUES('487','0487','0','0','1','','PEDRO GUILHERME HECHERT','','','FEMININO','BRANCO','0000-00-00','1949-03-21','1º DISTRITO DE NOVA FRIBURGO','43','139 E 139 V','10716','','','','0','1');

 INSERT INTO tabela_sepultamento VALUES('488','0488','0','0','1','','JOSE CLAUDIO NASCIMENTO','','','MASCULINO','PRETO','0000-00-00','1948-05-15','1º DISTRITO DE NOVA FRIBURGO','43','188 V','','CAQUEIXA','','','0','1');

 INSERT INTO tabela_sepultamento VALUES('489','0489','0','0','1','','JULIO FAGUNDES DO AMARAL','','','MASCULINO','BRANCO','0000-00-00','1948-03-25','1º DISTRITO DE NOVA FRIBURGO','43','199 E 199 V','10864','BRONCO PNEUMONIA','','','0','1');

 INSERT INTO tabela_sepultamento VALUES('490','0490','0','0','1','','HILDA DE SOUZA','','','FEMININO','BRANCO','0000-00-00','1948-10-19','1º DISTRITO DE NOVA FRIBURGO','44','99','11105','NEFRITE AGUDA','','','0','1');

 INSERT INTO tabela_sepultamento VALUES('491','0491','0','0','1','','NATIMORTO FILHO DE JOÃO PINTO GARCIA','','','MASCULINO','PARDA','0000-00-00','1947-01-20','1º DISTRITO DE NOVA FRIBURGO','42','16 V A 17','9926','LUES CONGENITA','','','0','1');

 INSERT INTO tabela_sepultamento VALUES('492','0492','0','0','1','','JULIO GONÇALVES GAMA','','','MASCULINO','PARDA','0000-00-00','1947-01-25','4º DISTRITO DE NOVA FRIBURGO','3','55 V E 57','1303','NATURAL','','','0','1');

 INSERT INTO tabela_sepultamento VALUES('493','0493','16','13','0','02','ATALIDIO RODRIGUES','','','MASCULINO','PARDA','0000-00-00','1947-01-31','1º DISTRITO DE NOVA FRIBURGO','42','26 E 26 V','9950','SEM ASSISTENCIA MÉDICA','','','0','1');

 INSERT INTO tabela_sepultamento VALUES('494','0494','0','0','1','','NATIMORTO FILHO DE MARGARIDA R DA SILVA','','','MASCULINO','BRANCO','0000-00-00','1947-02-10','4º DISTRITO DE NOVA FRIBURGO','3','58 E 58 V','1309','NATURAL','','','0','1');

 INSERT INTO tabela_sepultamento VALUES('495','0495','0','0','1','','JOSE MATHEUS DA SILVA','','','MASCULINO','BRANCO','0000-00-00','1947-02-12','4º DISTRITO DE NOVA FRIBURGO','3','58 V E 59','1310','NATURAL','','','0','1');

 INSERT INTO tabela_sepultamento VALUES('496','0496','0','0','1','','JOVELINA DUARTE','','','MASCULINO','BRANCO','0000-00-00','1947-03-11','4º DISTRITO DE NOVA FRIBURGO','3','64 E 64 V','1323','NATURAL','','','0','1');

 INSERT INTO tabela_sepultamento VALUES('497','0497','0','0','1','','CID PEREIRA DOS SANTOS','','','MASCULINO','BRANCO','0000-00-00','1947-04-14','4º DISTRITO DE NOVA FRIBURGO','3','65 V','1326','NATURAL','','','0','1');

 INSERT INTO tabela_sepultamento VALUES('498','0498','0','0','1','','JOAO MANOEL KNUPP','','','MASCULINO','BRANCO','0000-00-00','1947-06-25','1º DISTRITO DE NOVA FRIBURGO','42','143 E 143 V','10237','SEM ASSISTENCIA MÉDICA','','SEPULTADO NA C.6, EXUMADO.','0','1');

 INSERT INTO tabela_sepultamento VALUES('499','0499','0','0','1','','DORVAL FREIMAN','','','MASCULINO','BRANCO','0000-00-00','1947-07-08','1º DISTRITO DE NOVA FRIBURGO','42','148 E 148 V','10250','TORXICOSE, DIRREIA','','','0','1');

 INSERT INTO tabela_sepultamento VALUES('500','0500','0','0','1','','JANICE KLEIN','','','FEMININO','BRANCO','0000-00-00','1947-09-10','1º DISTRITO DE NOVA FRIBURGO','43','3 V','10381','NEFROSE','','','0','1');

 INSERT INTO tabela_sepultamento VALUES('501','0501','0','0','1','','MARIA JOSE FIGUEIREDO','','','FEMININO','BRANCO','0000-00-00','1947-09-07','1º DISTRITO DE NOVA FRIBURGO','43','22 V E 23','10430','SEM ASSISTENCIA MÉDICA','','','0','1');

 INSERT INTO tabela_sepultamento VALUES('502','0502','107','95','0','01','MATHILDE FRANCISCA DE AZEVEDO','','','FEMININO','BRANCO','0000-00-00','1947-10-16','1º DISTRITO DE NOVA FRIBURGO','43','29 E 29 V','10447','BRONQUITE CAPILAR','','','0','1');

 INSERT INTO tabela_sepultamento VALUES('503','0503','0','0','1','','WALDYR GOMES','','','MASCULINO','PARDA','0000-00-00','1947-11-04','1º DISTRITO DE NOVA FRIBURGO','43','44 E 44 V','10483','MENINGITE','','','0','1');

 INSERT INTO tabela_sepultamento VALUES('504','0504','0','0','1','','JULIO CHRISTIANO PEREIRA','','','MASCULINO','BRANCO','0000-00-00','1947-11-23','1º DISTRITO DE NOVA FRIBURGO','43','56 V E 57','10514','INSUFICIENCIA CARDIO RENAL','','','0','1');

 INSERT INTO tabela_sepultamento VALUES('505','0505','0','0','1','','NATIMORTO FILHO D JOAO FROSSARD','','','MASCULINO','','0000-00-00','1947-12-29','4º DISTRITO DE NOVA FRIBURGO','3','85','','NATURAL','','','0','1');

 INSERT INTO tabela_sepultamento VALUES('506','0506','109','95','0','01','CREUZA FRANCISCO DE AZEVEDO','','','FEMININO','BRANCO','0000-00-00','1946-12-19','1º DISTRITO DE NOVA FRIBURGO','41','179 E 179 V','9832','GASTRO ENTERITE','','','0','1');

 INSERT INTO tabela_sepultamento VALUES('507','0507','108','95','0','02','NALZIRA FRANCISCO DE AZEVEDO','','','FEMININO','BRANCO','0000-00-00','1946-12-22','1º DISTRITO DE NOVA FRIBURGO','41','182 V E 183','9841','TORXICOSE, DIARREIA','','','0','1');

 INSERT INTO tabela_sepultamento VALUES('508','0508','15','12','0','01','NATALICE CABRAL BOHRER','','06.665.878-2','FEMININO','BRANCO','1949-05-23','2023-01-24','1º DISTRITO DE NOVA FRIBURGO','C-180','282','48496','FALENCIA DE MULTIPLOS ORGAOS','12','','0','1');

 INSERT INTO tabela_sepultamento VALUES('509','0509','81','69','0','01','NICOLAS LINCON BENDENO NUNES','232.942.737-97','36.148.989-1','MASCULINO','PARDA','2023-03-05','2023-03-08','1ª RCPNT DA CAPITAL PRAIA DE OLARIA','C-247','142','86958','CHOQUE CARDIOGENIO, INSUF RESPIRATORIA AGUDA','69','','0','1');

 INSERT INTO tabela_sepultamento VALUES('510','0510','50','44','0','01','NELLY DE OLIVEIRA MACARIO','','23.466.553-7','FEMININO','BRANCO','1947-01-02','2023-05-24','1º DISTRITO DE NOVA FRIBURGO','C-182','92','48906','INSUFICIENCIA CARDIACA TROMBOEMBOLISMO PULMONAR','44-56','','0','1');

 INSERT INTO tabela_sepultamento VALUES('511','0511','78','67','0','01','JOAO MARCOS FROSSARD SILVEIRA DA SILVA','','36.317.886-4','MASCULINO','PARDA','2023-06-08','2023-06-15','1º DISTRITO DE NOVA FRIBURGO','C-1','37','37','INSUFICIENCIA RESPIRATORIA, SEPSE, PREMATURIDADE','67','','0','1');

 INSERT INTO tabela_sepultamento VALUES('512','0512','65','55','0','01','JOSE AMERICO BAZZICHI','','','MASCULINO','BRANCO','1941-11-10','2023-07-12','1º DISTRITO DE NOVA FRIBURGO','C-182','284','49098','AVC, ELIPSIA, TVP','55-123','','0','1');

 INSERT INTO tabela_sepultamento VALUES('513','0513','26','21','0','02','JULIA MARIA DOS SANTOS','','','FEMININO','BRANCO','1938-09-08','2023-07-13','1º DISTRITO DE NOVA FRIBURGO','C-182','287','49101','INDETERMINADA, ALZHEIMER','21','','0','1');

 INSERT INTO tabela_sepultamento VALUES('514','0514','18','15','0','01','GLORIA FRANCISCA SCHUMACKER MAFORT','','','FEMININO','BRANCO','1939-10-04','2023-07-30','1º DISTRITO DE NOVA FRIBURGO','C-183','64','49178','INDETERMINADA','15','','0','1');

 INSERT INTO tabela_sepultamento VALUES('515','0515','119','105','0','01','JORGE FROSSARD','','','MASCULINO','BRANCO','1951-04-20','2023-10-29','1º DISTRITO DE NOVA FRIBURGO','C-184','92','49506','INS. RESPIRATORIA, INS CARDIACA, DIABETES','105','SEPULTURA DE ALUGUEL, SEPULTADO NA 1º POSIÇÃO','0','1');

 INSERT INTO tabela_sepultamento VALUES('516','0516','31','25','0','02','MARIA FRANCISCA GRIPP','','','FEMININO','BRANCO','1931-09-17','2023-11-15','1º DISTRITO DE NOVA FRIBURGO','C-184','152','49566','INDETERMINADA','25-125','','0','1');

 INSERT INTO tabela_sepultamento VALUES('517','0517','121','107','0','02','BRENDA','00.000.000-00','0.000.000-0','FEMININO','BRANCO','2000-08-12','2023-07-20','1º DISTRITO DE NOVA FRIBURGO','C-184','183','49566','INDETERMINADA','107-126','','0','0');

 INSERT INTO tabela_sepultamento VALUES('518','0518','21','17','0','02','DORVALINO BERNADO DA SILVEIRA ','00.000.000-00','0.000.000-0','MASCULINO','BRANCO','1941-06-23','2023-11-18','1º DISTRITO DE NOVA FRIBURGO','C-184','183','49597','TRAUMATISMO DO CRANIO E DA FACE ','17-127','','0','1');

 INSERT INTO tabela_sepultamento VALUES('519','0519','86','74','0','01','JOSE PEREIRA DOS SANTOS','','','MASCULINO','PARDA','1935-03-15','2023-12-12','1º DISTRITO DE NOVA FRIBURGO','C-184','252','49666','CARDIOPATIA ISQUEMICA, HIPERTENSÃO ARTERIAL SISTEMICA','74-100','','0','1');

 INSERT INTO tabela_sepultamento VALUES('520','0520','27','22','0','01','ORIDIA DE CASTRO BRANCO','','04.850.228-0','FEMININO','BRANCO','1927-01-27','2024-01-09','1º DISTRITO DE NOVA FRIBURGO','C-185','49','49763','INSUFICIENCIA RESPIRATORIA, PNEUMONIA','22','','0','1');

 INSERT INTO tabela_sepultamento VALUES('521','0521','127','113','0','02','JOSE LUIZ KLEN','','','MASCULINO','BRANCO','1953-08-12','2024-01-30','1º DISTRITO DE NOVA FRIBURGO','C-185','132','49846','CHOQUE HIPOVOLEMICO, CIRROSE HEPÁTICA','','SEPULTURA DE ALUGUEL.','0','1');

 INSERT INTO tabela_sepultamento VALUES('522','0522','12','9','0','02','OSVALDINA GRIPP DE MELLO','','08.409.311-1','FEMININO','BRANCO','1937-04-17','2024-03-22','1º DISTRITO DE NOVA FRIBURGO','C-186','45','50059','INSUFICIÊNCIA RESPIRATÓRIA AGUDA, NEOPLASIA PULMONAR','9-131','','0','1');

 INSERT INTO tabela_sepultamento VALUES('523','0523','19','16','0','01','MANOEL GILDO SCHIMIDT','','','MASCULINO','BRANCO','1948-02-04','2024-05-16','1º DISTRITO DE NOVA FRIBURGO','C-186','255','50269','PARADA CARDIORESPIRATORIA','16-21','','0','1');

 INSERT INTO tabela_sepultamento VALUES('524','0524','66','56','0','03','ELIZABETE DE OLIVEIRA DOS SANTOS','','05.400.511-1','FEMININO','BRANCO','0000-00-00','2024-06-12','1º DISTRITO DE NOVA FRIBURGO','C-187','60','50374','CHOQUE SEPTICO, SEPSE CUTANEA','56','','0','1');

 INSERT INTO tabela_sepultamento VALUES('525','0525','31','25','0','03','JACQUELINE GRIPP OUVERNEY','038.841.777-37','10.677.822-8','FEMININO','BRANCO','0000-00-00','2024-06-24','5º DISTRITO DE NOVA FRIBURGO','C-00013','83','814','SEPSE URINÁRIA, TROMBOSE DA VEIA RENAL','25-132','','0','1');

 INSERT INTO tabela_sepultamento VALUES('526','0526','122','108','0','01','LUCIANA NOVAES DA SILVA SCHIMIDT','','','FEMININO','BRANCO','0000-00-00','2024-07-21','1º DISTRITO DE NOVA FRIBURGO','C-187','237','50551','INDETERMINADA','108','','0','1');

 INSERT INTO tabela_sepultamento VALUES('527','0527','123','109','0','1ª POSIÇÃO','JOSÉ GILMAR CARDOZO','100.283.127-08','20.510.115-7','MASCULINO','BRANCO','1973-06-21','2024-08-13','5º DISTRITO DE NOVA FRIBURGO','C-00013','90','821','ASMA BRÔNQUICA, INSF. RESPIRATÓRIA','109','','0','1');

 INSERT INTO tabela_sepultamento VALUES('528','0528','87','75','0','01','NATHALINA DE SOUZA LACK','','08.092.963-1','FEMININO','BRANCO','1937-08-10','2024-09-18','1º DISTRITO DE NOVA FRIBURGO','C-188','186','50800','INSUFICIENCIA CARDIACA DESCONPENSADA ','75','','0','1');

 INSERT INTO tabela_sepultamento VALUES('529','0529','27','22','0','02','EMILIO BRANCO ALONSO','','09.988.928-1','MASCULINO','BRANCO','1977-08-10','2024-10-06','1º DISTRITO DE NOVA FRIBURGO','C-188','268','50882','CHOQUE DISTRIBUTIVO, TROMBOEMBOLISMO PULMONAR','22-28','','0','1');

 INSERT INTO tabela_sepultamento VALUES('530','0530','63','53','0','02','CARLOS ALBERTO VIDAL BOY','','2.108.554-2','MASCULINO','BRANCO','0000-00-00','2024-10-11','1º DISTRITO DE NOVA FRIBURGO','C-188','288','50902','ASFIXIA POR ENFORCAMENTO','53','','0','1');

 INSERT INTO tabela_sepultamento VALUES('531','0531','125','111','0','01','TESTE','000.000.000-00','','FEMININO','PRETO','0000-00-00','2024-10-16','','','','','','111','','0','1');

 INSERT INTO tabela_sepultamento VALUES('532','0532','126','112','0','02','JOÃO ADAILTON KLEIN','','12.329.969-5','MASCULINO','BRANCO','1979-09-19','2024-10-22','1º DISTRITO DE NOVA FRIBURGO','C-189','43','50957','NEOPLASIA GASTRICA AVANÇADA','112','','0','1');

 INSERT INTO tabela_sepultamento VALUES('533','0533','61','51','0','01','MARIA DE LOURDES BALMANT BUSSINGER','','06.730.269-5','FEMININO','BRANCO','0000-00-00','2024-10-24','1º DISTRITO DE NOVA FRIBURGO','C-189','53','50967','CHOQUE HIPOLOLEMICO, ENTERONOGIA','51-68','','0','1');

 INSERT INTO tabela_sepultamento VALUES('534','0534','10','7','0','01','ALTAMIRA CABRAL MINEIRO','032.581.257-83','08.926.000-4','FEMININO','BRANCO','1926-10-09','2024-11-05','RCPN DO DISTRITO UNICO DE BELFORD ROXO','C-00196','289','75921','METASTASE PULMONAR, NEOPLASIA DE MAMA','7','','0','1');

 INSERT INTO tabela_sepultamento VALUES('535','0535','83','71','0','01','JOSE RONES KLEIN','','05.519.741-2','MASCULINO','BRANCO','1961-01-06','2025-03-04','1º DISTRITO DE NOVA FRIBURGO','C-190','236','51450','NATURAL, INDETERMINADA','71','','0','1');

 INSERT INTO tabela_sepultamento VALUES('536','0536','9','6','0','01','VITORIO CARPI NETO','062.008.907-57','26.406.385-0','MASCULINO','BRANCO','2001-07-31','2025-03-20','CARTORIO 6º DISTRITO','C-00035','245','9953','POLITRAUMATISMO','6','','0','1');

 INSERT INTO tabela_sepultamento VALUES('537','0537','53','47','0','02','OSVALDO OLIVEIRA RAMOS','358.541.547-49','59.212-5','MASCULINO','BRANCO','1939-06-10','2025-03-29','1º DISTRITO DE NOVA FRIBURGO','C-191','9','51523','SIDROME CORONARIANA AGUDA H.A.S','47-144','','0','1');

 INSERT INTO tabela_sepultamento VALUES('538','0538','26','21','0','03','JOÃO LUIZ DA PAIXÃO','','10.444.428-6','MASCULINO','BRANCO','1975-02-12','2025-04-11','1º DISTRITO DE NOVA FRIBURGO','C-191','52','51566','INSUFICIÊNCIA RESPIRATÓRIA AGUDA','21','','0','1');

 INSERT INTO tabela_sepultamento VALUES('539','0539','54','48','0','01','EDMAR DE JESUS BUSSINGER HECKERT','827.203.987-72','06.187.281-8','MASCULINO','BRANCO','1963-02-16','2025-04-29','6º DISTRITO DE NOVA FRIBURGO','C-00035','277','9985','INFARTO AGUDO DO MIOCARDIO','48-62','','0','1');

 INSERT INTO tabela_sepultamento VALUES('540','0540','28','23','0','01','ANOREMA DE OLIVEIRA','','27.738.826-4','FEMININO','PARDA','1940-01-13','2025-05-04','1º DISTRITO DE NOVA FRIBURGO','C-191','135','51649','INSUFICIENCIA RESPIRATÓRIA AGUDA','23-29','','0','1');

 INSERT INTO tabela_sepultamento VALUES('541','0541','130','115','0','01','CARLOS ANTONIO GONCALVES','','80.348.356-9','MASCULINO','BRANCO','1933-06-18','2025-05-03','1º DISTRITO DE NOVA FRIBURGO','C-191','133','51647','CHOQUE SEPTICO','115','','0','1');

 INSERT INTO tabela_sepultamento VALUES('542','0542','131','116','0','01','JUDITH PEREIRA DOS SANTOS','','','FEMININO','BRANCO','1937-04-07','2025-06-02','1º DISTRITO DE NOVA FRIBURGO','C-191','270','51784','SEPSE PULMONAR','116','','0','1');

CREATE TABLE `tabela_sepultura` (
  `id` int(11) NOT NULL AUTO_INCREMENT,
  `numero` varchar(20) NOT NULL,
  `proprietario` int(11) NOT NULL,
  `tipoSepultura` int(11) NOT NULL,
  `numeroGavetas` int(11) NOT NULL,
  `quadra` varchar(255) NOT NULL,
  `bloco` varchar(255) NOT NULL,
  `observacoes` text NOT NULL,
  `autorizados` varchar(255) NOT NULL,
  `ativo` tinyint(4) NOT NULL,
  PRIMARY KEY (`id`)
) ENGINE=InnoDB AUTO_INCREMENT=133 DEFAULT CHARSET=utf8mb4;

 INSERT INTO tabela_sepultura VALUES('1','A.2','2','4','3','A','','','["3"]','1');

 INSERT INTO tabela_sepultura VALUES('2','A.3 ','1','4','3','A','','','["1","2"]','1');

 INSERT INTO tabela_sepultura VALUES('3','I.9','1','4','3','A','','','["1","2"]','1');

 INSERT INTO tabela_sepultura VALUES('4','A.4 ','3','4','3','A','','','["4","5"]','1');

 INSERT INTO tabela_sepultura VALUES('5','A.5','4','4','3','A','','','["6"]','1');

 INSERT INTO tabela_sepultura VALUES('6','H.6','4','4','3','A','','JAZIGO DOADO PARA O SOBRINHO MARCELO SCHOTTG CONSTANTINO EM 03/02/2025 CONTRATO Nº114 FEIRO POR NATALIA HERDY NA MSB  ANUIDADE DE 2025 PAGA (R$240,00)','Array','1');

 INSERT INTO tabela_sepultura VALUES('7','A.6 ','5','4','3','A','','','Array','1');

 INSERT INTO tabela_sepultura VALUES('8','G.2','4','4','3','A','','','["6"]','1');

 INSERT INTO tabela_sepultura VALUES('9','A.8','6','4','3','A','','','["7"]','1');

 INSERT INTO tabela_sepultura VALUES('10','A.9','7','4','3','A','','','Array','1');

 INSERT INTO tabela_sepultura VALUES('11','A.10','8','4','3','A','','','["8"]','1');

 INSERT INTO tabela_sepultura VALUES('12','A.11','9','4','3','A','','','["10"]','1');

 INSERT INTO tabela_sepultura VALUES('13','B.1','10','4','3','A','','','["11","12"]','1');

 INSERT INTO tabela_sepultura VALUES('14','B.2','11','4','3','A','','','["13"]','1');

 INSERT INTO tabela_sepultura VALUES('15','B.3','12','4','3','A','','','["14"]','1');

 INSERT INTO tabela_sepultura VALUES('16','B.4','13','4','2','A','','','["15"]','1');

 INSERT INTO tabela_sepultura VALUES('17','B.6','14','4','3','A','','','["16"]','1');

 INSERT INTO tabela_sepultura VALUES('18','B.8 ','15','4','3','A','','','["17","18","19","20"]','1');

 INSERT INTO tabela_sepultura VALUES('19','B.9','16','4','3','A','','','["21"]','1');

 INSERT INTO tabela_sepultura VALUES('20','B.10','17','4','2','A','','','["22"]','1');

 INSERT INTO tabela_sepultura VALUES('21','E.6','17','4','3','A','','','Array','1');

 INSERT INTO tabela_sepultura VALUES('22','E.7','17','4','3','A','','','["22"]','1');

 INSERT INTO tabela_sepultura VALUES('23','E.9','18','4','3','A','','','["23"]','0');

 INSERT INTO tabela_sepultura VALUES('24','B.11','20','4','3','A','','','["24"]','1');

 INSERT INTO tabela_sepultura VALUES('25','B.12','19','4','3','A','','','["25","26","27"]','1');

 INSERT INTO tabela_sepultura VALUES('26','C.1','21','4','3','A','','','Array','1');

 INSERT INTO tabela_sepultura VALUES('27','C.2','22','4','3','A','','','["28"]','1');

 INSERT INTO tabela_sepultura VALUES('28','C.3','23','4','3','A','','','Array','1');

 INSERT INTO tabela_sepultura VALUES('29','C.4','24','4','3','A','','','["30"]','1');

 INSERT INTO tabela_sepultura VALUES('30','I.10','24','4','3','A','','','["30"]','1');

 INSERT INTO tabela_sepultura VALUES('31','C.8','25','4','3','A','','','["31"]','1');

 INSERT INTO tabela_sepultura VALUES('32','C.9 ','26','4','3','A','','','["32"]','1');

 INSERT INTO tabela_sepultura VALUES('33','C.11','27','4','3','A','','','["33","34","35"]','1');

 INSERT INTO tabela_sepultura VALUES('34','D.1 ','28','4','3','A','','','["36"]','1');

 INSERT INTO tabela_sepultura VALUES('35','D.2','29','4','3','A','','','["37"]','1');

 INSERT INTO tabela_sepultura VALUES('36','D.3','30','4','2','A','','','["38"]','1');

 INSERT INTO tabela_sepultura VALUES('37','D.5','31','4','3','A','','','["39","40","41"]','1');

 INSERT INTO tabela_sepultura VALUES('38','D.9','32','4','3','A','','','["42"]','1');

 INSERT INTO tabela_sepultura VALUES('39','D.7','33','4','3','A','','','["43","44"]','1');

 INSERT INTO tabela_sepultura VALUES('40','D.8','34','4','3','A','','','["45"]','1');

 INSERT INTO tabela_sepultura VALUES('41','E.2','36','4','3','A','','','["46"]','1');

 INSERT INTO tabela_sepultura VALUES('42','E.1','35','4','3','A','','','["48"]','1');

 INSERT INTO tabela_sepultura VALUES('43','E.3','37','4','3','A','','','["49"]','1');

 INSERT INTO tabela_sepultura VALUES('44','E.9','38','4','3','A','','','["50"]','1');

 INSERT INTO tabela_sepultura VALUES('45','E.10','39','4','3','A','','','["51"]','1');

 INSERT INTO tabela_sepultura VALUES('46','E.11','40','4','3','A','','','Array','1');

 INSERT INTO tabela_sepultura VALUES('47','E.12','41','4','3','A','','','["52"]','1');

 INSERT INTO tabela_sepultura VALUES('48','F.1','42','4','3','A','','','["53","54"]','1');

 INSERT INTO tabela_sepultura VALUES('49','F.2','43','4','3','A','','','["55"]','1');

 INSERT INTO tabela_sepultura VALUES('50','F.3','44','4','3','A','','','Array','1');

 INSERT INTO tabela_sepultura VALUES('51','F.4','45','4','3','A','','','["57"]','1');

 INSERT INTO tabela_sepultura VALUES('52','F.5','46','4','3','A','','','["58","59"]','1');

 INSERT INTO tabela_sepultura VALUES('53','F.8','47','4','3','A','','','["60"]','1');

 INSERT INTO tabela_sepultura VALUES('54','F.9','48','4','2','A','','','["61","62"]','1');

 INSERT INTO tabela_sepultura VALUES('55','G.6','48','4','1','A','','','["61","62"]','1');

 INSERT INTO tabela_sepultura VALUES('56','F.10','49','4','2','A','','','Array','1');

 INSERT INTO tabela_sepultura VALUES('57','A.6 ','5','4','3','A','','','Array','1');

 INSERT INTO tabela_sepultura VALUES('58','F.12','50','4','3','A','','','["67"]','1');

 INSERT INTO tabela_sepultura VALUES('59','G.4','50','4','2','A','','','["67"]','1');

 INSERT INTO tabela_sepultura VALUES('60','J.2','50','4','2','A','','','["67"]','1');

 INSERT INTO tabela_sepultura VALUES('61','G.1','51','4','2','A','','','["68"]','1');

 INSERT INTO tabela_sepultura VALUES('62','G.7','52','4','2','A','','','["69"]','1');

 INSERT INTO tabela_sepultura VALUES('63','H.1','53','4','3','A','','','["70","71","72","73"]','1');

 INSERT INTO tabela_sepultura VALUES('64','H.2','54','4','3','A','','','["74"]','1');

 INSERT INTO tabela_sepultura VALUES('65','H.3','55','4','3','A','','','["75"]','1');

 INSERT INTO tabela_sepultura VALUES('66','H.5','56','4','2','A','','','["76"]','1');

 INSERT INTO tabela_sepultura VALUES('67','I.5','56','4','1','A','','SEPULTURA  ANTIGA  AGUARDANDO VISTORIA DO GUSTAVINHO PARA AUTORIZAR REFORMA NÃO TEM CONTRATO POR TANTO NÃO PAGOU ANUIDADE 2025','["76"]','1');

 INSERT INTO tabela_sepultura VALUES('68','H.8','57','4','3','A','','','["77"]','1');

 INSERT INTO tabela_sepultura VALUES('69','H.9','58','4','2','A','','','["78"]','1');

 INSERT INTO tabela_sepultura VALUES('70','H.12','59','4','3','A','','','["79"]','1');

 INSERT INTO tabela_sepultura VALUES('71','I.2','60','4','3','','','','["80","81"]','1');

 INSERT INTO tabela_sepultura VALUES('72','I.3','61','4','3','A','','','["82"]','1');

 INSERT INTO tabela_sepultura VALUES('73','I.4','62','4','3','A','','','["83"]','1');

 INSERT INTO tabela_sepultura VALUES('74','I.7','63','4','2','A','','','["84"]','1');

 INSERT INTO tabela_sepultura VALUES('75','I.11','64','4','2','A','','','["85"]','1');

 INSERT INTO tabela_sepultura VALUES('76','I.12','65','4','2','A','','','["86"]','1');

 INSERT INTO tabela_sepultura VALUES('77','I.14','66','4','3','A','','','["87"]','1');

 INSERT INTO tabela_sepultura VALUES('78','J.1','67','4','3','A','','','["88","89"]','1');

 INSERT INTO tabela_sepultura VALUES('79','K.1','67','1','1','A','','','["88","89"]','1');

 INSERT INTO tabela_sepultura VALUES('80','J.4','68','4','3','A','','','["90"]','1');

 INSERT INTO tabela_sepultura VALUES('81','J.5','69','4','2','A','','','["91"]','1');

 INSERT INTO tabela_sepultura VALUES('82','J.6','70','4','2','A','','','["92","93","94","95"]','1');

 INSERT INTO tabela_sepultura VALUES('83','J.10','71','4','3','','','','["96"]','1');

 INSERT INTO tabela_sepultura VALUES('84','J.12','72','4','2','A','','','["97"]','1');

 INSERT INTO tabela_sepultura VALUES('85','K.3','73','4','3','A','','','["98","99"]','1');

 INSERT INTO tabela_sepultura VALUES('86','K.4','74','4','3','','','','["100","101","102"]','1');

 INSERT INTO tabela_sepultura VALUES('87','K.5','75','4','3','A','','','["103"]','1');

 INSERT INTO tabela_sepultura VALUES('88','K.6','76','4','3','','','','["104"]','1');

 INSERT INTO tabela_sepultura VALUES('89','K.7','77','4','3','A','','','["105","106"]','1');

 INSERT INTO tabela_sepultura VALUES('90','K.11','78','4','3','A','','','["107","108","109"]','1');

 INSERT INTO tabela_sepultura VALUES('91','I.1','79','4','3','A','','','["110","111"]','1');

 INSERT INTO tabela_sepultura VALUES('92','B.7','80','4','3','A','','','Array','1');

 INSERT INTO tabela_sepultura VALUES('93','A.7','81','1','1','A','','','Array','1');

 INSERT INTO tabela_sepultura VALUES('94','D.6','82','1','1','A','','','Array','1');

 INSERT INTO tabela_sepultura VALUES('95','F.7','83','1','1','','','2 GAVETAS NO CHÃO','Array','1');

 INSERT INTO tabela_sepultura VALUES('96','F.11','84','1','1','A','','','Array','1');

 INSERT INTO tabela_sepultura VALUES('97','G.3','85','1','1','A','','','Array','1');

 INSERT INTO tabela_sepultura VALUES('98','H.4','86','1','1','A','','','Array','1');

 INSERT INTO tabela_sepultura VALUES('99','I.6','87','1','1','A','','','Array','1');

 INSERT INTO tabela_sepultura VALUES('100','I.8','88','1','1','A','','','Array','1');

 INSERT INTO tabela_sepultura VALUES('101','J.3','89','1','1','A','','','Array','1');

 INSERT INTO tabela_sepultura VALUES('102','J.7','90','1','1','A','','','Array','1');

 INSERT INTO tabela_sepultura VALUES('103','J.8','91','1','1','A','','','Array','1');

 INSERT INTO tabela_sepultura VALUES('104','K.8','92','1','1','A','','','Array','1');

 INSERT INTO tabela_sepultura VALUES('105','K.9','93','1','1','A','','','Array','1');

 INSERT INTO tabela_sepultura VALUES('106','K.10','94','1','1','A','','','Array','1');

 INSERT INTO tabela_sepultura VALUES('107','D.4','95','4','1','A','','','Array','1');

 INSERT INTO tabela_sepultura VALUES('108','E.4','95','4','1','A','','','Array','1');

 INSERT INTO tabela_sepultura VALUES('109','E.5','95','4','1','A','','','Array','1');

 INSERT INTO tabela_sepultura VALUES('110','K.2','96','4','3','A','','','Array','1');

 INSERT INTO tabela_sepultura VALUES('111','A.6','97','4','3','A','','','Array','1');

 INSERT INTO tabela_sepultura VALUES('112','E.8','98','4','3','A','','','Array','1');

 INSERT INTO tabela_sepultura VALUES('113','A.1','99','4','3','A','','','["113"]','1');

 INSERT INTO tabela_sepultura VALUES('114','B.5','100','4','3','A','','','["114"]','1');

 INSERT INTO tabela_sepultura VALUES('115','J.11A','101','1','1','A','','','Array','1');

 INSERT INTO tabela_sepultura VALUES('116','C.7','102','4','3','A','','','Array','1');

 INSERT INTO tabela_sepultura VALUES('117','J.9','103','4','3','A','','','Array','1');

 INSERT INTO tabela_sepultura VALUES('118','L1','104','4','3','B','F1N','','Array','1');

 INSERT INTO tabela_sepultura VALUES('119','G.8 1ª POSIÇÃO','105','4','1','A','','SEPULTURA DE ALUGUEL 1º POSIÇÃO','Array','1');

 INSERT INTO tabela_sepultura VALUES('120','L.1','106','4','3','B','','','["124"]','0');

 INSERT INTO tabela_sepultura VALUES('121','L.2','107','4','3','B','','','["126"]','0');

 INSERT INTO tabela_sepultura VALUES('122','L.2','108','4','1','B','GAVETA  ALUGUEL 1ª POSIÇÃO','SEPULTURA DE ALUGUEL','Array','1');

 INSERT INTO tabela_sepultura VALUES('123','H.11 ALUGUEL 1ª POSI','109','4','1','A','GAVETA  ALUGUEL 1ª POSIÇÃO','SEPULTURA DE ALUGUEL 1ª POSIÇÃO','Array','1');

 INSERT INTO tabela_sepultura VALUES('124','L.3','110','4','3','B','','','Array','1');

 INSERT INTO tabela_sepultura VALUES('125','W5','111','4','3','A','','','Array','1');

 INSERT INTO tabela_sepultura VALUES('126','H.11 ALUGUEL 2ª POSI','112','4','1','A','','GAVETA DE ALUGUEL 2ª POSIÇÃO','Array','1');

 INSERT INTO tabela_sepultura VALUES('127','G.8 2ª POSIÇÃO','113','4','1','A','','G.8 2ª POSIÇÃO ALUGUEL','Array','1');

 INSERT INTO tabela_sepultura VALUES('128','E.9 ','38','4','3','A','','','Array','1');

 INSERT INTO tabela_sepultura VALUES('129','H.6','114','4','3','A','','JAZIGO H.6 QUADRA  A  FOI DOADO PELO TIO:  ANTONIO CONSTANTINO E FEITO O CONTRATO Nº 114 NA MSB POR NATALIA HERDY','["139","140"]','1');

 INSERT INTO tabela_sepultura VALUES('130','L.9','115','4','3','B','','','Array','1');

 INSERT INTO tabela_sepultura VALUES('131','I.13  1ª POSIÇÃO','116','4','1','A','','GAVETA DE ALUGUEL 1ª POSIÇÃO','Array','1');

 INSERT INTO tabela_sepultura VALUES('132','03 ','117','3','1','A','','','Array','1');

CREATE TABLE `tabela_servico` (
  `id` int(11) NOT NULL AUTO_INCREMENT,
  `descricao` varchar(100) NOT NULL,
  `valor` float NOT NULL,
  `valorClienteNovo` float NOT NULL,
  `ativo` tinyint(4) NOT NULL,
  PRIMARY KEY (`id`)
) ENGINE=InnoDB DEFAULT CHARSET=utf8mb4;

CREATE TABLE `tabela_telefone` (
  `id` int(11) NOT NULL AUTO_INCREMENT,
  `cliente` int(11) NOT NULL,
  `telefone` varchar(20) NOT NULL,
  `contato` varchar(50) NOT NULL,
  `ativo` tinyint(4) NOT NULL,
  PRIMARY KEY (`id`)
) ENGINE=InnoDB AUTO_INCREMENT=164 DEFAULT CHARSET=utf8mb4;

 INSERT INTO tabela_telefone VALUES('1','1','(22) 22992-0277','LAIDE GAMA','1');

 INSERT INTO tabela_telefone VALUES('2','2','(22) 99882-9399','CECILIA CLAUDIA FROSSARD','1');

 INSERT INTO tabela_telefone VALUES('3','2','(22) 3016-1676','','1');

 INSERT INTO tabela_telefone VALUES('4','3','(22) 98156-1686','LUCIA DE FÁTIMA GONÇALVES BERNARDO DA SILVEIRA ','1');

 INSERT INTO tabela_telefone VALUES('5','4','(22) 99245-4790','LEINA GAMA CONSTANTINO','1');

 INSERT INTO tabela_telefone VALUES('6','6','(22) 99938-5739','','1');

 INSERT INTO tabela_telefone VALUES('7','8','(22) 2519-4056','JOSÉ WENDEROSCHY','1');

 INSERT INTO tabela_telefone VALUES('8','7','(21) 96421-0922','','1');

 INSERT INTO tabela_telefone VALUES('9','9','(22) 99888-9491','SELMA FATIMA DE MELLO','1');

 INSERT INTO tabela_telefone VALUES('10','10','(22) 99253-1045','ROSELI FREIMAM (EX NORA)','1');

 INSERT INTO tabela_telefone VALUES('11','11','(22) 99938-5739','PARA RECADO TICHA ','1');

 INSERT INTO tabela_telefone VALUES('12','13','(22) 2519-4028','','1');

 INSERT INTO tabela_telefone VALUES('13','13','(22) 99898-7214','','1');

 INSERT INTO tabela_telefone VALUES('14','14','(22) 2519-4016','','1');

 INSERT INTO tabela_telefone VALUES('15','15','(22) 99700-0507','ADRIANO SCHUMACKER MAFORT ','1');

 INSERT INTO tabela_telefone VALUES('16','16','(22) 2542-1105','','1');

 INSERT INTO tabela_telefone VALUES('17','16','(22) 2542-2139','','1');

 INSERT INTO tabela_telefone VALUES('18','17','(22) 99816-4146','CARLOS ALBERTO BERNARDO DA SILVEIRA ','1');

 INSERT INTO tabela_telefone VALUES('19','19','(22) 99887-4445','MARLENE ALVES GRIPP (ESPOSA)','1');

 INSERT INTO tabela_telefone VALUES('20','21','(22) 99218-3323','','1');

 INSERT INTO tabela_telefone VALUES('21','21','(22) 99781-2856','','0');

 INSERT INTO tabela_telefone VALUES('22','21','(22) 2523-4022','','1');

 INSERT INTO tabela_telefone VALUES('23','22','(22) 99815-3162','','1');

 INSERT INTO tabela_telefone VALUES('24','23','(22) 2519-5490','','1');

 INSERT INTO tabela_telefone VALUES('25','24','(22) 99811-9636','','1');

 INSERT INTO tabela_telefone VALUES('26','25','(22) 2522-6490','','1');

 INSERT INTO tabela_telefone VALUES('27','26','(22) 99962-2933','','1');

 INSERT INTO tabela_telefone VALUES('28','27','(22) 99276-6152','MARIA LUCIA DE JESUS SANTOS','1');

 INSERT INTO tabela_telefone VALUES('29','28','(22) 99261-0277','LUZILETE OUVERNEY ','1');

 INSERT INTO tabela_telefone VALUES('30','29','(22) 99268-4157','CLEYTON BRUST (FILHO)','1');

 INSERT INTO tabela_telefone VALUES('31','30','(22) 99715-7755','','1');

 INSERT INTO tabela_telefone VALUES('32','31','(22) 99888-9197','','1');

 INSERT INTO tabela_telefone VALUES('33','32','(22) 99291-2654','RAFAELA (FILHA)','1');

 INSERT INTO tabela_telefone VALUES('34','33','(22) 99221-9681','','1');

 INSERT INTO tabela_telefone VALUES('35','34','(22) 2526-4361','','1');

 INSERT INTO tabela_telefone VALUES('36','36','(22) 2542-1753','','0');

 INSERT INTO tabela_telefone VALUES('37','36','(22) 99922-0515','','1');

 INSERT INTO tabela_telefone VALUES('38','35','(22) 99225-1033','','1');

 INSERT INTO tabela_telefone VALUES('39','37','(22) 99829-8955','','1');

 INSERT INTO tabela_telefone VALUES('40','38','(22) 2542-1105','MARIA LUCIA CABRAL','1');

 INSERT INTO tabela_telefone VALUES('41','39','(22) 99944-9680','','1');

 INSERT INTO tabela_telefone VALUES('42','40','(22) 99918-4833','','1');

 INSERT INTO tabela_telefone VALUES('43','40','(22) 99871-1102','','1');

 INSERT INTO tabela_telefone VALUES('44','41','(22) 99731-3921','LAUZIRO GRIPP (SÓ LIGAÇÃO MELHOR HORÁRIO 12:00H)','1');

 INSERT INTO tabela_telefone VALUES('45','43','(22) 99963-3091','','1');

 INSERT INTO tabela_telefone VALUES('46','44','(22) 99863-5086','','1');

 INSERT INTO tabela_telefone VALUES('47','45','(22) 99739-3963','','1');

 INSERT INTO tabela_telefone VALUES('48','46','(22) 99257-3946','','1');

 INSERT INTO tabela_telefone VALUES('49','47','(22) 99701-6757','OSWALDO','1');

 INSERT INTO tabela_telefone VALUES('50','48','(22) 2519-4013','','1');

 INSERT INTO tabela_telefone VALUES('51','49','(22) 99279-4287','JOSÉ AUGUSTO RIMA','1');

 INSERT INTO tabela_telefone VALUES('52','49','(22) 99831-9229','','0');

 INSERT INTO tabela_telefone VALUES('53','49','(22) 2519-3546','MARIA HELENA','1');

 INSERT INTO tabela_telefone VALUES('54','51','(22) 2542-1722','','1');

 INSERT INTO tabela_telefone VALUES('55','52','(22) 99777-4991','','1');

 INSERT INTO tabela_telefone VALUES('56','53','(22) 99825-5976','','1');

 INSERT INTO tabela_telefone VALUES('57','53','(22) 2010-9217','','1');

 INSERT INTO tabela_telefone VALUES('58','54','(22) 99899-9456','','1');

 INSERT INTO tabela_telefone VALUES('59','55','(22) 99857-9135','','1');

 INSERT INTO tabela_telefone VALUES('60','56','(22) 99952-1688','','1');

 INSERT INTO tabela_telefone VALUES('61','57','(22) 99786-8761','','1');

 INSERT INTO tabela_telefone VALUES('62','58','(22) 2519-4317','','1');

 INSERT INTO tabela_telefone VALUES('63','58','(22) 2519-1743','','1');

 INSERT INTO tabela_telefone VALUES('64','59','(22) 99942-6257','','1');

 INSERT INTO tabela_telefone VALUES('65','60','(22) 99788-9559','JULIANA (FILHA)','0');

 INSERT INTO tabela_telefone VALUES('66','61','(22) 99806-0263','','1');

 INSERT INTO tabela_telefone VALUES('67','61','(22) 99806-0263','ZAP','1');

 INSERT INTO tabela_telefone VALUES('68','62','(22) 99938-2772','NEIDE NAR MOREIRA','1');

 INSERT INTO tabela_telefone VALUES('69','63','(22) 2519-4325','THEREZINHA DA SILVEIRA TARDEM','1');

 INSERT INTO tabela_telefone VALUES('70','64','(22) 3016-0700','NIULDA DOS SANTOS MARCHON','1');

 INSERT INTO tabela_telefone VALUES('71','65','(22) 2519-4325','MANUEL VALDENIR TARDEN (ESPOSO DA TEREZINHA)','1');

 INSERT INTO tabela_telefone VALUES('72','66','(22) 2542-1711','','1');

 INSERT INTO tabela_telefone VALUES('73','67','(22) 99729-1946','','1');

 INSERT INTO tabela_telefone VALUES('74','68','(22) 2519-4403','','0');

 INSERT INTO tabela_telefone VALUES('75','68','(22) 99863-0635','','1');

 INSERT INTO tabela_telefone VALUES('76','69','(22) 99806-8216','','1');

 INSERT INTO tabela_telefone VALUES('77','70','(22) 99952-0861','SONIA MARIA BOM','1');

 INSERT INTO tabela_telefone VALUES('78','70','(22) 99850-5491','JOSÉ ISMAEL BOY','1');

 INSERT INTO tabela_telefone VALUES('79','70','(22) 2527-1886','RITA DE CASSIA BOM ','1');

 INSERT INTO tabela_telefone VALUES('80','71','(22) 2542-1255','','0');

 INSERT INTO tabela_telefone VALUES('81','71','(21) 99185-4088','','1');

 INSERT INTO tabela_telefone VALUES('82','72','(22) 98818-3646','','1');

 INSERT INTO tabela_telefone VALUES('83','73','(22) 99208-9080','','1');

 INSERT INTO tabela_telefone VALUES('84','74','(22) 2519-4159','','0');

 INSERT INTO tabela_telefone VALUES('85','74','(22) 98842-7594','','0');

 INSERT INTO tabela_telefone VALUES('86','75','(22) 2527-5565','','1');

 INSERT INTO tabela_telefone VALUES('87','75','(22) 99889-2876','','1');

 INSERT INTO tabela_telefone VALUES('88','76','(22) 99285-2920','ADEMÁRIO MORAES','1');

 INSERT INTO tabela_telefone VALUES('89','76','(22) 2519-4254','','0');

 INSERT INTO tabela_telefone VALUES('90','77','(22) 2542-3123','','1');

 INSERT INTO tabela_telefone VALUES('91','78','(22) 99945-1203','','1');

 INSERT INTO tabela_telefone VALUES('92','78','(22) 99617-8765','ELIANE (FILHA)','1');

 INSERT INTO tabela_telefone VALUES('93','79','(22) 9927-3742','','1');

 INSERT INTO tabela_telefone VALUES('94','87','(22) 99954-5168','','1');

 INSERT INTO tabela_telefone VALUES('95','93','(22) 2519-4349','','1');

 INSERT INTO tabela_telefone VALUES('96','95','(22) 99962-6602','','1');

 INSERT INTO tabela_telefone VALUES('97','95','(22) 2522-6602','','1');

 INSERT INTO tabela_telefone VALUES('98','99','(22) 99890-4401','','1');

 INSERT INTO tabela_telefone VALUES('99','100','(22) 99909-0156','','1');

 INSERT INTO tabela_telefone VALUES('100','101','(21) 98800-9817','','1');

 INSERT INTO tabela_telefone VALUES('101','101','(22) 2543-9817','','1');

 INSERT INTO tabela_telefone VALUES('102','101','(22) 2542-1230','','1');

 INSERT INTO tabela_telefone VALUES('103','21','(22) 99621-5929','SILVANA','1');

 INSERT INTO tabela_telefone VALUES('104','104','(22) 99876-9681','','1');

 INSERT INTO tabela_telefone VALUES('105','105','(22) 99921-3201','','1');

 INSERT INTO tabela_telefone VALUES('106','106','(22) 99256-5119','','1');

 INSERT INTO tabela_telefone VALUES('107','107','(22) 99741-3198','','1');

 INSERT INTO tabela_telefone VALUES('108','110','(22) 99740-4107','','1');

 INSERT INTO tabela_telefone VALUES('109','12','(22) 99897-0451','MARCONDE DO REGO CABRAL ','1');

 INSERT INTO tabela_telefone VALUES('110','80','(22) 99958-0740','','1');

 INSERT INTO tabela_telefone VALUES('111','42','(22) 2527-6805','MANOEL EDSON KLEIN','1');

 INSERT INTO tabela_telefone VALUES('112','42','(22) 99812-4161','NILDA CÂNDIDA HOSTH KLEIN','1');

 INSERT INTO tabela_telefone VALUES('113','50','(22) 99905-7699','','1');

 INSERT INTO tabela_telefone VALUES('114','23','(22) 99774-8727','ESPOSA IRANI KLEIN','1');

 INSERT INTO tabela_telefone VALUES('115','62','(22) 99921-8852','LAIS MOREIRA CAVALCANTE','1');

 INSERT INTO tabela_telefone VALUES('116','63','(22) 99829-8971','THEREZINHA DA SILVEIRA TARDEM','1');

 INSERT INTO tabela_telefone VALUES('117','3','(22) 99816-4146','CARLOS ALBERTO','1');

 INSERT INTO tabela_telefone VALUES('118','14','(22) 99269-6995','JOSÉ OSMAIR BUSSINGER ','1');

 INSERT INTO tabela_telefone VALUES('119','15','(22) 99816-2338','CARLOS SCHUMACKER MAFORT','1');

 INSERT INTO tabela_telefone VALUES('120','15','(22) 2528-1246','CARLOS SCHUMACKER MAFORT','1');

 INSERT INTO tabela_telefone VALUES('121','15','(22) 99843-7620','ARLETE SCHUMACKER MAFORT','1');

 INSERT INTO tabela_telefone VALUES('122','15','(22) 9649-7119','GILMAR SCHUMACKER MAFORT ','1');

 INSERT INTO tabela_telefone VALUES('123','15','(22) 98157-8591','MARCOS SCHUMACKER MAFORT','1');

 INSERT INTO tabela_telefone VALUES('124','17','(22) 98156-1686','LÚCIA  (ESPOSA)','1');

 INSERT INTO tabela_telefone VALUES('125','17','(22) 99709-7808','DORVALINO BERNARDO DA SILVAEIRA (SÓ LIGAÇÃO)','1');

 INSERT INTO tabela_telefone VALUES('126','19','(22) 99820-2772','JAIR GRIPP (SÓ LIGAÇÃO) ','1');

 INSERT INTO tabela_telefone VALUES('127','19','(22) 98115-3883','JEFFERSON ALVES GRIPP (FILHO)','1');

 INSERT INTO tabela_telefone VALUES('128','19','(22) 99832-7634','LEONARDO ALVES GRIPP (FILHO)','1');

 INSERT INTO tabela_telefone VALUES('129','20','(22) 99222-9691',' JÉSSICA FAGUNDES','1');

 INSERT INTO tabela_telefone VALUES('130','20','(22) 98107-1714','KATIA DAS GRAÇAS ','1');

 INSERT INTO tabela_telefone VALUES('131','10','(22) 98374-4810','ALEXANDRE MAYER CARDINOT (FILHO)','1');

 INSERT INTO tabela_telefone VALUES('132','33','(22) 99221-9681','CAROLINE MARCHON','1');

 INSERT INTO tabela_telefone VALUES('133','33','(22) 99286-2665','ALICE MARCHON','1');

 INSERT INTO tabela_telefone VALUES('134','36','(22) 99888-5177','RENATO ANTONIO BUSSINGER','1');

 INSERT INTO tabela_telefone VALUES('135','47','(22) 99617-7167','CELSO DOS SANTOS','1');

 INSERT INTO tabela_telefone VALUES('136','47','(22) 99239-2675','SANDRA DOS SANTOS RAMOS','1');

 INSERT INTO tabela_telefone VALUES('137','36','(22) 99861-2770','LUZINETE OUVER','1');

 INSERT INTO tabela_telefone VALUES('138','28','(22) 99861-2770','VALTER OUVERNEY','1');

 INSERT INTO tabela_telefone VALUES('139','7','(21) 98997-8436','MARGARETH  BARROS MINEIRO','1');

 INSERT INTO tabela_telefone VALUES('140','1','(22) 99219-4727','MARIA ZILDA GAMA MAYER ','1');

 INSERT INTO tabela_telefone VALUES('141','1','(22) 99263-1002','VERA LUCIA GAMA MAYER','1');

 INSERT INTO tabela_telefone VALUES('142','32','(22) 99263-1439','MARCIO ANTÔNIO DUARTE MARCHON','1');

 INSERT INTO tabela_telefone VALUES('143','32','(22) 99803-9682','LEANDRO (ESPOSO DA RAFAELA)','1');

 INSERT INTO tabela_telefone VALUES('144','27','(22) 99957-8486','ANA PATRICIA DE JESUS TOBIAS','1');

 INSERT INTO tabela_telefone VALUES('145','64','(22) 99101-0732','JACIRA GONÇALVES DOS SANTOS','1');

 INSERT INTO tabela_telefone VALUES('146','4','(22) 99987-4919','MATHEUS CONSTANTINO (IRMÃO)','1');

 INSERT INTO tabela_telefone VALUES('147','70','(22) 99998-6776','PAULO HENRIQUE BOM','1');

 INSERT INTO tabela_telefone VALUES('148','70','(22) 99609-3509','LUIZ HENRIQUE BOM','1');

 INSERT INTO tabela_telefone VALUES('149','41','(22) 99957-1198','MARIO ERNANDES GRIPP','1');

 INSERT INTO tabela_telefone VALUES('150','42','(22) 99821-8052','EDSON PABLO HOSTH KLEIN ','1');

 INSERT INTO tabela_telefone VALUES('151','42','(22) 99214-4308','EDSON PABLO HOSTH KLEIN ','1');

 INSERT INTO tabela_telefone VALUES('152','12','(22) 99882-3737','WANDO DO REGO CABRAL (IRMÃO)','1');

 INSERT INTO tabela_telefone VALUES('153','71','(22) 99225-4220','','1');

 INSERT INTO tabela_telefone VALUES('154','74','(22) 99217-9188','','1');

 INSERT INTO tabela_telefone VALUES('155','113','(22) 99780-7539','','1');

 INSERT INTO tabela_telefone VALUES('156','109','(22) 99704-5793','','1');

 INSERT INTO tabela_telefone VALUES('157','112','(22) 99774-8227','','1');

 INSERT INTO tabela_telefone VALUES('158','108','(22) 99741-3198','CAROL FILHA ','1');

 INSERT INTO tabela_telefone VALUES('159','108','(22) 98825-4630','','1');

 INSERT INTO tabela_telefone VALUES('160','114','(22) 98879-2283','','1');

 INSERT INTO tabela_telefone VALUES('161','60','(22) 99788-9559','JULIANA  MARTINS (FILHA) ','1');

 INSERT INTO tabela_telefone VALUES('162','115','(21) 99978-9049','','1');

 INSERT INTO tabela_telefone VALUES('163','116','(22) 99972-1987','','1');

CREATE TABLE `tabela_tipopagamento` (
  `id` int(11) NOT NULL AUTO_INCREMENT,
  `tipoPagamento` varchar(100) NOT NULL,
  `ativo` tinyint(4) NOT NULL,
  PRIMARY KEY (`id`)
) ENGINE=InnoDB AUTO_INCREMENT=3 DEFAULT CHARSET=utf8mb4;

 INSERT INTO tabela_tipopagamento VALUES('1','CAIXA','1');

 INSERT INTO tabela_tipopagamento VALUES('2','BANCO','1');

CREATE TABLE `tabela_tiposepultura` (
  `id` int(11) NOT NULL AUTO_INCREMENT,
  `tipoSepultura` varchar(100) NOT NULL,
  `possuiGaveta` tinyint(4) NOT NULL,
  `ativo` tinyint(4) NOT NULL,
  PRIMARY KEY (`id`)
) ENGINE=InnoDB AUTO_INCREMENT=5 DEFAULT CHARSET=utf8mb4;

 INSERT INTO tabela_tiposepultura VALUES('1','COVA RASA','0','1');

 INSERT INTO tabela_tiposepultura VALUES('2','NICHO','0','1');

 INSERT INTO tabela_tiposepultura VALUES('3','OSSUÁRIO','0','1');

 INSERT INTO tabela_tiposepultura VALUES('4','JAZIGO','1','1');

